{"id":726951,"date":"2025-08-27T20:14:28","date_gmt":"2025-08-27T17:14:28","guid":{"rendered":"https:\/\/roveyayinevi.com.tr\/index.php\/urun\/denizler-altinda-20-000-fersah-2\/"},"modified":"2026-04-16T02:34:49","modified_gmt":"2026-04-15T23:34:49","slug":"denizler-altinda-20-000-fersah-2","status":"publish","type":"product","link":"https:\/\/roveyayinevi.com.tr\/index.php\/urun\/denizler-altinda-20-000-fersah-2\/","title":{"rendered":"Denizler Alt\u0131nda 20.000 Fersah"},"content":{"rendered":"<p>T\u00fcm d\u00fcnya, daha \u00f6nce hi\u00e7 g\u00f6r\u00fclmemi\u015f tuhaf ve korkutucu bir deniz canavar\u0131n\u0131 konu\u015fmaktad\u0131r. Do\u011fa bilimci Dr. Aronnax, bu konuyu ara\u015ft\u0131rmak i\u00e7in kurulan ekibe kat\u0131l\u0131r. \u00c7ok ge\u00e7meden herkesin canavar sand\u0131\u011f\u0131 \u015feyin, asl\u0131nda o \u00e7a\u011f\u0131n \u00e7ok ilerisinde bir teknolojiyle in\u015fa edilen Nautilus adl\u0131 bir denizalt\u0131 oldu\u011fu anla\u015f\u0131l\u0131r. Ard\u0131ndan karizmatik kaptan Nemo\u2019nun davetini kabul eder ve kuzeyden g\u00fcneye, bat\u0131dan do\u011fuya dola\u015farak d\u00fcnyay\u0131 bu kez suyun alt\u0131ndan izler.Jules Verne Denizler Alt\u0131nda 20.000 Fersah adl\u0131 roman\u0131yla bir kez daha her ya\u015ftan \u00e7ocu\u011fu, denizlerin gizemli d\u00fcnyas\u0131n\u0131 ke\u015ffetmeye \u00e7a\u011f\u0131r\u0131yor<\/p>\n","protected":false},"excerpt":{"rendered":"<p>T\u00fcm d\u00fcnya, daha \u00f6nce hi\u00e7 g\u00f6r\u00fclmemi\u015f tuhaf ve korkutucu bir deniz canavar\u0131n\u0131 konu\u015fmaktad\u0131r. Do\u011fa bilimci Dr. Aronnax, bu konuyu ara\u015ft\u0131rmak i\u00e7in kurulan ekibe kat\u0131l\u0131r. \u00c7ok ge\u00e7meden<span class=\"excerpt-hellip\"> [\u2026]<\/span><\/p>\n","protected":false},"featured_media":0,"template":"","meta":{"_monsterinsights_skip_tracking":false,"_monsterinsights_sitenote_active":false,"_monsterinsights_sitenote_note":"","_monsterinsights_sitenote_category":0},"product_brand":[],"product_cat":[12274,12631],"product_tag":[],"class_list":{"0":"post-726951","1":"product","2":"type-product","3":"status-publish","5":"product_cat-cocuk-ve-genclik-kitaplari","6":"product_cat-diger-cocuk-ve-genclik-kitaplari","7":"pa_cilt-ciltsiz","8":"pa_tur-kitap","9":"pa_yayinevi-turkuvaz-kitap","10":"pa_yazar-jules-verne","12":"first","13":"instock","14":"sale","15":"shipping-taxable","16":"purchasable","17":"product-type-simple"},"_links":{"self":[{"href":"https:\/\/roveyayinevi.com.tr\/index.php\/wp-json\/wp\/v2\/product\/726951","targetHints":{"allow":["GET"]}}],"collection":[{"href":"https:\/\/roveyayinevi.com.tr\/index.php\/wp-json\/wp\/v2\/product"}],"about":[{"href":"https:\/\/roveyayinevi.com.tr\/index.php\/wp-json\/wp\/v2\/types\/product"}],"wp:attachment":[{"href":"https:\/\/roveyayinevi.com.tr\/index.php\/wp-json\/wp\/v2\/media?parent=726951"}],"wp:term":[{"taxonomy":"product_brand","embeddable":true,"href":"https:\/\/roveyayinevi.com.tr\/index.php\/wp-json\/wp\/v2\/product_brand?post=726951"},{"taxonomy":"product_cat","embeddable":true,"href":"https:\/\/roveyayinevi.com.tr\/index.php\/wp-json\/wp\/v2\/product_cat?post=726951"},{"taxonomy":"product_tag","embeddable":true,"href":"https:\/\/roveyayinevi.com.tr\/index.php\/wp-json\/wp\/v2\/product_tag?post=726951"}],"curies":[{"name":"wp","href":"https:\/\/api.w.org\/{rel}","templated":true}]}}