{"id":726947,"date":"2025-08-27T20:14:25","date_gmt":"2025-08-27T17:14:25","guid":{"rendered":"https:\/\/roveyayinevi.com.tr\/index.php\/urun\/terapi-odasi-konulari\/"},"modified":"2026-04-16T02:34:49","modified_gmt":"2026-04-15T23:34:49","slug":"terapi-odasi-konulari","status":"publish","type":"product","link":"https:\/\/roveyayinevi.com.tr\/index.php\/urun\/terapi-odasi-konulari\/","title":{"rendered":"Terapi Odas\u0131 Konular\u0131"},"content":{"rendered":"<p>Bir Terapistin Odas\u0131nda En \u00c7ok Konu\u015fulanlar\u201cBu hayatta bir tek \u00f6l\u00fcme \u00e7are yoktur.Onun d\u0131\u015f\u0131nda her zaman bir yol daha vard\u0131r \u201d\u00c7aresiz hisseden, \u00fcst \u00fcste ya\u015fad\u0131\u011f\u0131 sorunlarla \u00e7\u0131kmaz bir yola girdi\u011fini d\u00fc\u015f\u00fcnen, ayn\u0131 d\u00fczlemde s\u0131k\u0131\u015fan ve \u00e7areyi yeni \u015feylerde arayan herkesin bir \u015fekilde kendini buldu\u011fu terapi odalar\u0131nda neler konu\u015fulur? \u0130\u00e7indeki kocaman bo\u015flu\u011fu dolduramayanlar, gitmeye cesaret edemeyenler, \u00e7\u00f6z\u00fclemeyen sorunlar\u0131n aras\u0131nda ac\u0131 i\u00e7inde \u00e7\u0131rp\u0131nanlar ve eksik duygusunun pe\u015finde ko\u015fanlar ne anlat\u0131rlar? Hayal k\u0131r\u0131kl\u0131klar\u0131 biriktiren, hayat\u0131 tek boyutlu yatay bir d\u00fczlemden ibaret sanan, \u00fc\u00e7\u00fcnc\u00fc boyutu g\u00f6zden ka\u00e7\u0131ran ve ba\u015far\u0131s\u0131z eylemlerinin alt\u0131nda ezilen herkesin kaderi ortak m\u0131? Herhangi bir nedenle ac\u0131 \u00e7eken sevdiklerinize destek olabilmeniz i\u00e7in ihtiyac\u0131n\u0131z olan her \u015feyi anlatan rehber niteli\u011findeki Psikolojik \u0130lk Yard\u0131m kitab\u0131n\u0131n yazar\u0131 Psikolog T\u00fclay K\u00f6k, bu defa terapi odas\u0131n\u0131n kap\u0131lar\u0131n\u0131 a\u00e7\u0131yor ve can havliyle kendinizi att\u0131\u011f\u0131n\u0131z o odada ya\u015fananlar\u0131 s\u00fczerek \u00f6nerilerde bulunuyor. Terapi Odas\u0131 Konular\u0131 ba\u015fucunuzdan eksik olmayacak, \u00e7\u0131kt\u0131\u011f\u0131n\u0131z \u015fifalanma ser\u00fcveninde size yol arkada\u015fl\u0131\u011f\u0131 edecek ve kaybetti\u011finizi sand\u0131\u011f\u0131n\u0131z umutlar\u0131n\u0131z\u0131 yeniden ye\u015fertecek. <\/p>\n","protected":false},"excerpt":{"rendered":"<p>Bir Terapistin Odas\u0131nda En \u00c7ok Konu\u015fulanlar\u201cBu hayatta bir tek \u00f6l\u00fcme \u00e7are yoktur.Onun d\u0131\u015f\u0131nda her zaman bir yol daha vard\u0131r \u201d\u00c7aresiz hisseden, \u00fcst \u00fcste ya\u015fad\u0131\u011f\u0131 sorunlarla \u00e7\u0131kmaz<span class=\"excerpt-hellip\"> [\u2026]<\/span><\/p>\n","protected":false},"featured_media":0,"template":"","meta":{"_monsterinsights_skip_tracking":false,"_monsterinsights_sitenote_active":false,"_monsterinsights_sitenote_note":"","_monsterinsights_sitenote_category":0},"product_brand":[],"product_cat":[12358,12357],"product_tag":[],"class_list":{"0":"post-726947","1":"product","2":"type-product","3":"status-publish","5":"product_cat-genel-psikoloji","6":"product_cat-psikoloji","7":"pa_cilt-ciltsiz","8":"pa_tur-kitap","9":"pa_yayinevi-okuyan-us-yayin","10":"pa_yazar-tulay-kok","12":"first","13":"instock","14":"sale","15":"shipping-taxable","16":"purchasable","17":"product-type-simple"},"_links":{"self":[{"href":"https:\/\/roveyayinevi.com.tr\/index.php\/wp-json\/wp\/v2\/product\/726947","targetHints":{"allow":["GET"]}}],"collection":[{"href":"https:\/\/roveyayinevi.com.tr\/index.php\/wp-json\/wp\/v2\/product"}],"about":[{"href":"https:\/\/roveyayinevi.com.tr\/index.php\/wp-json\/wp\/v2\/types\/product"}],"wp:attachment":[{"href":"https:\/\/roveyayinevi.com.tr\/index.php\/wp-json\/wp\/v2\/media?parent=726947"}],"wp:term":[{"taxonomy":"product_brand","embeddable":true,"href":"https:\/\/roveyayinevi.com.tr\/index.php\/wp-json\/wp\/v2\/product_brand?post=726947"},{"taxonomy":"product_cat","embeddable":true,"href":"https:\/\/roveyayinevi.com.tr\/index.php\/wp-json\/wp\/v2\/product_cat?post=726947"},{"taxonomy":"product_tag","embeddable":true,"href":"https:\/\/roveyayinevi.com.tr\/index.php\/wp-json\/wp\/v2\/product_tag?post=726947"}],"curies":[{"name":"wp","href":"https:\/\/api.w.org\/{rel}","templated":true}]}}