{"id":726943,"date":"2025-08-27T20:14:22","date_gmt":"2025-08-27T17:14:22","guid":{"rendered":"https:\/\/roveyayinevi.com.tr\/index.php\/urun\/nice-ninenin-zeytini\/"},"modified":"2026-04-16T02:34:49","modified_gmt":"2026-04-15T23:34:49","slug":"nice-ninenin-zeytini","status":"publish","type":"product","link":"https:\/\/roveyayinevi.com.tr\/index.php\/urun\/nice-ninenin-zeytini\/","title":{"rendered":"Nice Nine&#8217;nin Zeytini"},"content":{"rendered":"<p>Tek bir sabah, ayn\u0131 sabah\u0131 anlatan be\u015f \u00f6yk\u00fc\u2026   Nice Nine\u2019nin Zeytini d\u00fcnyan\u0131n sahibi oldu\u011funu zanneden insanl\u0131\u011f\u0131n ve zeytin a\u011fa\u00e7lar\u0131n\u0131 dostu bellemi\u015f insanlar\u0131n hik\u00e2yesi.   \u015eafak Okdemir, resimleriyle ak\u0131llardan \u00e7\u0131kmayacak bir m\u00fccadele anlat\u0131rken kendini kand\u0131ran insan\u0131n ac\u0131mas\u0131zl\u0131\u011f\u0131na d\u00fcnyan\u0131n ger\u00e7ek sahipleriyle dur diyor. <\/p>\n","protected":false},"excerpt":{"rendered":"<p>Tek bir sabah, ayn\u0131 sabah\u0131 anlatan be\u015f \u00f6yk\u00fc\u2026 Nice Nine\u2019nin Zeytini d\u00fcnyan\u0131n sahibi oldu\u011funu zanneden insanl\u0131\u011f\u0131n ve zeytin a\u011fa\u00e7lar\u0131n\u0131 dostu bellemi\u015f insanlar\u0131n hik\u00e2yesi. \u015eafak Okdemir, resimleriyle<span class=\"excerpt-hellip\"> [\u2026]<\/span><\/p>\n","protected":false},"featured_media":0,"template":"","meta":{"_monsterinsights_skip_tracking":false,"_monsterinsights_sitenote_active":false,"_monsterinsights_sitenote_note":"","_monsterinsights_sitenote_category":0},"product_brand":[],"product_cat":[12275,12274],"product_tag":[],"class_list":{"0":"post-726943","1":"product","2":"type-product","3":"status-publish","5":"product_cat-6-12-yas-kitaplari","6":"product_cat-cocuk-ve-genclik-kitaplari","7":"pa_cilt-ciltsiz","8":"pa_tur-kitap","9":"pa_yayinevi-cinar-yayinlari","10":"pa_yazar-safak-okdemir","12":"first","13":"instock","14":"sale","15":"shipping-taxable","16":"purchasable","17":"product-type-simple"},"_links":{"self":[{"href":"https:\/\/roveyayinevi.com.tr\/index.php\/wp-json\/wp\/v2\/product\/726943","targetHints":{"allow":["GET"]}}],"collection":[{"href":"https:\/\/roveyayinevi.com.tr\/index.php\/wp-json\/wp\/v2\/product"}],"about":[{"href":"https:\/\/roveyayinevi.com.tr\/index.php\/wp-json\/wp\/v2\/types\/product"}],"wp:attachment":[{"href":"https:\/\/roveyayinevi.com.tr\/index.php\/wp-json\/wp\/v2\/media?parent=726943"}],"wp:term":[{"taxonomy":"product_brand","embeddable":true,"href":"https:\/\/roveyayinevi.com.tr\/index.php\/wp-json\/wp\/v2\/product_brand?post=726943"},{"taxonomy":"product_cat","embeddable":true,"href":"https:\/\/roveyayinevi.com.tr\/index.php\/wp-json\/wp\/v2\/product_cat?post=726943"},{"taxonomy":"product_tag","embeddable":true,"href":"https:\/\/roveyayinevi.com.tr\/index.php\/wp-json\/wp\/v2\/product_tag?post=726943"}],"curies":[{"name":"wp","href":"https:\/\/api.w.org\/{rel}","templated":true}]}}