{"id":726932,"date":"2025-08-27T20:14:12","date_gmt":"2025-08-27T17:14:12","guid":{"rendered":"https:\/\/roveyayinevi.com.tr\/index.php\/urun\/secme-oyunlar\/"},"modified":"2026-04-16T02:34:48","modified_gmt":"2026-04-15T23:34:48","slug":"secme-oyunlar","status":"publish","type":"product","link":"https:\/\/roveyayinevi.com.tr\/index.php\/urun\/secme-oyunlar\/","title":{"rendered":"Se\u00e7me Oyunlar"},"content":{"rendered":"<p>2005 y\u0131l\u0131nda Nobel Edebiyat \u00d6d\u00fcl\u00fc\u2019n\u00fc kazanan d\u00fcnyaca \u00fcnl\u00fc oyun yazar\u0131 Harold Pinter\u2019\u0131n, ilk yazd\u0131\u011f\u0131 oyundan itibaren kariyerinde birer e\u015fik say\u0131labilecek oyunlar\u0131ndan bir se\u00e7ki. T\u00fcm d\u00fcnyada oldu\u011fu gibi T\u00fcrkiye\u2019de de \u00e7ok sevilmi\u015f, \u00e7ok\u00e7a oynanm\u0131\u015f, gerek amat\u00f6r gerekse profesyonel tiyatro ge\u00e7mi\u015fimizde tart\u0131\u015fmas\u0131z \u00f6nemli bir yer tutan ustaya bir selam.\u201cE\u011fer d\u00fcnyaya s\u00f6yleyecek bir \u015feyiniz varsa, o halde oyununuzu sadece birka\u00e7 bin ki\u015finin izleyebilecek olmas\u0131 sizi \u00fczer. \u00d6yleyse ba\u015fka bir \u015fey yapmal\u0131s\u0131n\u0131z. Bir din \u00f6\u011fretmeni olmal\u0131s\u0131n\u0131z, ya da belki bir siyaset\u00e7i. Fakat e\u011fer d\u00fcnyaya belli bir mesaj\u0131 do\u011frudan ve a\u00e7\u0131k se\u00e7ik bi\u00e7imde vermek istemiyorsan\u0131z, sadece yazmaya devam edersiniz ve bu size pek\u00e2l\u00e2 yeter.Birinin s\u0131rf benim oyunlar\u0131m\u0131 izlemek i\u00e7in kalk\u0131p gelmesi beni hep \u015fa\u015f\u0131rtt\u0131, \u00e7\u00fcnk\u00fc o oyunlar\u0131 yazmak \u00e7ok \u00f6znel bir i\u015fti. Kendi yarar\u0131ma yazd\u0131m ve yazmaya da devam ediyorum; bir ba\u015fkas\u0131n\u0131n gelip dahil olmas\u0131 tamamen bir tesad\u00fcf. \u0130lk ve son olarak, en ba\u015f\u0131ndan beri, yaz\u0131yorum \u00e7\u00fcnk\u00fc yazmak istedi\u011fim, yazmak zorunda oldu\u011fum bir \u015fey var. Kendim i\u00e7in.\u201dHarold Pinter<\/p>\n","protected":false},"excerpt":{"rendered":"<p>2005 y\u0131l\u0131nda Nobel Edebiyat \u00d6d\u00fcl\u00fc\u2019n\u00fc kazanan d\u00fcnyaca \u00fcnl\u00fc oyun yazar\u0131 Harold Pinter\u2019\u0131n, ilk yazd\u0131\u011f\u0131 oyundan itibaren kariyerinde birer e\u015fik say\u0131labilecek oyunlar\u0131ndan bir se\u00e7ki. T\u00fcm d\u00fcnyada oldu\u011fu<span class=\"excerpt-hellip\"> [\u2026]<\/span><\/p>\n","protected":false},"featured_media":0,"template":"","meta":{"_monsterinsights_skip_tracking":false,"_monsterinsights_sitenote_active":false,"_monsterinsights_sitenote_note":"","_monsterinsights_sitenote_category":0},"product_brand":[],"product_cat":[12291,12332],"product_tag":[],"class_list":{"0":"post-726932","1":"product","2":"type-product","3":"status-publish","5":"product_cat-edebiyat","6":"product_cat-senaryo","7":"pa_cilt-ciltsiz","8":"pa_tur-kitap","9":"pa_yayinevi-kirmizi-kedi-yayinevi","10":"pa_yazar-harold-pinter","12":"first","13":"instock","14":"sale","15":"shipping-taxable","16":"purchasable","17":"product-type-simple"},"_links":{"self":[{"href":"https:\/\/roveyayinevi.com.tr\/index.php\/wp-json\/wp\/v2\/product\/726932","targetHints":{"allow":["GET"]}}],"collection":[{"href":"https:\/\/roveyayinevi.com.tr\/index.php\/wp-json\/wp\/v2\/product"}],"about":[{"href":"https:\/\/roveyayinevi.com.tr\/index.php\/wp-json\/wp\/v2\/types\/product"}],"wp:attachment":[{"href":"https:\/\/roveyayinevi.com.tr\/index.php\/wp-json\/wp\/v2\/media?parent=726932"}],"wp:term":[{"taxonomy":"product_brand","embeddable":true,"href":"https:\/\/roveyayinevi.com.tr\/index.php\/wp-json\/wp\/v2\/product_brand?post=726932"},{"taxonomy":"product_cat","embeddable":true,"href":"https:\/\/roveyayinevi.com.tr\/index.php\/wp-json\/wp\/v2\/product_cat?post=726932"},{"taxonomy":"product_tag","embeddable":true,"href":"https:\/\/roveyayinevi.com.tr\/index.php\/wp-json\/wp\/v2\/product_tag?post=726932"}],"curies":[{"name":"wp","href":"https:\/\/api.w.org\/{rel}","templated":true}]}}