{"id":726914,"date":"2025-08-27T20:13:58","date_gmt":"2025-08-27T17:13:58","guid":{"rendered":"https:\/\/roveyayinevi.com.tr\/index.php\/urun\/bir-masal-iyi-gelir\/"},"modified":"2026-04-16T02:34:48","modified_gmt":"2026-04-15T23:34:48","slug":"bir-masal-iyi-gelir","status":"publish","type":"product","link":"https:\/\/roveyayinevi.com.tr\/index.php\/urun\/bir-masal-iyi-gelir\/","title":{"rendered":"Bir Masal \u0130yi Gelir"},"content":{"rendered":"<p>Yeni bir yola \u00e7\u0131karken, hayal kurarken, zor g\u00fcnler ya\u015farken, karar vermen gerekirken, dinlenirken, tohum ekerken, beklerken, bir d\u00f6nemi sonland\u0131r\u0131rken, yeni bir sayfa a\u00e7arken bir masal iyi gelir! Bu kitapta, her g\u00fcn\u00fcne ilham \u00fcfleyecek 99 masal bulacaks\u0131n. Bir mola vermek istedi\u011finde kitaptaki masallar, mesajlar, sorular ve al\u0131nt\u0131lar, kalbine bakmak i\u00e7in yol g\u00f6sterecek. Haydi hi\u00e7 beklemeden oyuna ba\u015fla, kitab\u0131 a\u00e7, bir masal se\u00e7, kalbine d\u00f6n, dinle.<\/p>\n","protected":false},"excerpt":{"rendered":"<p>Yeni bir yola \u00e7\u0131karken, hayal kurarken, zor g\u00fcnler ya\u015farken, karar vermen gerekirken, dinlenirken, tohum ekerken, beklerken, bir d\u00f6nemi sonland\u0131r\u0131rken, yeni bir sayfa a\u00e7arken bir masal iyi<span class=\"excerpt-hellip\"> [\u2026]<\/span><\/p>\n","protected":false},"featured_media":0,"template":"","meta":{"_monsterinsights_skip_tracking":false,"_monsterinsights_sitenote_active":false,"_monsterinsights_sitenote_note":"","_monsterinsights_sitenote_category":0},"product_brand":[],"product_cat":[12291,18202],"product_tag":[],"class_list":{"0":"post-726914","1":"product","2":"type-product","3":"status-publish","5":"product_cat-edebiyat","6":"product_cat-hikaye","7":"pa_cilt-ciltsiz","8":"pa_tur-kitap","9":"pa_yayinevi-destek-yayinlari","10":"pa_yazar-judith-malika-liberman","12":"first","13":"instock","14":"sale","15":"shipping-taxable","16":"purchasable","17":"product-type-simple"},"_links":{"self":[{"href":"https:\/\/roveyayinevi.com.tr\/index.php\/wp-json\/wp\/v2\/product\/726914","targetHints":{"allow":["GET"]}}],"collection":[{"href":"https:\/\/roveyayinevi.com.tr\/index.php\/wp-json\/wp\/v2\/product"}],"about":[{"href":"https:\/\/roveyayinevi.com.tr\/index.php\/wp-json\/wp\/v2\/types\/product"}],"wp:attachment":[{"href":"https:\/\/roveyayinevi.com.tr\/index.php\/wp-json\/wp\/v2\/media?parent=726914"}],"wp:term":[{"taxonomy":"product_brand","embeddable":true,"href":"https:\/\/roveyayinevi.com.tr\/index.php\/wp-json\/wp\/v2\/product_brand?post=726914"},{"taxonomy":"product_cat","embeddable":true,"href":"https:\/\/roveyayinevi.com.tr\/index.php\/wp-json\/wp\/v2\/product_cat?post=726914"},{"taxonomy":"product_tag","embeddable":true,"href":"https:\/\/roveyayinevi.com.tr\/index.php\/wp-json\/wp\/v2\/product_tag?post=726914"}],"curies":[{"name":"wp","href":"https:\/\/api.w.org\/{rel}","templated":true}]}}