{"id":726913,"date":"2025-08-27T20:13:57","date_gmt":"2025-08-27T17:13:57","guid":{"rendered":"https:\/\/roveyayinevi.com.tr\/index.php\/urun\/askin-kimyasi\/"},"modified":"2026-04-16T02:34:48","modified_gmt":"2026-04-15T23:34:48","slug":"askin-kimyasi","status":"publish","type":"product","link":"https:\/\/roveyayinevi.com.tr\/index.php\/urun\/askin-kimyasi\/","title":{"rendered":"A\u015fk\u0131n Kimyas\u0131"},"content":{"rendered":"<p>A\u015eK\u2019\u0131n Antropolojik, Evrimsel, Psikolojik ve Biyolojik \u0130ncelemesi A\u015fk bir durumdur, bozukluk de\u011fil. Neredeyse her insan\u0131n ya\u015fad\u0131\u011f\u0131, zaman zaman kendini i\u00e7inde buldu\u011fu bir haldir. Ancak yayg\u0131nl\u0131\u011f\u0131na ra\u011fmen, bir\u00e7ok insan i\u00e7in a\u015fk ac\u0131l\u0131, kederli ve kayg\u0131l\u0131 bir s\u00fcre\u00e7tir. \u0130\u015fte tam da bu nedenle, yap\u0131s\u0131nda \u201cbozulma\u201d potansiyeli ta\u015f\u0131d\u0131\u011f\u0131 s\u00f6ylenebilir. A\u015fk bir bozukluk de\u011filse de, insan\u0131n normali de de\u011fildir. Yani insan \u00e2\u015f\u0131kken, biyolojik olarak normali d\u0131\u015f\u0131nda, farkl\u0131l\u0131k g\u00f6sterir. S\u00f6z konusu bu biyolojik fark, psikolojik, davran\u0131\u015fsal, fizyolojik ve bili\u015fsel farkl\u0131l\u0131klara da yol a\u00e7ar ku\u015fkusuz. \u201c\u00c2\u015f\u0131k bir insan, tam olarak kendinde de\u011fildir, yarg\u0131lama yetisi bozulmu\u015ftur!\u201d demek hi\u00e7 de yanl\u0131\u015f bir tarif olmaz. Bu nedenle \u00e2\u015f\u0131k ki\u015fi, \u00e7e\u015fitli istenmeyen durumlara a\u00e7\u0131k ve duyarl\u0131 hale gelebilir. A\u015fk\u0131 zor hale getiren bir di\u011fer \u00f6zelli\u011fi de istemli cereyan ediyor olmamas\u0131d\u0131r. A\u015fk, kontrol edebilece\u011finiz, \u201cGelsin gitsin, ba\u015flas\u0131n bitsin!\u201d diyebilece\u011finiz bir s\u00fcre\u00e7 de de\u011fildir. Prof. Dr. \u00d6zg\u00fcr \u00d6ner\u2019in kaleme ald\u0131\u011f\u0131 A\u015eKIN K\u0130MYASI evrimsel, kimyasal, psikolojik, antropolojik, biyolojik, sosyolojik ve evrensel a\u00e7\u0131dan a\u015fk hakk\u0131nda yaz\u0131lm\u0131\u015f en kapsaml\u0131 ve \u00e7ok boyutlu bir kaynak&#8230; Prof. Dr. \u00d6zg\u00fcr \u00d6ner, \u015fu ana kadar 70\u2019in \u00fcst\u00fcnde uluslararas\u0131 bilimsel yay\u0131n yapm\u0131\u015f, yerli ve yabanc\u0131 kitaplarda b\u00f6l\u00fcmler yazm\u0131\u015f, kendi alan\u0131nda bir\u00e7ok bilimsel \u00f6d\u00fcl alm\u0131\u015ft\u0131r. \u00d6ner; kayg\u0131 bozuklu\u011fu, dikkat eksikli\u011fi ve hiperaktivite bozuklu\u011fu, yeme bozukluklar\u0131, davran\u0131\u015f bozukluklar\u0131, tik bozukluklar\u0131, ki\u015filik bozukluklar\u0131, depresyon, sosyal ili\u015fki sorunlar\u0131, \u00f6\u011frenme sorunlar\u0131, madde kullan\u0131m\u0131 gibi psikiyatrik sorunlarda \u00e7ocuk, ergen ve yeti\u015fkinlere dan\u0131\u015fmanl\u0131k vermekte, bireysel, aile ve grup terapileri yapmaktad\u0131r.<\/p>\n","protected":false},"excerpt":{"rendered":"<p>A\u015eK\u2019\u0131n Antropolojik, Evrimsel, Psikolojik ve Biyolojik \u0130ncelemesi A\u015fk bir durumdur, bozukluk de\u011fil. Neredeyse her insan\u0131n ya\u015fad\u0131\u011f\u0131, zaman zaman kendini i\u00e7inde buldu\u011fu bir haldir. Ancak yayg\u0131nl\u0131\u011f\u0131na ra\u011fmen,<span class=\"excerpt-hellip\"> [\u2026]<\/span><\/p>\n","protected":false},"featured_media":0,"template":"","meta":{"_monsterinsights_skip_tracking":false,"_monsterinsights_sitenote_active":false,"_monsterinsights_sitenote_note":"","_monsterinsights_sitenote_category":0},"product_brand":[],"product_cat":[12358,12357],"product_tag":[],"class_list":{"0":"post-726913","1":"product","2":"type-product","3":"status-publish","5":"product_cat-genel-psikoloji","6":"product_cat-psikoloji","7":"pa_cilt-ciltsiz","8":"pa_tur-kitap","9":"pa_yayinevi-destek-yayinlari","10":"pa_yazar-ozgur-oner","12":"first","13":"instock","14":"sale","15":"shipping-taxable","16":"purchasable","17":"product-type-simple"},"_links":{"self":[{"href":"https:\/\/roveyayinevi.com.tr\/index.php\/wp-json\/wp\/v2\/product\/726913","targetHints":{"allow":["GET"]}}],"collection":[{"href":"https:\/\/roveyayinevi.com.tr\/index.php\/wp-json\/wp\/v2\/product"}],"about":[{"href":"https:\/\/roveyayinevi.com.tr\/index.php\/wp-json\/wp\/v2\/types\/product"}],"wp:attachment":[{"href":"https:\/\/roveyayinevi.com.tr\/index.php\/wp-json\/wp\/v2\/media?parent=726913"}],"wp:term":[{"taxonomy":"product_brand","embeddable":true,"href":"https:\/\/roveyayinevi.com.tr\/index.php\/wp-json\/wp\/v2\/product_brand?post=726913"},{"taxonomy":"product_cat","embeddable":true,"href":"https:\/\/roveyayinevi.com.tr\/index.php\/wp-json\/wp\/v2\/product_cat?post=726913"},{"taxonomy":"product_tag","embeddable":true,"href":"https:\/\/roveyayinevi.com.tr\/index.php\/wp-json\/wp\/v2\/product_tag?post=726913"}],"curies":[{"name":"wp","href":"https:\/\/api.w.org\/{rel}","templated":true}]}}