{"id":726912,"date":"2025-08-27T20:13:57","date_gmt":"2025-08-27T17:13:57","guid":{"rendered":"https:\/\/roveyayinevi.com.tr\/index.php\/urun\/zihin-kontrolu-2\/"},"modified":"2026-04-16T02:34:48","modified_gmt":"2026-04-15T23:34:48","slug":"zihin-kontrolu-2","status":"publish","type":"product","link":"https:\/\/roveyayinevi.com.tr\/index.php\/urun\/zihin-kontrolu-2\/","title":{"rendered":"Zihin Kontrol\u00fc"},"content":{"rendered":"<p>Parapsikoloji nedir? NSA binlerce insan\u0131n ki\u015fisel beyin haritalar\u0131n\u0131 neden kaydedip \u015fifreliyor? Bir istihbarat \u00f6rg\u00fct\u00fc,g\u00f6nderdi\u011fi kodlanm\u0131\u015f radyo frekanslar\u0131ndaki dalgalar ile bilgisayar\u0131n\u0131za girebilir mi, bilgisayar\u0131n\u0131zdaki verileri de\u011fi\u015ftirebilir mi? Nazi karargah\u0131nda Tibetli rahiplerin ne i\u015fi vard\u0131? Hitler\u2019le ba\u011flant\u0131lar\u0131 neydi? Kendisini \u00f6nceden belirlenmi\u015f bir gelece\u011fin uygulay\u0131c\u0131s\u0131 g\u00f6ren lider kim? Uzaktan kullan\u0131lan ve d\u00fc\u015f\u00fck psikolojik bozukluklardan \u00f6l\u00fcme kadar etkilere sahip silahlar\u0131 kimler, neden \u00fcretiyor? D\u00fcnyan\u0131n enerji alanlar\u0131 ile oynayarak insan beyni kontrol alt\u0131na al\u0131nabilir mi? Biz g\u00fcnl\u00fck ya\u015fam\u0131n ko\u015fu\u015fturmas\u0131na kendimizi kapt\u0131rm\u0131\u015f giderken; teknoloji ile ili\u015fkimiz elimizdeki cep telefonu, evimizdeki beyaz e\u015fyalar, kulland\u0131\u011f\u0131m\u0131z tablet ve bilgisayarlar ve varsa modelli ara\u00e7lar\u0131m\u0131zdan ibaretken d\u00fcnyay\u0131 y\u00f6neten derin g\u00fc\u00e7lerin neler yapt\u0131\u011f\u0131n\u0131 merak ediyorsan\u0131z bu kitab\u0131 okumal\u0131s\u0131n\u0131z. <\/p>\n","protected":false},"excerpt":{"rendered":"<p>Parapsikoloji nedir? NSA binlerce insan\u0131n ki\u015fisel beyin haritalar\u0131n\u0131 neden kaydedip \u015fifreliyor? Bir istihbarat \u00f6rg\u00fct\u00fc,g\u00f6nderdi\u011fi kodlanm\u0131\u015f radyo frekanslar\u0131ndaki dalgalar ile bilgisayar\u0131n\u0131za girebilir mi, bilgisayar\u0131n\u0131zdaki verileri de\u011fi\u015ftirebilir mi?<span class=\"excerpt-hellip\"> [\u2026]<\/span><\/p>\n","protected":false},"featured_media":0,"template":"","meta":{"_monsterinsights_skip_tracking":false,"_monsterinsights_sitenote_active":false,"_monsterinsights_sitenote_note":"","_monsterinsights_sitenote_category":0},"product_brand":[],"product_cat":[12312,12304],"product_tag":[],"class_list":{"0":"post-726912","1":"product","2":"type-product","3":"status-publish","5":"product_cat-diger","6":"product_cat-tarih","7":"pa_cilt-ciltsiz","8":"pa_tur-kitap","9":"pa_yayinevi-cinaralti-yayinlari","10":"pa_yazar-ismail-corbaci","12":"first","13":"instock","14":"sale","15":"shipping-taxable","16":"purchasable","17":"product-type-simple"},"_links":{"self":[{"href":"https:\/\/roveyayinevi.com.tr\/index.php\/wp-json\/wp\/v2\/product\/726912","targetHints":{"allow":["GET"]}}],"collection":[{"href":"https:\/\/roveyayinevi.com.tr\/index.php\/wp-json\/wp\/v2\/product"}],"about":[{"href":"https:\/\/roveyayinevi.com.tr\/index.php\/wp-json\/wp\/v2\/types\/product"}],"wp:attachment":[{"href":"https:\/\/roveyayinevi.com.tr\/index.php\/wp-json\/wp\/v2\/media?parent=726912"}],"wp:term":[{"taxonomy":"product_brand","embeddable":true,"href":"https:\/\/roveyayinevi.com.tr\/index.php\/wp-json\/wp\/v2\/product_brand?post=726912"},{"taxonomy":"product_cat","embeddable":true,"href":"https:\/\/roveyayinevi.com.tr\/index.php\/wp-json\/wp\/v2\/product_cat?post=726912"},{"taxonomy":"product_tag","embeddable":true,"href":"https:\/\/roveyayinevi.com.tr\/index.php\/wp-json\/wp\/v2\/product_tag?post=726912"}],"curies":[{"name":"wp","href":"https:\/\/api.w.org\/{rel}","templated":true}]}}