{"id":726903,"date":"2025-08-27T20:13:49","date_gmt":"2025-08-27T17:13:49","guid":{"rendered":"https:\/\/roveyayinevi.com.tr\/index.php\/urun\/derin-suikastler\/"},"modified":"2026-04-16T02:34:48","modified_gmt":"2026-04-15T23:34:48","slug":"derin-suikastler","status":"publish","type":"product","link":"https:\/\/roveyayinevi.com.tr\/index.php\/urun\/derin-suikastler\/","title":{"rendered":"Derin Suikastler"},"content":{"rendered":"<p>Uzaktan ses ve g\u00f6r\u00fcnt\u00fcye maruz b\u0131rakarak cinayet i\u015flenebilir mi? Ses ve g\u00f6r\u00fcnt\u00fc ile m\u00fcdahale edilerek u\u00e7aklar d\u00fc\u015f\u00fcr\u00fclebilir mi? ASELSAN cinayetleri nas\u0131l i\u015flendi? Muhsin Yaz\u0131c\u0131o\u011flu, Turgut \u00d6zal, Recep Yaz\u0131c\u0131o\u011flu, E\u015fref Bitlis, Adnan Kahveci, U\u011fur Mumcu nas\u0131l \u00f6ld\u00fcr\u00fcld\u00fcler? Ger\u00e7ekte, Susurluk\u2019ta kamyon devlete mi \u00e7arpm\u0131\u015ft\u0131r? \u0130srail Ba\u015fbakan\u0131 \u0130zak Rabin neden \u00f6ld\u00fcr\u00fcld\u00fc? Trabzon Mebusu Ali \u015e\u00fckr\u00fc Bey\u2019i kim \u00f6ld\u00fcrd\u00fc? Abraham Lincoln ve John F. Kennedy cinayetlerindeki esrarengiz benzerlikler neler? D\u00fcnyay\u0131 de\u011fi\u015ftirmek i\u00e7in yap\u0131lan daha bir\u00e7ok suikasti ve arka plan\u0131nda olup bitenleri merak ediyorsan\u0131z bu kitab\u0131 okumal\u0131s\u0131n\u0131z. <\/p>\n","protected":false},"excerpt":{"rendered":"<p>Uzaktan ses ve g\u00f6r\u00fcnt\u00fcye maruz b\u0131rakarak cinayet i\u015flenebilir mi? Ses ve g\u00f6r\u00fcnt\u00fc ile m\u00fcdahale edilerek u\u00e7aklar d\u00fc\u015f\u00fcr\u00fclebilir mi? ASELSAN cinayetleri nas\u0131l i\u015flendi? Muhsin Yaz\u0131c\u0131o\u011flu, Turgut \u00d6zal,<span class=\"excerpt-hellip\"> [\u2026]<\/span><\/p>\n","protected":false},"featured_media":0,"template":"","meta":{"_monsterinsights_skip_tracking":false,"_monsterinsights_sitenote_active":false,"_monsterinsights_sitenote_note":"","_monsterinsights_sitenote_category":0},"product_brand":[],"product_cat":[12312,12304],"product_tag":[],"class_list":{"0":"post-726903","1":"product","2":"type-product","3":"status-publish","5":"product_cat-diger","6":"product_cat-tarih","7":"pa_cilt-ciltsiz","8":"pa_tur-kitap","9":"pa_yayinevi-cinaralti-yayinlari","10":"pa_yazar-ismail-corbaci","12":"first","13":"instock","14":"sale","15":"shipping-taxable","16":"purchasable","17":"product-type-simple"},"_links":{"self":[{"href":"https:\/\/roveyayinevi.com.tr\/index.php\/wp-json\/wp\/v2\/product\/726903","targetHints":{"allow":["GET"]}}],"collection":[{"href":"https:\/\/roveyayinevi.com.tr\/index.php\/wp-json\/wp\/v2\/product"}],"about":[{"href":"https:\/\/roveyayinevi.com.tr\/index.php\/wp-json\/wp\/v2\/types\/product"}],"wp:attachment":[{"href":"https:\/\/roveyayinevi.com.tr\/index.php\/wp-json\/wp\/v2\/media?parent=726903"}],"wp:term":[{"taxonomy":"product_brand","embeddable":true,"href":"https:\/\/roveyayinevi.com.tr\/index.php\/wp-json\/wp\/v2\/product_brand?post=726903"},{"taxonomy":"product_cat","embeddable":true,"href":"https:\/\/roveyayinevi.com.tr\/index.php\/wp-json\/wp\/v2\/product_cat?post=726903"},{"taxonomy":"product_tag","embeddable":true,"href":"https:\/\/roveyayinevi.com.tr\/index.php\/wp-json\/wp\/v2\/product_tag?post=726903"}],"curies":[{"name":"wp","href":"https:\/\/api.w.org\/{rel}","templated":true}]}}