{"id":726895,"date":"2025-08-27T20:13:43","date_gmt":"2025-08-27T17:13:43","guid":{"rendered":"https:\/\/roveyayinevi.com.tr\/index.php\/urun\/essiz\/"},"modified":"2026-04-16T02:34:47","modified_gmt":"2026-04-15T23:34:47","slug":"essiz","status":"publish","type":"product","link":"https:\/\/roveyayinevi.com.tr\/index.php\/urun\/essiz\/","title":{"rendered":"E\u015fsiz"},"content":{"rendered":"<p>Ait hissetmedi\u011fi bir evde, yasaklar a\u015f\u0131layan bir babayla ve yapt\u0131\u011f\u0131 hatalar\u0131, sorumluluklar\u0131n\u0131 s\u0131rtlayamayan annesinin g\u00f6lgesinde b\u00fcy\u00fcyen bir \u00e7ocuktur \u00c7ak\u0131l. Ya\u015fayamad\u0131\u011f\u0131 \u00e7ocukluk nedeniyle hayatta hep yalpalamaktayd\u0131. Kanayan dizlerini \u00f6rtmek dert de\u011fildi de ruhunun k\u0131r\u0131k k\u0131s\u0131mlar\u0131n\u0131 tamir etmek onun i\u00e7in neredeyse imk\u00e2ns\u0131zd\u0131. Ta ki\u2026 As\u0131l imk\u00e2ns\u0131zl\u0131\u011f\u0131yla tan\u0131\u015fana dek.   \u0130\u00e7indeki b\u00fcy\u00fcmeye yemin etmi\u015f k\u00fc\u00e7\u00fck k\u0131z, ailesinin a\u00e7t\u0131\u011f\u0131 yaralara ra\u011fmen ona umut a\u015f\u0131layan kahraman\u0131n\u0131 gizlice ke\u015ffetmi\u015fti. Ve onlar\u0131n hik\u00e2yesi bir \u201cMerhaba\u201d ile de\u011fil de alt\u0131 y\u0131l boyunca s\u00fcren sessizliklerinin \u015ferefine ba\u015flam\u0131\u015ft\u0131.   \u00c7ak\u0131l, nefesini kesen kurallar\u0131n ard\u0131nda m\u0131 savrulup duracak yoksa ald\u0131\u011f\u0131 her nefesin imk\u00e2ns\u0131zl\u0131klar\u0131n bile \u00fcst\u00fcne gidecek g\u00fc\u00e7te oldu\u011funu ke\u015ffetmesine neden olan kahraman\u0131na m\u0131 yakla\u015facak? Ya kahraman\u0131 yaln\u0131z de\u011filse? Kendisiyle birlikte belay\u0131 da yan\u0131nda getirdiyse ne olacak? \u00c7ak\u0131l ya\u015f\u0131na b\u00fcy\u00fck gelen sorumluluklardan annesi gibi ka\u00e7acak m\u0131, yoksa sevginin g\u00fcc\u00fcyle hayat\u0131n getirdiklerini g\u00f6\u011f\u00fcsleyecek mi? Peki, hayat neler getirmi\u015fti? <\/p>\n","protected":false},"excerpt":{"rendered":"<p>Ait hissetmedi\u011fi bir evde, yasaklar a\u015f\u0131layan bir babayla ve yapt\u0131\u011f\u0131 hatalar\u0131, sorumluluklar\u0131n\u0131 s\u0131rtlayamayan annesinin g\u00f6lgesinde b\u00fcy\u00fcyen bir \u00e7ocuktur \u00c7ak\u0131l. Ya\u015fayamad\u0131\u011f\u0131 \u00e7ocukluk nedeniyle hayatta hep yalpalamaktayd\u0131. Kanayan<span class=\"excerpt-hellip\"> [\u2026]<\/span><\/p>\n","protected":false},"featured_media":0,"template":"","meta":{"_monsterinsights_skip_tracking":false,"_monsterinsights_sitenote_active":false,"_monsterinsights_sitenote_note":"","_monsterinsights_sitenote_category":0},"product_brand":[],"product_cat":[12291,12711],"product_tag":[],"class_list":{"0":"post-726895","1":"product","2":"type-product","3":"status-publish","5":"product_cat-edebiyat","6":"product_cat-roman-oyku","7":"pa_cilt-ciltsiz","8":"pa_tur-kitap","9":"pa_yayinevi-muptela-yayinevi","10":"pa_yazar-elcin-esin","12":"first","13":"instock","14":"sale","15":"shipping-taxable","16":"purchasable","17":"product-type-simple"},"_links":{"self":[{"href":"https:\/\/roveyayinevi.com.tr\/index.php\/wp-json\/wp\/v2\/product\/726895","targetHints":{"allow":["GET"]}}],"collection":[{"href":"https:\/\/roveyayinevi.com.tr\/index.php\/wp-json\/wp\/v2\/product"}],"about":[{"href":"https:\/\/roveyayinevi.com.tr\/index.php\/wp-json\/wp\/v2\/types\/product"}],"wp:attachment":[{"href":"https:\/\/roveyayinevi.com.tr\/index.php\/wp-json\/wp\/v2\/media?parent=726895"}],"wp:term":[{"taxonomy":"product_brand","embeddable":true,"href":"https:\/\/roveyayinevi.com.tr\/index.php\/wp-json\/wp\/v2\/product_brand?post=726895"},{"taxonomy":"product_cat","embeddable":true,"href":"https:\/\/roveyayinevi.com.tr\/index.php\/wp-json\/wp\/v2\/product_cat?post=726895"},{"taxonomy":"product_tag","embeddable":true,"href":"https:\/\/roveyayinevi.com.tr\/index.php\/wp-json\/wp\/v2\/product_tag?post=726895"}],"curies":[{"name":"wp","href":"https:\/\/api.w.org\/{rel}","templated":true}]}}