{"id":726893,"date":"2025-08-27T20:13:41","date_gmt":"2025-08-27T17:13:41","guid":{"rendered":"https:\/\/roveyayinevi.com.tr\/index.php\/urun\/geekerella-kutu-seti-ciltli\/"},"modified":"2026-04-16T02:34:47","modified_gmt":"2026-04-15T23:34:47","slug":"geekerella-kutu-seti-ciltli","status":"publish","type":"product","link":"https:\/\/roveyayinevi.com.tr\/index.php\/urun\/geekerella-kutu-seti-ciltli\/","title":{"rendered":"Geekerella Kutu Seti (Ciltli)"},"content":{"rendered":"<p>\u201cMutlu sonlar\u0131n ve hayran k\u00fclt\u00fcr\u00fcn\u00fcn kesi\u015fimi.\u201d  \u2014Publishers Weekly   \u201cE\u011fer muzip, b\u00fcy\u00fcleyici ve pop\u00fcler k\u00fclt\u00fcr referanslar\u0131yla dolu bir kitap ar\u0131yorsan\u0131z, do\u011fru adrestesiniz.\u201d  \u2014The Book Bratz   <\/p>\n","protected":false},"excerpt":{"rendered":"<p>\u201cMutlu sonlar\u0131n ve hayran k\u00fclt\u00fcr\u00fcn\u00fcn kesi\u015fimi.\u201d \u2014Publishers Weekly \u201cE\u011fer muzip, b\u00fcy\u00fcleyici ve pop\u00fcler k\u00fclt\u00fcr referanslar\u0131yla dolu bir kitap ar\u0131yorsan\u0131z, do\u011fru adrestesiniz.\u201d \u2014The Book Bratz<\/p>\n","protected":false},"featured_media":0,"template":"","meta":{"_monsterinsights_skip_tracking":false,"_monsterinsights_sitenote_active":false,"_monsterinsights_sitenote_note":"","_monsterinsights_sitenote_category":0},"product_brand":[],"product_cat":[12291,12711],"product_tag":[],"class_list":{"0":"post-726893","1":"product","2":"type-product","3":"status-publish","5":"product_cat-edebiyat","6":"product_cat-roman-oyku","7":"pa_cilt-ciltli","8":"pa_tur-kitap","9":"pa_yayinevi-yabanci-yayinevi","10":"pa_yazar-ashley-poston","12":"first","13":"instock","14":"sale","15":"shipping-taxable","16":"purchasable","17":"product-type-simple"},"_links":{"self":[{"href":"https:\/\/roveyayinevi.com.tr\/index.php\/wp-json\/wp\/v2\/product\/726893","targetHints":{"allow":["GET"]}}],"collection":[{"href":"https:\/\/roveyayinevi.com.tr\/index.php\/wp-json\/wp\/v2\/product"}],"about":[{"href":"https:\/\/roveyayinevi.com.tr\/index.php\/wp-json\/wp\/v2\/types\/product"}],"wp:attachment":[{"href":"https:\/\/roveyayinevi.com.tr\/index.php\/wp-json\/wp\/v2\/media?parent=726893"}],"wp:term":[{"taxonomy":"product_brand","embeddable":true,"href":"https:\/\/roveyayinevi.com.tr\/index.php\/wp-json\/wp\/v2\/product_brand?post=726893"},{"taxonomy":"product_cat","embeddable":true,"href":"https:\/\/roveyayinevi.com.tr\/index.php\/wp-json\/wp\/v2\/product_cat?post=726893"},{"taxonomy":"product_tag","embeddable":true,"href":"https:\/\/roveyayinevi.com.tr\/index.php\/wp-json\/wp\/v2\/product_tag?post=726893"}],"curies":[{"name":"wp","href":"https:\/\/api.w.org\/{rel}","templated":true}]}}