{"id":726873,"date":"2025-08-27T20:13:23","date_gmt":"2025-08-27T17:13:23","guid":{"rendered":"https:\/\/roveyayinevi.com.tr\/index.php\/urun\/milli-mecmua-sayi-16-eylul-ekim-2020\/"},"modified":"2026-04-16T02:34:46","modified_gmt":"2026-04-15T23:34:46","slug":"milli-mecmua-sayi-16-eylul-ekim-2020","status":"publish","type":"product","link":"https:\/\/roveyayinevi.com.tr\/index.php\/urun\/milli-mecmua-sayi-16-eylul-ekim-2020\/","title":{"rendered":"Milli Mecmua Say\u0131 16 \/ Eyl\u00fcl &#8211; Ekim 2020"},"content":{"rendered":"<p>T\u00fcrk Mitolojisi \u00c7al\u0131\u015fmalar\u0131nda Bir Mesele: Mitoloji Ve Destan Farkl\u0131l\u0131\u011f\u0131 \/ Hayrettin \u0130hsan Erko\u00e7T\u00fcrk Destanlar\u0131n\u0131 \u0130ncelerken Nelere Dikkat Etmeli? \/ Metin EkiciMitolojik Hikayeden Arkaik ve Klasik Destana \/ Fuzuli BayatDestan\u0131n Destan\u0131 Yahut T\u00fcrk Destan Ara\u015ft\u0131rmalar\u0131n\u0131n K\u0131sa Tarihi \/ Ali DuymazT\u00fcrkl\u00fc\u011f\u00fcn Mukadderat\u0131 Ba\u011flam\u0131nda Epik Destan Gelene\u011fi Miras\u0131m\u0131z \u00dcst\u00fcne \/ \u00d6zkul \u00c7obano\u011fluDeli Dumrul \u0130le Kazaklar\u0131n Korkut Atas\u0131 Aras\u0131nda Bir Mukayese \/ Ahmet Bican ErcilasunDeli Dumrul\u2019un \u2018\u00d6l\u00fcm-L\u00fcl\u00fck\u2019 ile \u0130mtihan\u0131 -Psikomitolojik \u00c7\u00f6z\u00fcmleme- \/ Mehmet Bilgin SaydamUygur Harfli O\u011fuz Ka\u011fan Destan\u0131 -Halk Bilimsel Bir Tahlil- \/ G\u00fcrol PehlivanYaz\u0131c\u0131z\u00e2de Ali\u2019nin O\u011fuz Ka\u011fan Destan\u0131 \/ Sevim Y\u0131lmaz \u00d6nderT\u00fcrk Edebiyat\u0131nda M\u00fcseyyeb Gazi Destan\u0131 \/Necati DemirHazreti Ali Cenklerini Okuyan Ne \u00d6\u011frenir? \/ \u0130smail ToprakAnadolu Folklorunda G\u00f6kt\u00fcrk Efsanelerinin \u0130zleri \/ Saim Sakao\u011fluT\u00fcrk Tepeg\u00f6z\u00fc \/ Ahmet \u00d6zg\u00fcr G\u00fcven\u00e7T\u00fcrk K\u00fclt\u00fcr\u00fc Dairesinde K\u00f6ro\u011flu \/ Dr. Do\u011fan KayaBir Dervi\u015f Yolculu\u011fa \u00c7\u0131kar Bir Daha D\u00f6nmemek \u00dczere Anadolu\u2019dan Balkan Co\u011frafyas\u0131na Sar\u0131 Salt\u0131k\u2019\u0131n Efsanelerle Kar\u0131\u015f\u0131k \u00d6yk\u00fcs\u00fc \/ Mehmet Olgay S\u00f6yler.<\/p>\n","protected":false},"excerpt":{"rendered":"<p>T\u00fcrk Mitolojisi \u00c7al\u0131\u015fmalar\u0131nda Bir Mesele: Mitoloji Ve Destan Farkl\u0131l\u0131\u011f\u0131 \/ Hayrettin \u0130hsan Erko\u00e7T\u00fcrk Destanlar\u0131n\u0131 \u0130ncelerken Nelere Dikkat Etmeli? \/ Metin EkiciMitolojik Hikayeden Arkaik ve Klasik Destana<span class=\"excerpt-hellip\"> [\u2026]<\/span><\/p>\n","protected":false},"featured_media":0,"template":"","meta":{"_monsterinsights_skip_tracking":false,"_monsterinsights_sitenote_active":false,"_monsterinsights_sitenote_note":"","_monsterinsights_sitenote_category":0},"product_brand":[],"product_cat":[13527],"product_tag":[],"class_list":{"0":"post-726873","1":"product","2":"type-product","3":"status-publish","5":"product_cat-sureli-yayinlar","6":"pa_cilt-ciltsiz","7":"pa_tur-dergi","8":"pa_yayinevi-otuken-nesriyat","9":"pa_yazar-otuken-nesriyat-kolektif","11":"first","12":"instock","13":"sale","14":"shipping-taxable","15":"purchasable","16":"product-type-simple"},"_links":{"self":[{"href":"https:\/\/roveyayinevi.com.tr\/index.php\/wp-json\/wp\/v2\/product\/726873","targetHints":{"allow":["GET"]}}],"collection":[{"href":"https:\/\/roveyayinevi.com.tr\/index.php\/wp-json\/wp\/v2\/product"}],"about":[{"href":"https:\/\/roveyayinevi.com.tr\/index.php\/wp-json\/wp\/v2\/types\/product"}],"wp:attachment":[{"href":"https:\/\/roveyayinevi.com.tr\/index.php\/wp-json\/wp\/v2\/media?parent=726873"}],"wp:term":[{"taxonomy":"product_brand","embeddable":true,"href":"https:\/\/roveyayinevi.com.tr\/index.php\/wp-json\/wp\/v2\/product_brand?post=726873"},{"taxonomy":"product_cat","embeddable":true,"href":"https:\/\/roveyayinevi.com.tr\/index.php\/wp-json\/wp\/v2\/product_cat?post=726873"},{"taxonomy":"product_tag","embeddable":true,"href":"https:\/\/roveyayinevi.com.tr\/index.php\/wp-json\/wp\/v2\/product_tag?post=726873"}],"curies":[{"name":"wp","href":"https:\/\/api.w.org\/{rel}","templated":true}]}}

Milli Mecmua Sayı 16 / Eylül &#8211; Ekim 2020

<p>Türk Mitolojisi Çalışmalarında Bir Mesele: Mitoloji Ve Destan Farklılığı / Hayrettin İhsan ErkoçTürk Destanlarını İncelerken Nelere Dikkat Etmeli? / Metin EkiciMitolojik Hikayeden Arkaik ve Klasik Destana / Fuzuli BayatDestanın Destanı Yahut Türk Destan Araştırmalarının Kısa Tarihi / Ali DuymazTürklüğün Mukadderatı Bağlamında Epik Destan Geleneği Mirasımız Üstüne / Özkul ÇobanoğluDeli Dumrul İle Kazakların Korkut Atası Arasında Bir Mukayese / Ahmet Bican ErcilasunDeli Dumrul’un ‘Ölüm-Lülük’ ile İmtihanı -Psikomitolojik Çözümleme- / Mehmet Bilgin SaydamUygur Harfli Oğuz Kağan Destanı -Halk Bilimsel Bir Tahlil- / Gürol PehlivanYazıcızâde Ali’nin Oğuz Kağan Destanı / Sevim Yılmaz ÖnderTürk Edebiyatında Müseyyeb Gazi Destanı /Necati DemirHazreti Ali Cenklerini Okuyan Ne Öğrenir? / İsmail ToprakAnadolu Folklorunda Göktürk Efsanelerinin İzleri / Saim SakaoğluTürk Tepegözü / Ahmet Özgür GüvençTürk Kültürü Dairesinde Köroğlu / Dr. Doğan KayaBir Derviş Yolculuğa Çıkar Bir Daha Dönmemek Üzere Anadolu’dan Balkan Coğrafyasına Sarı Saltık’ın Efsanelerle Karışık Öyküsü / Mehmet Olgay Söyler.</p>

<p>Türk Mitolojisi Çalışmalarında Bir Mesele: Mitoloji Ve Destan Farklılığı / Hayrettin İhsan ErkoçTürk Destanlarını İncelerken Nelere Dikkat Etmeli? / Metin EkiciMitolojik Hikayeden Arkaik ve Klasik Destana<span class="excerpt-hellip"> […]</span></p>
