{"id":726872,"date":"2025-08-27T20:13:23","date_gmt":"2025-08-27T17:13:23","guid":{"rendered":"https:\/\/roveyayinevi.com.tr\/index.php\/urun\/dusun-ve-basar\/"},"modified":"2026-04-03T02:42:15","modified_gmt":"2026-04-02T23:42:15","slug":"dusun-ve-basar","status":"publish","type":"product","link":"https:\/\/roveyayinevi.com.tr\/index.php\/urun\/dusun-ve-basar\/","title":{"rendered":"D\u00fc\u015f\u00fcn Ve Ba\u015far"},"content":{"rendered":"<p>G\u00fc\u00e7l\u00fc bir heyecan duygusuyla hareketlenerek ba\u015far\u0131ya y\u00f6nelmenin on ad\u0131m\u0131n\u0131 a\u00e7\u0131kl\u0131yor D\u00fc\u015f\u00fcn ve Ba\u015far&#8230; Y\u00fcre\u011fini ba\u015far\u0131 a\u015fk\u0131yla ate\u015flemek isteyen her ya\u015ftan her ba\u015far\u0131 yolcusuna hitap ediyor. D\u00fc\u015f\u00fcnce dehas\u0131 nas\u0131l geli\u015ftirilir? \u00c7al\u0131\u015fma co\u015fkusu nas\u0131l sa\u011flan\u0131r? Harekete ge\u00e7me cesareti nas\u0131l g\u00fc\u00e7lendirilir?  \u015eimdinin g\u00fcc\u00fc nas\u0131l kullan\u0131l\u0131r? \u0130\u015fleri an\u0131nda yapmaya al\u0131\u015fmak nas\u0131l bir g\u00fc\u00e7 kazand\u0131r\u0131r? Mazeretlerin ba\u015far\u0131y\u0131 baltalamas\u0131 nas\u0131l \u00f6nlenir? Ba\u015far\u0131, \u00e7al\u0131\u015fman\u0131n \u00e7ocu\u011fudur. Ba\u015faranlar gibi yirmi d\u00f6rt saatiniz, harika bir beyniniz ve muhte\u015fem bir y\u00fcre\u011finiz var. Fakat ama\u00e7lar\u0131n\u0131z i\u00e7in duraksamaks\u0131z\u0131n \u00e7al\u0131\u015fma azminiz de var m\u0131? M\u00fcthi\u015f bir de\u011fi\u015fimin i\u00e7indeyiz. M\u00fccadeleyi b\u0131rak\u0131r ve ilerlemezsek, yerimizde sayar ve ezilebiliriz. Bu kitapla y\u00fcre\u011finizde \u00e7akaca\u011f\u0131n\u0131z k\u0131v\u0131lc\u0131m\u0131n heyecan\u0131 d\u00fc\u015f\u00fcncelerinize s\u0131\u00e7rayacak ve hayat\u0131n\u0131z harekete ge\u00e7ecektir. B\u00fcy\u00fck ama\u00e7lar u\u011frunda y\u00fcrek co\u015fkusuyla \u00e7al\u0131\u015fmaktan daha zevkli ne olabilir? Okuyucular \u015f\u00f6yle yazd\u0131: \u201cHayat\u0131mdaki en k\u00f6kl\u00fc de\u011fi\u015fimi ya\u015fad\u0131m.\u201d \u201cKendime g\u00fcvenim artt\u0131, hayattan daha fazla zevk al\u0131yorum.\u201d \u201cKendimi uzaya f\u0131rlat\u0131lmak i\u00e7in haz\u0131rlanan bir f\u00fcze gibi hissettim.\u201d \u201cHayat\u0131mda en k\u0131sa s\u00fcrede bitirdi\u011fim ilk kitap.\u201d \u201cSorunlar\u0131m\u0131 yenebilece\u011fime ba\u015fka kimse beni inand\u0131ramam\u0131\u015ft\u0131.\u201d <\/p>\n","protected":false},"excerpt":{"rendered":"<p>G\u00fc\u00e7l\u00fc bir heyecan duygusuyla hareketlenerek ba\u015far\u0131ya y\u00f6nelmenin on ad\u0131m\u0131n\u0131 a\u00e7\u0131kl\u0131yor D\u00fc\u015f\u00fcn ve Ba\u015far&#8230; Y\u00fcre\u011fini ba\u015far\u0131 a\u015fk\u0131yla ate\u015flemek isteyen her ya\u015ftan her ba\u015far\u0131 yolcusuna hitap ediyor. D\u00fc\u015f\u00fcnce<span class=\"excerpt-hellip\"> [\u2026]<\/span><\/p>\n","protected":false},"featured_media":0,"template":"","meta":{"_monsterinsights_skip_tracking":false,"_monsterinsights_sitenote_active":false,"_monsterinsights_sitenote_note":"","_monsterinsights_sitenote_category":0},"product_brand":[],"product_cat":[12364,12376],"product_tag":[],"class_list":{"0":"post-726872","1":"product","2":"type-product","3":"status-publish","5":"product_cat-genel-konular","6":"product_cat-kisisel-gelisim","7":"pa_cilt-ciltsiz","8":"pa_tur-kitap","9":"pa_yayinevi-pozitif-yayinlari","10":"pa_yazar-muhammed-bozdag","12":"first","13":"instock","14":"sale","15":"shipping-taxable","16":"purchasable","17":"product-type-simple"},"_links":{"self":[{"href":"https:\/\/roveyayinevi.com.tr\/index.php\/wp-json\/wp\/v2\/product\/726872","targetHints":{"allow":["GET"]}}],"collection":[{"href":"https:\/\/roveyayinevi.com.tr\/index.php\/wp-json\/wp\/v2\/product"}],"about":[{"href":"https:\/\/roveyayinevi.com.tr\/index.php\/wp-json\/wp\/v2\/types\/product"}],"wp:attachment":[{"href":"https:\/\/roveyayinevi.com.tr\/index.php\/wp-json\/wp\/v2\/media?parent=726872"}],"wp:term":[{"taxonomy":"product_brand","embeddable":true,"href":"https:\/\/roveyayinevi.com.tr\/index.php\/wp-json\/wp\/v2\/product_brand?post=726872"},{"taxonomy":"product_cat","embeddable":true,"href":"https:\/\/roveyayinevi.com.tr\/index.php\/wp-json\/wp\/v2\/product_cat?post=726872"},{"taxonomy":"product_tag","embeddable":true,"href":"https:\/\/roveyayinevi.com.tr\/index.php\/wp-json\/wp\/v2\/product_tag?post=726872"}],"curies":[{"name":"wp","href":"https:\/\/api.w.org\/{rel}","templated":true}]}}