{"id":726863,"date":"2025-08-27T20:13:16","date_gmt":"2025-08-27T17:13:16","guid":{"rendered":"https:\/\/roveyayinevi.com.tr\/index.php\/urun\/hayal-bile-edemeyecegimiz-varliklar-kitabi\/"},"modified":"2026-04-16T02:34:46","modified_gmt":"2026-04-15T23:34:46","slug":"hayal-bile-edemeyecegimiz-varliklar-kitabi","status":"publish","type":"product","link":"https:\/\/roveyayinevi.com.tr\/index.php\/urun\/hayal-bile-edemeyecegimiz-varliklar-kitabi\/","title":{"rendered":"Hayal Bile Edemeyece\u011fimiz Varl\u0131klar Kitab\u0131"},"content":{"rendered":"<p>Hayvanlar \u00e2lemi insan\u0131 ezelden beri b\u00fcy\u00fclemi\u015ftir. Kimi ger\u00e7ek, kimi hayal \u00fcr\u00fcn\u00fc olan hayvanlar efsanelerde, masallarda, sanat eserlerinde s\u0131k s\u0131k boy g\u00f6sterir. \u00c7a\u011f\u0131m\u0131zda art\u0131k ejderhalar\u0131n, Z\u00fcmr\u00fcd\u00fcanka ku\u015funun ya da tek boynuzlu atlar\u0131n ger\u00e7ekte var olmad\u0131klar\u0131n\u0131 biliyoruz. Peki ama var olan baz\u0131 hayvanlar\u0131n da en az onlar kadar ilgin\u00e7 ve b\u00fcy\u00fcleyici olduklar\u0131n\u0131 biliyor muyuz?   Borges\u2019in D\u00fc\u015fsel Varl\u0131klar Kitab\u0131\u2019ndan ve orta\u00e7a\u011f hayvannamelerinden esinlenen bu kitapta Caspar Henderson, evrimin yarat\u0131c\u0131l\u0131\u011f\u0131n\u0131n insan\u0131n hayal g\u00fcc\u00fcnden hi\u00e7 de a\u015fa\u011f\u0131 kalmad\u0131\u011f\u0131n\u0131 g\u00f6zler \u00f6n\u00fcne seriyor. Sevimli y\u00fcz\u00fcyle aksolotldan tehditk\u00e2r g\u00f6r\u00fcn\u00fcm\u00fcyle dikenli moloka, dayan\u0131kl\u0131 su ay\u0131s\u0131ndan yanard\u00f6ner Ven\u00fcs ku\u015fa\u011f\u0131na bir\u00e7ok s\u0131rad\u0131\u015f\u0131 hayvan\u0131 daha yak\u0131ndan tan\u0131mam\u0131za, a\u015fina oldu\u011fumuz baz\u0131 hayvanlar\u0131n ise bir o kadar s\u0131rad\u0131\u015f\u0131 \u00f6zelliklerini ke\u015ffetmemize imk\u00e2n sa\u011fl\u0131yor. Bunu yaparken de bilimin yan\u0131 s\u0131ra edebiyat, sanat, felsefe, mitoloji ve tarihten faydalanarak zengin bir metin ortaya koyuyor.   Fakat hemen belirtelim: Hayal Bile Edemeyece\u011fimiz Varl\u0131klar Kitab\u0131 bir ucube sirki de\u011fil. Amac\u0131 ele ald\u0131\u011f\u0131 hayvanlar\u0131 \u00f6tekile\u015ftirmek de\u011fil, bilakis (kendisi de bu kitapta yer alan) insanla di\u011fer hayvanlar aras\u0131ndaki derin evrimsel ba\u011f\u0131, farklar\u0131m\u0131z\u0131n yan\u0131 s\u0131ra benzerliklerimizi vurgulamak ve baz\u0131lar\u0131 yok olma tehlikesiyle kar\u015f\u0131 kar\u015f\u0131ya olan hayvanlara kar\u015f\u0131 sorumluluklar\u0131m\u0131z\u0131 hat\u0131rlatmak. D\u00fcnya hayal bile edemeyece\u011fimiz varl\u0131klarla dolu, diyor Henderson. Onlar\u0131 koruyabilmek i\u00e7in \u00f6ncelikle hayal g\u00fcc\u00fcm\u00fcz\u00fc, onlar\u0131n ger\u00e7ekliklerini daha iyi anlayacak \u015fekilde geni\u015fletmemiz laz\u0131m.   <\/p>\n","protected":false},"excerpt":{"rendered":"<p>Hayvanlar \u00e2lemi insan\u0131 ezelden beri b\u00fcy\u00fclemi\u015ftir. Kimi ger\u00e7ek, kimi hayal \u00fcr\u00fcn\u00fc olan hayvanlar efsanelerde, masallarda, sanat eserlerinde s\u0131k s\u0131k boy g\u00f6sterir. \u00c7a\u011f\u0131m\u0131zda art\u0131k ejderhalar\u0131n, Z\u00fcmr\u00fcd\u00fcanka ku\u015funun<span class=\"excerpt-hellip\"> [\u2026]<\/span><\/p>\n","protected":false},"featured_media":0,"template":"","meta":{"_monsterinsights_skip_tracking":false,"_monsterinsights_sitenote_active":false,"_monsterinsights_sitenote_note":"","_monsterinsights_sitenote_category":0},"product_brand":[],"product_cat":[13005,37328],"product_tag":[],"class_list":{"0":"post-726863","1":"product","2":"type-product","3":"status-publish","5":"product_cat-bilim-muhendislik","6":"product_cat-diger-bilim-muhendislik","7":"pa_cilt-ciltsiz","8":"pa_tur-kitap","9":"pa_yayinevi-metis-yayinlari","10":"pa_yazar-caspar-henderson","12":"first","13":"instock","14":"sale","15":"shipping-taxable","16":"purchasable","17":"product-type-simple"},"_links":{"self":[{"href":"https:\/\/roveyayinevi.com.tr\/index.php\/wp-json\/wp\/v2\/product\/726863","targetHints":{"allow":["GET"]}}],"collection":[{"href":"https:\/\/roveyayinevi.com.tr\/index.php\/wp-json\/wp\/v2\/product"}],"about":[{"href":"https:\/\/roveyayinevi.com.tr\/index.php\/wp-json\/wp\/v2\/types\/product"}],"wp:attachment":[{"href":"https:\/\/roveyayinevi.com.tr\/index.php\/wp-json\/wp\/v2\/media?parent=726863"}],"wp:term":[{"taxonomy":"product_brand","embeddable":true,"href":"https:\/\/roveyayinevi.com.tr\/index.php\/wp-json\/wp\/v2\/product_brand?post=726863"},{"taxonomy":"product_cat","embeddable":true,"href":"https:\/\/roveyayinevi.com.tr\/index.php\/wp-json\/wp\/v2\/product_cat?post=726863"},{"taxonomy":"product_tag","embeddable":true,"href":"https:\/\/roveyayinevi.com.tr\/index.php\/wp-json\/wp\/v2\/product_tag?post=726863"}],"curies":[{"name":"wp","href":"https:\/\/api.w.org\/{rel}","templated":true}]}}