{"id":726860,"date":"2025-08-27T20:13:13","date_gmt":"2025-08-27T17:13:13","guid":{"rendered":"https:\/\/roveyayinevi.com.tr\/index.php\/urun\/klara-milic-3\/"},"modified":"2026-04-16T02:34:46","modified_gmt":"2026-04-15T23:34:46","slug":"klara-milic-3","status":"publish","type":"product","link":"https:\/\/roveyayinevi.com.tr\/index.php\/urun\/klara-milic-3\/","title":{"rendered":"Klara Mili\u00e7"},"content":{"rendered":"<p>D\u00f6neminin Avrupal\u0131 bak\u0131\u015f a\u00e7\u0131s\u0131na sahip tek Rus yazar\u0131 olarak an\u0131lan Turgenyev\u2019in \u00f6nce \u201c\u00d6l\u00fcmden Sonra\u201d ismiyle yay\u0131mlamay\u0131 d\u00fc\u015f\u00fcnd\u00fc\u011f\u00fc ancak ispritizma su\u00e7lamalar\u0131na maruz kalaca\u011f\u0131n\u0131 d\u00fc\u015f\u00fcnerek ismini de\u011fi\u015ftirdi\u011fi \u00f6yk\u00fcs\u00fc \u201cKlara Mili\u00e7\u201d yazar\u0131n son d\u00f6nem eserlerinden biridir. Sabahattin Ali\u2019nin de K\u00fcrk Mantolu Madonna roman\u0131nda at\u0131fta bulundu\u011fu Klara Mili\u00e7, ba\u015fka bir deyi\u015fle \u00f6l\u00fcmden sonra ba\u015flayan, mistisizmle \u00f6r\u00fcl\u00fc bir a\u015fk\u0131n hik\u00e2yesidir. <\/p>\n","protected":false},"excerpt":{"rendered":"<p>D\u00f6neminin Avrupal\u0131 bak\u0131\u015f a\u00e7\u0131s\u0131na sahip tek Rus yazar\u0131 olarak an\u0131lan Turgenyev\u2019in \u00f6nce \u201c\u00d6l\u00fcmden Sonra\u201d ismiyle yay\u0131mlamay\u0131 d\u00fc\u015f\u00fcnd\u00fc\u011f\u00fc ancak ispritizma su\u00e7lamalar\u0131na maruz kalaca\u011f\u0131n\u0131 d\u00fc\u015f\u00fcnerek ismini de\u011fi\u015ftirdi\u011fi \u00f6yk\u00fcs\u00fc<span class=\"excerpt-hellip\"> [\u2026]<\/span><\/p>\n","protected":false},"featured_media":0,"template":"","meta":{"_monsterinsights_skip_tracking":false,"_monsterinsights_sitenote_active":false,"_monsterinsights_sitenote_note":"","_monsterinsights_sitenote_category":0},"product_brand":[],"product_cat":[12291,12711],"product_tag":[],"class_list":{"0":"post-726860","1":"product","2":"type-product","3":"status-publish","5":"product_cat-edebiyat","6":"product_cat-roman-oyku","7":"pa_cilt-ciltsiz","8":"pa_tur-kitap","9":"pa_yayinevi-can-yayinlari","10":"pa_yazar-ivan-sergeyevic-turgenyev","12":"first","13":"instock","14":"sale","15":"shipping-taxable","16":"purchasable","17":"product-type-simple"},"_links":{"self":[{"href":"https:\/\/roveyayinevi.com.tr\/index.php\/wp-json\/wp\/v2\/product\/726860","targetHints":{"allow":["GET"]}}],"collection":[{"href":"https:\/\/roveyayinevi.com.tr\/index.php\/wp-json\/wp\/v2\/product"}],"about":[{"href":"https:\/\/roveyayinevi.com.tr\/index.php\/wp-json\/wp\/v2\/types\/product"}],"wp:attachment":[{"href":"https:\/\/roveyayinevi.com.tr\/index.php\/wp-json\/wp\/v2\/media?parent=726860"}],"wp:term":[{"taxonomy":"product_brand","embeddable":true,"href":"https:\/\/roveyayinevi.com.tr\/index.php\/wp-json\/wp\/v2\/product_brand?post=726860"},{"taxonomy":"product_cat","embeddable":true,"href":"https:\/\/roveyayinevi.com.tr\/index.php\/wp-json\/wp\/v2\/product_cat?post=726860"},{"taxonomy":"product_tag","embeddable":true,"href":"https:\/\/roveyayinevi.com.tr\/index.php\/wp-json\/wp\/v2\/product_tag?post=726860"}],"curies":[{"name":"wp","href":"https:\/\/api.w.org\/{rel}","templated":true}]}}