{"id":726854,"date":"2025-08-27T20:13:07","date_gmt":"2025-08-27T17:13:07","guid":{"rendered":"https:\/\/roveyayinevi.com.tr\/index.php\/urun\/emine-hanimin-romani\/"},"modified":"2026-04-16T02:34:46","modified_gmt":"2026-04-15T23:34:46","slug":"emine-hanimin-romani","status":"publish","type":"product","link":"https:\/\/roveyayinevi.com.tr\/index.php\/urun\/emine-hanimin-romani\/","title":{"rendered":"Emine Han\u0131m\u2019\u0131n Roman\u0131"},"content":{"rendered":"<p>De\u011fersizle\u015ftirilen hayatlar\u0131n savunucusu, \u00e7a\u011f\u0131m\u0131z\u0131n \u00f6nemli \u00e7izerlerinden Asl\u0131 Alpar, Emine Han\u0131m\u2019\u0131n hayat\u0131n\u0131 \u00e7izgilerle anlat\u0131yor. 1922 do\u011fumlu, \u0130stanbullu, zengin bir ailenin k\u0131z\u0131 Emine Han\u0131m. Ahlak bek\u00e7isi babas\u0131 taraf\u0131ndan okul ile ili\u015fi\u011fi kesilen, ard\u0131ndan evden devam eden e\u011fitim hakk\u0131 da elinden al\u0131nan, sevdice\u011fi ile bir hayat kurmas\u0131na izin verilmeyen, ya\u015fad\u0131\u011f\u0131 d\u00f6nemde k\u0131ymetli say\u0131lan \u201csubay kar\u0131s\u0131\u201d unvan\u0131n\u0131n g\u00f6lgesine tenezz\u00fcl etmeyen, \u201cay\u0131p\u201d kabul edilen ruhsal sorunlar\u0131n\u0131 yapayaln\u0131z g\u00f6\u011f\u00fcsleyen, her ya\u015f\u0131nda biraz daha i\u00e7ine kapanan, kaybolan, izleri silinen Emine Han\u0131m\u2019\u0131n hayat\u0131n\u0131 anlatan bu kitap, t\u0131pk\u0131 bir aile alb\u00fcm\u00fc gibi kalabal\u0131k bir g\u00fcnde olmasa da yaln\u0131z hissetti\u011finiz her anda raftan indirip almaya, okumaya ve g\u00f6rmeye de\u011fer bir hik\u00e2ye sunuyor. <\/p>\n","protected":false},"excerpt":{"rendered":"<p>De\u011fersizle\u015ftirilen hayatlar\u0131n savunucusu, \u00e7a\u011f\u0131m\u0131z\u0131n \u00f6nemli \u00e7izerlerinden Asl\u0131 Alpar, Emine Han\u0131m\u2019\u0131n hayat\u0131n\u0131 \u00e7izgilerle anlat\u0131yor. 1922 do\u011fumlu, \u0130stanbullu, zengin bir ailenin k\u0131z\u0131 Emine Han\u0131m. Ahlak bek\u00e7isi babas\u0131 taraf\u0131ndan<span class=\"excerpt-hellip\"> [\u2026]<\/span><\/p>\n","protected":false},"featured_media":0,"template":"","meta":{"_monsterinsights_skip_tracking":false,"_monsterinsights_sitenote_active":false,"_monsterinsights_sitenote_note":"","_monsterinsights_sitenote_category":0},"product_brand":[],"product_cat":[12416,12291],"product_tag":[],"class_list":{"0":"post-726854","1":"product","2":"type-product","3":"status-publish","5":"product_cat-cizgi-roman","6":"product_cat-edebiyat","7":"pa_cilt-ciltsiz","8":"pa_tur-kitap","9":"pa_yayinevi-kara-karga-yayinlari","10":"pa_yazar-asli-alpar","12":"first","13":"instock","14":"sale","15":"shipping-taxable","16":"purchasable","17":"product-type-simple"},"_links":{"self":[{"href":"https:\/\/roveyayinevi.com.tr\/index.php\/wp-json\/wp\/v2\/product\/726854","targetHints":{"allow":["GET"]}}],"collection":[{"href":"https:\/\/roveyayinevi.com.tr\/index.php\/wp-json\/wp\/v2\/product"}],"about":[{"href":"https:\/\/roveyayinevi.com.tr\/index.php\/wp-json\/wp\/v2\/types\/product"}],"wp:attachment":[{"href":"https:\/\/roveyayinevi.com.tr\/index.php\/wp-json\/wp\/v2\/media?parent=726854"}],"wp:term":[{"taxonomy":"product_brand","embeddable":true,"href":"https:\/\/roveyayinevi.com.tr\/index.php\/wp-json\/wp\/v2\/product_brand?post=726854"},{"taxonomy":"product_cat","embeddable":true,"href":"https:\/\/roveyayinevi.com.tr\/index.php\/wp-json\/wp\/v2\/product_cat?post=726854"},{"taxonomy":"product_tag","embeddable":true,"href":"https:\/\/roveyayinevi.com.tr\/index.php\/wp-json\/wp\/v2\/product_tag?post=726854"}],"curies":[{"name":"wp","href":"https:\/\/api.w.org\/{rel}","templated":true}]}}