{"id":726841,"date":"2025-08-27T20:12:55","date_gmt":"2025-08-27T17:12:55","guid":{"rendered":"https:\/\/roveyayinevi.com.tr\/index.php\/urun\/kinali-nasil-ev-kedisi-oldu\/"},"modified":"2026-04-16T02:34:46","modified_gmt":"2026-04-15T23:34:46","slug":"kinali-nasil-ev-kedisi-oldu","status":"publish","type":"product","link":"https:\/\/roveyayinevi.com.tr\/index.php\/urun\/kinali-nasil-ev-kedisi-oldu\/","title":{"rendered":"K\u0131nal\u0131 Nas\u0131l Ev Kedisi Oldu?"},"content":{"rendered":"<p>\u00c7ocuk-gen\u00e7lik kitaplar\u0131n\u0131n tecr\u00fcbeli yazar\u0131 Tansu Bele, K\u0131nal\u0131 Nas\u0131l Ev Kedisi Oldu? adl\u0131 yeni eserinde, ona y\u0131llarca yol arkada\u015fl\u0131\u011f\u0131 yapan kedisi K\u0131nal\u0131\u2019y\u0131 nas\u0131l sahiplendi\u011finin \u00f6yk\u00fcs\u00fcn\u00fc anlat\u0131yor. Yediden yetmi\u015f yediye herkesin keyif alaca\u011f\u0131 bu \u00f6yk\u00fcy\u00fc okuyanlardan ev kedisi olanlar, kendi kedileri d\u0131\u015f\u0131nda sokakta ya\u015fayan kedilerle de ilgilenmek isteyecek\u2026 Kedi severler, kedilerin d\u00fcnyas\u0131n\u0131 tan\u0131y\u0131p belki sokaktaki bir kediyi sahiplenmek isteyecek\u2026 Olur ya, kedi sevmeyen birinin eline bu kitap ge\u00e7erse, belki onlar\u0131n ne kadar \u00f6zel canl\u0131lar olduklar\u0131n\u0131 \u00f6\u011frenip kedilere daha farkl\u0131 g\u00f6zlerle bakacak\u2026 T\u00fcm canl\u0131lar\u0131 seven ve onlar\u0131n ya\u015fam haklar\u0131n\u0131 savunan bir yay\u0131nevi olarak Tansu Bele\u2019nin bu \u00f6yk\u00fc kitab\u0131yla \u00e7ocuklar\u0131n kalbine ula\u015fmaktan mutluluk duyuyoruz.<\/p>\n","protected":false},"excerpt":{"rendered":"<p>\u00c7ocuk-gen\u00e7lik kitaplar\u0131n\u0131n tecr\u00fcbeli yazar\u0131 Tansu Bele, K\u0131nal\u0131 Nas\u0131l Ev Kedisi Oldu? adl\u0131 yeni eserinde, ona y\u0131llarca yol arkada\u015fl\u0131\u011f\u0131 yapan kedisi K\u0131nal\u0131\u2019y\u0131 nas\u0131l sahiplendi\u011finin \u00f6yk\u00fcs\u00fcn\u00fc anlat\u0131yor. Yediden<span class=\"excerpt-hellip\"> [\u2026]<\/span><\/p>\n","protected":false},"featured_media":0,"template":"","meta":{"_monsterinsights_skip_tracking":false,"_monsterinsights_sitenote_active":false,"_monsterinsights_sitenote_note":"","_monsterinsights_sitenote_category":0},"product_brand":[],"product_cat":[12275,12274],"product_tag":[],"class_list":{"0":"post-726841","1":"product","2":"type-product","3":"status-publish","5":"product_cat-6-12-yas-kitaplari","6":"product_cat-cocuk-ve-genclik-kitaplari","7":"pa_cilt-ciltsiz","8":"pa_tur-kitap","9":"pa_yayinevi-luna-yayinlari","10":"pa_yazar-tansu-bele","12":"first","13":"instock","14":"sale","15":"shipping-taxable","16":"purchasable","17":"product-type-simple"},"_links":{"self":[{"href":"https:\/\/roveyayinevi.com.tr\/index.php\/wp-json\/wp\/v2\/product\/726841","targetHints":{"allow":["GET"]}}],"collection":[{"href":"https:\/\/roveyayinevi.com.tr\/index.php\/wp-json\/wp\/v2\/product"}],"about":[{"href":"https:\/\/roveyayinevi.com.tr\/index.php\/wp-json\/wp\/v2\/types\/product"}],"wp:attachment":[{"href":"https:\/\/roveyayinevi.com.tr\/index.php\/wp-json\/wp\/v2\/media?parent=726841"}],"wp:term":[{"taxonomy":"product_brand","embeddable":true,"href":"https:\/\/roveyayinevi.com.tr\/index.php\/wp-json\/wp\/v2\/product_brand?post=726841"},{"taxonomy":"product_cat","embeddable":true,"href":"https:\/\/roveyayinevi.com.tr\/index.php\/wp-json\/wp\/v2\/product_cat?post=726841"},{"taxonomy":"product_tag","embeddable":true,"href":"https:\/\/roveyayinevi.com.tr\/index.php\/wp-json\/wp\/v2\/product_tag?post=726841"}],"curies":[{"name":"wp","href":"https:\/\/api.w.org\/{rel}","templated":true}]}}