{"id":726835,"date":"2025-08-27T20:12:49","date_gmt":"2025-08-27T17:12:49","guid":{"rendered":"https:\/\/roveyayinevi.com.tr\/index.php\/urun\/babaya-mektup-8\/"},"modified":"2026-04-16T02:34:46","modified_gmt":"2026-04-15T23:34:46","slug":"babaya-mektup-8","status":"publish","type":"product","link":"https:\/\/roveyayinevi.com.tr\/index.php\/urun\/babaya-mektup-8\/","title":{"rendered":"Babaya Mektup"},"content":{"rendered":"<p>\u00dcstelik de herhangi bir itirazda bulunamazd\u0131m \u00e7\u00fcnk\u00fc senin akl\u0131na yatmayan bir konuda veya sen a\u00e7mad\u0131\u011f\u0131n s\u00fcrece meseleyi daha en ba\u015f\u0131ndan sakin bir \u015fekilde ele almak m\u00fcmk\u00fcn de\u011fildi, senin otoriter mizac\u0131n buna m\u00fcsaade etmez. Bu durumu son y\u0131llarda kalbindeki rahats\u0131zl\u0131klara yorar oldun, oysa senin farkl\u0131 oldu\u011fun bir zaman\u0131 hi\u00e7 an\u0131msam\u0131yorum, bu kalp rahats\u0131zl\u0131klar\u0131n olsa olsa sert mizac\u0131n\u0131 daha da kat\u0131la\u015ft\u0131rmana yarayacak bir ara\u00e7 olabilir, bunun d\u00fc\u015f\u00fcncesi bile di\u011ferlerinin her t\u00fcrl\u00fc itiraz\u0131na engel olmaya yetiyor. Babaya Mektup, d\u00fcnya edebiyat\u0131n\u0131n en \u00f6nemli yazarlar\u0131ndan biri olan Franz Kafka\u2019n\u0131n \u00e7ocuklu\u011fundan beri babas\u0131 Hermann Kafka\u2019ya s\u00f6ylemeye \u00e7ekindi\u011fi her \u015feyi itiraf etti\u011fi mektubudur. Baba-o\u011ful aras\u0131ndaki \u00e7at\u0131\u015fmay\u0131 ve bir \u00e7ocu\u011fun sessiz \u00e7\u0131\u011fl\u0131\u011f\u0131n\u0131 duymam\u0131za yard\u0131mc\u0131 olan bu mektup Franz Kafka\u2019n\u0131n ki\u015fili\u011finin nas\u0131l olu\u015ftu\u011funu da g\u00f6zler \u00f6n\u00fcne seriyor. Hayat\u0131 boyunca babas\u0131na duydu\u011fu \u00f6fkeyi ve hayranl\u0131\u011f\u0131, otoriter baba fig\u00fcr\u00fcn\u00fcn ya\u015fatt\u0131\u011f\u0131 t\u00fcm korkular\u0131, kayg\u0131lar\u0131, bast\u0131r\u0131lm\u0131\u015f duygular\u0131 tek bir mektupta kaleme alan Kafka\u2019n\u0131n bu yazd\u0131klar\u0131n\u0131 babas\u0131 hi\u00e7bir zaman okumam\u0131\u015ft\u0131r. <\/p>\n","protected":false},"excerpt":{"rendered":"<p>\u00dcstelik de herhangi bir itirazda bulunamazd\u0131m \u00e7\u00fcnk\u00fc senin akl\u0131na yatmayan bir konuda veya sen a\u00e7mad\u0131\u011f\u0131n s\u00fcrece meseleyi daha en ba\u015f\u0131ndan sakin bir \u015fekilde ele almak m\u00fcmk\u00fcn<span class=\"excerpt-hellip\"> [\u2026]<\/span><\/p>\n","protected":false},"featured_media":0,"template":"","meta":{"_monsterinsights_skip_tracking":false,"_monsterinsights_sitenote_active":false,"_monsterinsights_sitenote_note":"","_monsterinsights_sitenote_category":0},"product_brand":[],"product_cat":[13701,12291],"product_tag":[],"class_list":{"0":"post-726835","1":"product","2":"type-product","3":"status-publish","5":"product_cat-ani-mektup-gunluk","6":"product_cat-edebiyat","7":"pa_cilt-ciltsiz","8":"pa_tur-kitap","9":"pa_yayinevi-the-roman","10":"pa_yazar-franz-kafka","12":"first","13":"instock","14":"sale","15":"shipping-taxable","16":"purchasable","17":"product-type-simple"},"_links":{"self":[{"href":"https:\/\/roveyayinevi.com.tr\/index.php\/wp-json\/wp\/v2\/product\/726835","targetHints":{"allow":["GET"]}}],"collection":[{"href":"https:\/\/roveyayinevi.com.tr\/index.php\/wp-json\/wp\/v2\/product"}],"about":[{"href":"https:\/\/roveyayinevi.com.tr\/index.php\/wp-json\/wp\/v2\/types\/product"}],"wp:attachment":[{"href":"https:\/\/roveyayinevi.com.tr\/index.php\/wp-json\/wp\/v2\/media?parent=726835"}],"wp:term":[{"taxonomy":"product_brand","embeddable":true,"href":"https:\/\/roveyayinevi.com.tr\/index.php\/wp-json\/wp\/v2\/product_brand?post=726835"},{"taxonomy":"product_cat","embeddable":true,"href":"https:\/\/roveyayinevi.com.tr\/index.php\/wp-json\/wp\/v2\/product_cat?post=726835"},{"taxonomy":"product_tag","embeddable":true,"href":"https:\/\/roveyayinevi.com.tr\/index.php\/wp-json\/wp\/v2\/product_tag?post=726835"}],"curies":[{"name":"wp","href":"https:\/\/api.w.org\/{rel}","templated":true}]}}