{"id":726810,"date":"2025-08-27T20:12:21","date_gmt":"2025-08-27T17:12:21","guid":{"rendered":"https:\/\/roveyayinevi.com.tr\/index.php\/urun\/gulme-basina-gelir-komsuna\/"},"modified":"2026-04-16T02:34:45","modified_gmt":"2026-04-15T23:34:45","slug":"gulme-basina-gelir-komsuna","status":"publish","type":"product","link":"https:\/\/roveyayinevi.com.tr\/index.php\/urun\/gulme-basina-gelir-komsuna\/","title":{"rendered":"G\u00fclme Ba\u015f\u0131na Gelir Kom\u015funa"},"content":{"rendered":"<p>Bu kitap, sadece sizi g\u00fcld\u00fcrmekle kalmayacak, bunu etraf\u0131n\u0131za da bula\u015ft\u0131racak!Art\u0131k ben okuyan\u0131n do\u011frucusuyum; gere\u011fi d\u00fc\u015f\u00fcn\u00fclen her \u015fey bu kitapta!Bu kitab\u0131n \u00f6l\u00fcy\u00fc bile g\u00fcld\u00fcrd\u00fc\u011f\u00fc, kiloluk kahkahan\u0131n toptan fiyat\u0131na perakende sat\u0131ld\u0131\u011f\u0131, derde kedere &#8220;Aman bo\u015f ver be!&#8221; dedirtti\u011fi ve bozuk morallerin Mine Sotaat\u00f6lyelerinde itina ile tamir edildi\u011fi s\u00f6yleniyor.&#8221;Zeytinya\u011fl\u0131 yiyemem aman, basma da fistan giyemem aman&#8221; diyenlerdenseniz bu kitap se\u00e7icili\u011finize fena halde hitap edecek. Titizlenmenize de\u011fecek.Neron\u2019un bu kitab\u0131 bulamad\u0131\u011f\u0131 i\u00e7in sinirinden ortal\u0131\u011f\u0131 yakt\u0131\u011f\u0131, Kleopatra\u2019n\u0131n, \u201c\u00d6nce ben okuyaca\u011f\u0131m\u201d diye kendisini sokmaya \u00e7al\u0131\u015fan y\u0131lan\u0131n \u00fcm\u00fc\u011f\u00fcn\u00fc s\u0131kt\u0131\u011f\u0131, Rapunzel\u2019in tutuna tutuna kuleden a\u015fa\u011f\u0131 inip, s\u0131rf bu kitab\u0131 almak i\u00e7in kitap\u00e7\u0131ya ka\u00e7mak maksad\u0131yla sa\u00e7lar\u0131n\u0131 uzatt\u0131\u011f\u0131 tarihi atmasyonlarda yer almaktad\u0131r. Zenginlerden al\u0131p fakirlere veren Robin Hood\u2019un bu kitab\u0131 okumayanlardan al\u0131p okuyanlara verdi\u011fi de rivayetler aras\u0131ndad\u0131r.Hi\u00e7bir \u015fey hakk\u0131nda her \u015feyin anlat\u0131ld\u0131\u011f\u0131 ve her \u015fey hakk\u0131nda pek \u00e7ok \u015feyin didiklendi\u011fi bu kitap, sadece sizi g\u00fcld\u00fcrmekle kalmayacak, bunu etraf\u0131n\u0131za da bula\u015ft\u0131racak.K\u0131sacas\u0131 bu kitab\u0131 ald\u0131\u011f\u0131n\u0131z takdirde sizi de bir g\u00fclmek alacak.Haydi, kitapta g\u00fcl\u00fc\u015f\u00fcr\u00fcz&#8230; <\/p>\n","protected":false},"excerpt":{"rendered":"<p>Bu kitap, sadece sizi g\u00fcld\u00fcrmekle kalmayacak, bunu etraf\u0131n\u0131za da bula\u015ft\u0131racak!Art\u0131k ben okuyan\u0131n do\u011frucusuyum; gere\u011fi d\u00fc\u015f\u00fcn\u00fclen her \u015fey bu kitapta!Bu kitab\u0131n \u00f6l\u00fcy\u00fc bile g\u00fcld\u00fcrd\u00fc\u011f\u00fc, kiloluk kahkahan\u0131n toptan<span class=\"excerpt-hellip\"> [\u2026]<\/span><\/p>\n","protected":false},"featured_media":0,"template":"","meta":{"_monsterinsights_skip_tracking":false,"_monsterinsights_sitenote_active":false,"_monsterinsights_sitenote_note":"","_monsterinsights_sitenote_category":0},"product_brand":[],"product_cat":[12291,14825],"product_tag":[],"class_list":{"0":"post-726810","1":"product","2":"type-product","3":"status-publish","5":"product_cat-edebiyat","6":"product_cat-mizah","7":"pa_cilt-ciltsiz","8":"pa_tur-kitap","9":"pa_yayinevi-hayykitap","10":"pa_yazar-mine-sota","12":"first","13":"instock","14":"sale","15":"shipping-taxable","16":"purchasable","17":"product-type-simple"},"_links":{"self":[{"href":"https:\/\/roveyayinevi.com.tr\/index.php\/wp-json\/wp\/v2\/product\/726810","targetHints":{"allow":["GET"]}}],"collection":[{"href":"https:\/\/roveyayinevi.com.tr\/index.php\/wp-json\/wp\/v2\/product"}],"about":[{"href":"https:\/\/roveyayinevi.com.tr\/index.php\/wp-json\/wp\/v2\/types\/product"}],"wp:attachment":[{"href":"https:\/\/roveyayinevi.com.tr\/index.php\/wp-json\/wp\/v2\/media?parent=726810"}],"wp:term":[{"taxonomy":"product_brand","embeddable":true,"href":"https:\/\/roveyayinevi.com.tr\/index.php\/wp-json\/wp\/v2\/product_brand?post=726810"},{"taxonomy":"product_cat","embeddable":true,"href":"https:\/\/roveyayinevi.com.tr\/index.php\/wp-json\/wp\/v2\/product_cat?post=726810"},{"taxonomy":"product_tag","embeddable":true,"href":"https:\/\/roveyayinevi.com.tr\/index.php\/wp-json\/wp\/v2\/product_tag?post=726810"}],"curies":[{"name":"wp","href":"https:\/\/api.w.org\/{rel}","templated":true}]}}