{"id":726797,"date":"2025-08-27T20:12:09","date_gmt":"2025-08-27T17:12:09","guid":{"rendered":"https:\/\/roveyayinevi.com.tr\/index.php\/urun\/asya-tarihine-giris-turkler-ve-mogollar\/"},"modified":"2026-04-16T02:34:45","modified_gmt":"2026-04-15T23:34:45","slug":"asya-tarihine-giris-turkler-ve-mogollar","status":"publish","type":"product","link":"https:\/\/roveyayinevi.com.tr\/index.php\/urun\/asya-tarihine-giris-turkler-ve-mogollar\/","title":{"rendered":"Asya Tarihine Giri\u015f T\u00fcrkler ve Mo\u011follar"},"content":{"rendered":"<p>Leon Cahun  T\u00fcrk\u00e7\u00fcl\u00fck ve Turanc\u0131l\u0131k ak\u0131mlar\u0131na esin veren Frans\u0131z yazar ve tarih\u00e7i Ortado\u011fu\u2019da, incelemeler ve seyahatler yapt\u0131. \u00c7e\u015fitli dergilerinde T\u00fcrk dili ve tarihine ili\u015fkin yaz\u0131lar yay\u0131mlad\u0131. Do\u011fubilim kongrelerine T\u00fcrk Mo\u011fol dili ve edebiyat\u0131 konular\u0131nda bildiriler sundu. 1890\u2019da Paris-Sorbonne \u00dcniversitesinde Asya tarihi ve co\u011frafyas\u0131na ili\u015fkin dersler verdi. Seyahatlerden toplad\u0131\u011f\u0131 materyallere dayanarak \u201cAsya Tarihine Giri\u015f\u201d (1896) adl\u0131 eseri yazd\u0131. Asya Tarihine Giri\u015f adl\u0131 ara\u015ft\u0131rma kitab\u0131, T\u00fcrk\u00e7\u00fcl\u00fc\u011f\u00fcn kurulu\u015funda rol oynayan ana kitaplardan birisidir. T\u00fcrk\u00e7eye \u00e7evrildi\u011finde devrin T\u00fcrk\u00e7\u00fclerine b\u00fcy\u00fck esin kayna\u011f\u0131 olmu\u015f, Ziya G\u00f6kalp, Yusuf Ak\u00e7ura ve H\u00fcseyin Nam\u0131k Orkun gibi T\u00fcrk\u00e7\u00fclerin temel ba\u015fvuru kitab\u0131 haline gelmi\u015ftir. Kitaplar\u0131n\u0131n T\u00fcrkiye\u2019nin kurucusu Atat\u00fcrk taraf\u0131ndan da okundu\u011fu bilinmekte ve onu etkileyen yazarlar aras\u0131nda ad\u0131 ge\u00e7mektedir. <\/p>\n","protected":false},"excerpt":{"rendered":"<p>Leon Cahun T\u00fcrk\u00e7\u00fcl\u00fck ve Turanc\u0131l\u0131k ak\u0131mlar\u0131na esin veren Frans\u0131z yazar ve tarih\u00e7i Ortado\u011fu\u2019da, incelemeler ve seyahatler yapt\u0131. \u00c7e\u015fitli dergilerinde T\u00fcrk dili ve tarihine ili\u015fkin yaz\u0131lar yay\u0131mlad\u0131.<span class=\"excerpt-hellip\"> [\u2026]<\/span><\/p>\n","protected":false},"featured_media":0,"template":"","meta":{"_monsterinsights_skip_tracking":false,"_monsterinsights_sitenote_active":false,"_monsterinsights_sitenote_note":"","_monsterinsights_sitenote_category":0},"product_brand":[],"product_cat":[12370,12304],"product_tag":[],"class_list":{"0":"post-726797","1":"product","2":"type-product","3":"status-publish","5":"product_cat-arastirma-inceleme","6":"product_cat-tarih","7":"pa_cilt-ciltsiz","8":"pa_tur-kitap","9":"pa_yayinevi-altinordu-yayinlari","10":"pa_yazar-leon-cahun","12":"first","13":"instock","14":"sale","15":"shipping-taxable","16":"purchasable","17":"product-type-simple"},"_links":{"self":[{"href":"https:\/\/roveyayinevi.com.tr\/index.php\/wp-json\/wp\/v2\/product\/726797","targetHints":{"allow":["GET"]}}],"collection":[{"href":"https:\/\/roveyayinevi.com.tr\/index.php\/wp-json\/wp\/v2\/product"}],"about":[{"href":"https:\/\/roveyayinevi.com.tr\/index.php\/wp-json\/wp\/v2\/types\/product"}],"wp:attachment":[{"href":"https:\/\/roveyayinevi.com.tr\/index.php\/wp-json\/wp\/v2\/media?parent=726797"}],"wp:term":[{"taxonomy":"product_brand","embeddable":true,"href":"https:\/\/roveyayinevi.com.tr\/index.php\/wp-json\/wp\/v2\/product_brand?post=726797"},{"taxonomy":"product_cat","embeddable":true,"href":"https:\/\/roveyayinevi.com.tr\/index.php\/wp-json\/wp\/v2\/product_cat?post=726797"},{"taxonomy":"product_tag","embeddable":true,"href":"https:\/\/roveyayinevi.com.tr\/index.php\/wp-json\/wp\/v2\/product_tag?post=726797"}],"curies":[{"name":"wp","href":"https:\/\/api.w.org\/{rel}","templated":true}]}}