{"id":726765,"date":"2025-08-27T20:11:41","date_gmt":"2025-08-27T17:11:41","guid":{"rendered":"https:\/\/roveyayinevi.com.tr\/index.php\/urun\/eyvah-oglum-colyak\/"},"modified":"2026-04-16T02:34:44","modified_gmt":"2026-04-15T23:34:44","slug":"eyvah-oglum-colyak","status":"publish","type":"product","link":"https:\/\/roveyayinevi.com.tr\/index.php\/urun\/eyvah-oglum-colyak\/","title":{"rendered":"Eyvah! O\u011flum \u00c7\u00f6lyak"},"content":{"rendered":"<p>\u00c7\u00f6lyak hastal\u0131\u011f\u0131 ince ba\u011f\u0131rsa\u011f\u0131n \u201cgl\u00fcten\u201d adl\u0131 proteinine kar\u015f\u0131 \u00f6m\u00fcr boyu s\u00fcren alerjisidir. G\u00fcn\u00fcm\u00fczde bu hastal\u0131\u011f\u0131n tek tedavi y\u00f6ntemi ise gl\u00fctensiz diyettir. \u00c7\u00f6lyak hastal\u0131\u011f\u0131 te\u015fhisi konulana kadar bu bir hastal\u0131k, te\u015fhis konulduktan sonra ise bir \u201cya\u015fam tarz\u0131\u201dd\u0131r.   Gl\u00fctensiz beslenme sonucunda ilk g\u00fcnden ba\u015flayarak v\u00fccut tepkiler vermekte ve diyete devam etti\u011finiz s\u00fcrece bu s\u0131k\u0131nt\u0131lar azalarak ortadan kalkmaktad\u0131r.   Peki, sadece bu\u011fday, arpa ve \u00e7avdardan uzak durmak yeterli midir? Kitapta bu sorunun cevab\u0131n\u0131 bulacaks\u0131n\u0131z. <\/p>\n","protected":false},"excerpt":{"rendered":"<p>\u00c7\u00f6lyak hastal\u0131\u011f\u0131 ince ba\u011f\u0131rsa\u011f\u0131n \u201cgl\u00fcten\u201d adl\u0131 proteinine kar\u015f\u0131 \u00f6m\u00fcr boyu s\u00fcren alerjisidir. G\u00fcn\u00fcm\u00fczde bu hastal\u0131\u011f\u0131n tek tedavi y\u00f6ntemi ise gl\u00fctensiz diyettir. \u00c7\u00f6lyak hastal\u0131\u011f\u0131 te\u015fhisi konulana kadar<span class=\"excerpt-hellip\"> [\u2026]<\/span><\/p>\n","protected":false},"featured_media":0,"template":"","meta":{"_monsterinsights_skip_tracking":false,"_monsterinsights_sitenote_active":false,"_monsterinsights_sitenote_note":"","_monsterinsights_sitenote_category":0},"product_brand":[],"product_cat":[13402,13365],"product_tag":[],"class_list":{"0":"post-726765","1":"product","2":"type-product","3":"status-publish","5":"product_cat-beslenme-ve-diyet","6":"product_cat-saglik","7":"pa_cilt-ciltsiz","8":"pa_tur-kitap","9":"pa_yayinevi-yade-yayinlari","10":"pa_yazar-ayfer-sevencan-nane","12":"first","13":"instock","14":"sale","15":"shipping-taxable","16":"purchasable","17":"product-type-simple"},"_links":{"self":[{"href":"https:\/\/roveyayinevi.com.tr\/index.php\/wp-json\/wp\/v2\/product\/726765","targetHints":{"allow":["GET"]}}],"collection":[{"href":"https:\/\/roveyayinevi.com.tr\/index.php\/wp-json\/wp\/v2\/product"}],"about":[{"href":"https:\/\/roveyayinevi.com.tr\/index.php\/wp-json\/wp\/v2\/types\/product"}],"wp:attachment":[{"href":"https:\/\/roveyayinevi.com.tr\/index.php\/wp-json\/wp\/v2\/media?parent=726765"}],"wp:term":[{"taxonomy":"product_brand","embeddable":true,"href":"https:\/\/roveyayinevi.com.tr\/index.php\/wp-json\/wp\/v2\/product_brand?post=726765"},{"taxonomy":"product_cat","embeddable":true,"href":"https:\/\/roveyayinevi.com.tr\/index.php\/wp-json\/wp\/v2\/product_cat?post=726765"},{"taxonomy":"product_tag","embeddable":true,"href":"https:\/\/roveyayinevi.com.tr\/index.php\/wp-json\/wp\/v2\/product_tag?post=726765"}],"curies":[{"name":"wp","href":"https:\/\/api.w.org\/{rel}","templated":true}]}}