{"id":726752,"date":"2025-08-27T20:11:29","date_gmt":"2025-08-27T17:11:29","guid":{"rendered":"https:\/\/roveyayinevi.com.tr\/index.php\/urun\/bahce-partisi\/"},"modified":"2026-04-16T02:34:44","modified_gmt":"2026-04-15T23:34:44","slug":"bahce-partisi","status":"publish","type":"product","link":"https:\/\/roveyayinevi.com.tr\/index.php\/urun\/bahce-partisi\/","title":{"rendered":"Bah\u00e7e Partisi"},"content":{"rendered":"<p>Katherine Mansfield (1888-1923), k\u0131sac\u0131k ya\u015fam\u0131ndan geriye birbirinden etkileyici eserler b\u0131rakm\u0131\u015f yazarlar aras\u0131nda. Bunun yan\u0131nda, \u00f6yk\u00fc t\u00fcr\u00fcn\u00fcn t\u00fcm d\u00fcnyadaki geli\u015fimine b\u00fcy\u00fck etkisi ve katk\u0131s\u0131 olan imzalardan. Mansfield\u2019\u0131n doruk metinlerini bir araya getiren Bah\u00e7e Partisi, 15 \u00f6yk\u00fcden olu\u015fuyor. Bilhassa kahramanlar\u0131 arac\u0131l\u0131\u011f\u0131yla, do\u011frudan veya dolayl\u0131, birbiriyle ilintili \u00f6yk\u00fclerde Mansfield, Yeni Zelanda ve Avustralya\u2019dan \u0130ngiltere\u2019ye uzanan bir co\u011frafyada 20. y\u00fczy\u0131l ba\u015f\u0131n\u0131n panoramas\u0131n\u0131 \u00e7iziyor. Derinlikli anlat\u0131ma sahip ve titizlikle i\u015fledi\u011fi kahramanlar\u0131n\u0131n psikolojik \u00e7at\u0131\u015fmalar\u0131n\u0131n \u00f6n planda oldu\u011fu, tek kelimeyle \u201ciyi\u201d \u00f6yk\u00fcler toplam\u0131, \u015eadan Karadeniz \u00e7evirisiyle\u2026 \u201cAman Tanr\u0131m, bir yer yok muydu, gidip saklanabilece\u011fi, kendi kendisiyle istedi\u011fi kadar ba\u015f ba\u015fa kalabilece\u011fi, kimseyi tedirgin etmeksizin, kimsenin de onu tedirgin edemeyece\u011fi bir yer? \u015eu yery\u00fcz\u00fcnde nihayet kana kana a\u011flayabilece\u011fi bir yer yok muydu?\u201d <\/p>\n","protected":false},"excerpt":{"rendered":"<p>Katherine Mansfield (1888-1923), k\u0131sac\u0131k ya\u015fam\u0131ndan geriye birbirinden etkileyici eserler b\u0131rakm\u0131\u015f yazarlar aras\u0131nda. Bunun yan\u0131nda, \u00f6yk\u00fc t\u00fcr\u00fcn\u00fcn t\u00fcm d\u00fcnyadaki geli\u015fimine b\u00fcy\u00fck etkisi ve katk\u0131s\u0131 olan imzalardan. Mansfield\u2019\u0131n<span class=\"excerpt-hellip\"> [\u2026]<\/span><\/p>\n","protected":false},"featured_media":0,"template":"","meta":{"_monsterinsights_skip_tracking":false,"_monsterinsights_sitenote_active":false,"_monsterinsights_sitenote_note":"","_monsterinsights_sitenote_category":0},"product_brand":[],"product_cat":[12291,13872],"product_tag":[],"class_list":{"0":"post-726752","1":"product","2":"type-product","3":"status-publish","5":"product_cat-edebiyat","6":"product_cat-klasikler","7":"pa_cilt-ciltsiz","8":"pa_tur-kitap","9":"pa_yayinevi-kirmizi-kedi-yayinevi","10":"pa_yazar-katherine-mansfield","12":"first","13":"instock","14":"sale","15":"shipping-taxable","16":"purchasable","17":"product-type-simple"},"_links":{"self":[{"href":"https:\/\/roveyayinevi.com.tr\/index.php\/wp-json\/wp\/v2\/product\/726752","targetHints":{"allow":["GET"]}}],"collection":[{"href":"https:\/\/roveyayinevi.com.tr\/index.php\/wp-json\/wp\/v2\/product"}],"about":[{"href":"https:\/\/roveyayinevi.com.tr\/index.php\/wp-json\/wp\/v2\/types\/product"}],"wp:attachment":[{"href":"https:\/\/roveyayinevi.com.tr\/index.php\/wp-json\/wp\/v2\/media?parent=726752"}],"wp:term":[{"taxonomy":"product_brand","embeddable":true,"href":"https:\/\/roveyayinevi.com.tr\/index.php\/wp-json\/wp\/v2\/product_brand?post=726752"},{"taxonomy":"product_cat","embeddable":true,"href":"https:\/\/roveyayinevi.com.tr\/index.php\/wp-json\/wp\/v2\/product_cat?post=726752"},{"taxonomy":"product_tag","embeddable":true,"href":"https:\/\/roveyayinevi.com.tr\/index.php\/wp-json\/wp\/v2\/product_tag?post=726752"}],"curies":[{"name":"wp","href":"https:\/\/api.w.org\/{rel}","templated":true}]}}