{"id":726750,"date":"2025-08-27T20:11:27","date_gmt":"2025-08-27T17:11:27","guid":{"rendered":"https:\/\/roveyayinevi.com.tr\/index.php\/urun\/ask-i-memnu-11\/"},"modified":"2026-04-16T02:34:44","modified_gmt":"2026-04-15T23:34:44","slug":"ask-i-memnu-11","status":"publish","type":"product","link":"https:\/\/roveyayinevi.com.tr\/index.php\/urun\/ask-i-memnu-11\/","title":{"rendered":"A\u015fk-\u0131 Memnu"},"content":{"rendered":"<p>Ahmet Hamdi Tanp\u0131nar, \u201cHalit Ziya\u2019ya kadar, romanc\u0131 muhayyilesiyle do\u011fmu\u015f tek muharririmiz yoktur\u201d s\u00f6zleriyle Halit Ziya U\u015fakl\u0131gil\u2019in T\u00fcrk edebiyat\u0131ndaki yerini kusursuz bi\u00e7imde ifade eder. Kaleme ald\u0131\u011f\u0131 eserlerin bug\u00fcn bile okunuyor olmas\u0131 biraz da bundan\u2026 Konusunu bug\u00fcn herkesin bildi\u011fi, Bihter ile Behl\u00fcl\u2019\u00fcn yasak a\u015fk\u0131n\u0131n anlat\u0131ld\u0131\u011f\u0131 A\u015fk-\u0131 Memnu, U\u015fakl\u0131gil\u2019in her d\u00f6nem ilgi g\u00f6ren romanlar\u0131ndan. Varl\u0131kl\u0131, kibar Adnan Bey, G\u00f6ksu gezintilerinden birinde tan\u0131\u015ft\u0131\u011f\u0131 Firdevs Han\u0131m\u2019\u0131n k\u0131z\u0131 Bihter\u2019le evlenir. Adnan Bey\u2019in zenginli\u011fini d\u00fc\u015f\u00fcnerek bu evlili\u011fi yapan Bihter, bir s\u00fcre sonra, zengin kocas\u0131n\u0131n ya\u015fl\u0131l\u0131\u011f\u0131n\u0131 g\u00f6z ard\u0131 edemez. G\u00f6nl\u00fcn\u00fc kocas\u0131n\u0131n u\u00e7ar\u0131 ye\u011feni Behl\u00fcl\u2019e kapt\u0131r\u0131r. Oysa Behl\u00fcl, kuzeni ve Bihter\u2019in \u00fcvey k\u0131z\u0131 Nihal ile ni\u015fanl\u0131d\u0131r\u2026 \u201cBu ilk a\u015fk g\u00fcnah\u0131ndan sonra Bihter hastalanm\u0131\u015f gibiydi, Behl\u00fcl\u2019\u00fcn odas\u0131ndan \u00e7\u0131k\u0131nca hi\u00e7bir \u015fey duymam\u0131\u015ft\u0131. B\u00fct\u00fcn hissini uyu\u015fturan bir uyku i\u00e7indeydi. Bir \u015fey d\u00fc\u015f\u00fcnmeyerek hep s\u00fck\u00fbt etmek istiyordu. Yata\u011f\u0131na girince hemen uyumu\u015ftu; fakat sabahleyin g\u00f6zlerini a\u00e7ar a\u00e7maz, hen\u00fcz yata\u011f\u0131ndan kalkmadan, b\u00fct\u00fcn o \u00e7irkin hakikati kendisiyle beraber uyanm\u0131\u015f buldu. Demek bu sabah Bihter, her sabahkinden ba\u015fka bir Bihter\u2019di.\u201d <\/p>\n","protected":false},"excerpt":{"rendered":"<p>Ahmet Hamdi Tanp\u0131nar, \u201cHalit Ziya\u2019ya kadar, romanc\u0131 muhayyilesiyle do\u011fmu\u015f tek muharririmiz yoktur\u201d s\u00f6zleriyle Halit Ziya U\u015fakl\u0131gil\u2019in T\u00fcrk edebiyat\u0131ndaki yerini kusursuz bi\u00e7imde ifade eder. Kaleme ald\u0131\u011f\u0131 eserlerin<span class=\"excerpt-hellip\"> [\u2026]<\/span><\/p>\n","protected":false},"featured_media":0,"template":"","meta":{"_monsterinsights_skip_tracking":false,"_monsterinsights_sitenote_active":false,"_monsterinsights_sitenote_note":"","_monsterinsights_sitenote_category":0},"product_brand":[],"product_cat":[12291,12292],"product_tag":[],"class_list":{"0":"post-726750","1":"product","2":"type-product","3":"status-publish","5":"product_cat-edebiyat","6":"product_cat-turk-edebiyati","7":"pa_cilt-ciltsiz","8":"pa_tur-kitap","9":"pa_yayinevi-kirmizi-kedi-yayinevi","10":"pa_yazar-halit-ziya-usakligil","12":"first","13":"instock","14":"sale","15":"shipping-taxable","16":"purchasable","17":"product-type-simple"},"_links":{"self":[{"href":"https:\/\/roveyayinevi.com.tr\/index.php\/wp-json\/wp\/v2\/product\/726750","targetHints":{"allow":["GET"]}}],"collection":[{"href":"https:\/\/roveyayinevi.com.tr\/index.php\/wp-json\/wp\/v2\/product"}],"about":[{"href":"https:\/\/roveyayinevi.com.tr\/index.php\/wp-json\/wp\/v2\/types\/product"}],"wp:attachment":[{"href":"https:\/\/roveyayinevi.com.tr\/index.php\/wp-json\/wp\/v2\/media?parent=726750"}],"wp:term":[{"taxonomy":"product_brand","embeddable":true,"href":"https:\/\/roveyayinevi.com.tr\/index.php\/wp-json\/wp\/v2\/product_brand?post=726750"},{"taxonomy":"product_cat","embeddable":true,"href":"https:\/\/roveyayinevi.com.tr\/index.php\/wp-json\/wp\/v2\/product_cat?post=726750"},{"taxonomy":"product_tag","embeddable":true,"href":"https:\/\/roveyayinevi.com.tr\/index.php\/wp-json\/wp\/v2\/product_tag?post=726750"}],"curies":[{"name":"wp","href":"https:\/\/api.w.org\/{rel}","templated":true}]}}