{"id":726747,"date":"2025-08-27T20:11:24","date_gmt":"2025-08-27T17:11:24","guid":{"rendered":"https:\/\/roveyayinevi.com.tr\/index.php\/urun\/insanlik-belirtileri-ciltli\/"},"modified":"2026-04-16T02:34:44","modified_gmt":"2026-04-15T23:34:44","slug":"insanlik-belirtileri-ciltli","status":"publish","type":"product","link":"https:\/\/roveyayinevi.com.tr\/index.php\/urun\/insanlik-belirtileri-ciltli\/","title":{"rendered":"\u0130nsanl\u0131k Belirtileri (Ciltli )"},"content":{"rendered":"<p>Benimle ilgili bilmek isteyece\u011finiz ilk \u015fey \u015fu: K\u0131z m\u0131y\u0131m, erkek miyim?Kendimi pek \u00e7ok \u015fey olarak tan\u0131mlayabilirim: asi, punk\u00e7\u0131, muhalif. Tabii bir de ak\u0131\u015fkan cinsiyetli. Kendimi baz\u0131 g\u00fcnler k\u0131z gibi hissederken di\u011fer g\u00fcnler o\u011flan olarak uyanabilirim. Ancak hen\u00fcz d\u00fcnyaya a\u00e7\u0131lmay\u0131 ba\u015farabilmi\u015f de\u011filim. Babam muhafazak\u00e2r b\u00f6lgemizden se\u00e7imlere aday olmu\u015f ve ben de yeni okuluma adapte olmaya \u00e7al\u0131\u015f\u0131rken kendimi iyice kapana k\u0131s\u0131lm\u0131\u015f hissediyorum.Terapistimin tavsiyesi do\u011frultusunda takma isimle a\u00e7t\u0131\u011f\u0131m blog hesab\u0131 kendimi, ya\u015fad\u0131klar\u0131m\u0131 ve hissettiklerimi anlamland\u0131rabildi\u011fim tek yer. Ya da eskiden \u00f6yleydi. Bir takip\u00e7ime yard\u0131m etmemin ard\u0131ndan hesab\u0131m\u0131n viral olmas\u0131 ve sanki kim oldu\u011fumu bilen birinden gelen tehdit mesajlar\u0131 g\u00fcvenli alan\u0131m\u0131 mahvetti.Art\u0131k bir karar vermem laz\u0131m. Yeni arkada\u015flar\u0131m\u0131, beni dinlemek isteyen insanlar\u0131 ve kimli\u011fimi arkamda m\u0131 b\u0131rakaca\u011f\u0131m yoksa her \u015feyi riske att\u0131\u011f\u0131m\u0131 bile bile kendim i\u00e7in sava\u015facak m\u0131y\u0131m?\u201cRiley \u00e7ok zeki, komik ve keskin bir g\u00f6zlem yetene\u011fine sahip.\u201d \u2014Publishers Weekly (starred review)\u201cAk\u0131\u015fkan cinsiyet gibi karma\u015f\u0131k bir konuyu ele alan ilk gen\u00e7 yeti\u015fkin kitaplar\u0131ndan biri.\u201d \u2014Booklist (starred review)\u201cAk\u0131\u015fkan cinsiyetli gen\u00e7lerin d\u00fcnyas\u0131na a\u00e7\u0131lan, ger\u00e7ek\u00e7i kurgulanm\u0131\u015f bir pencere.\u201d \u2014Kirkus\u201cAk\u0131\u015fkan cinsiyet hakk\u0131nda \u00e7ok az bilgiye sahip okurlar i\u00e7in \u00f6nemli bir tan\u0131\u015fma ve benzer hisler deneyimleyenler i\u00e7in s\u0131cak bir kar\u015f\u0131lama.\u201d \u2014BCCB\u201cGer\u00e7ekten \u00f6zg\u00fcn bir ba\u015fkarakter ve evrensel ba\u015far\u0131larla kalp k\u0131r\u0131kl\u0131klar\u0131 sayesinde, bu unutulmaz kitap beni hem g\u00fcld\u00fcrd\u00fc hem de a\u011flatt\u0131.\u201d \u2014Lissa Price\u201cHem e\u011flenceli hem de olduk\u00e7a gerekli. \u0130nsanl\u0131k Belirtileri, sadece okudu\u011funuzda bile sizi daha iyi bir insan yapacak t\u00fcrden bir kitap.\u201d \u2014Dahlia Adler\u201c\u00d6ylesine farkl\u0131 ama bir o kadar da ayn\u0131 olmaya dair etkileyici bir portre.\u201d \u2014Renee Ahdieh\u201cRiley, gen\u00e7 yeti\u015fkin edebiyat\u0131nda kesinlikle ihtiya\u00e7 duyulan bir karakter.\u201d \u2014Robin Talley<\/p>\n","protected":false},"excerpt":{"rendered":"<p>Benimle ilgili bilmek isteyece\u011finiz ilk \u015fey \u015fu: K\u0131z m\u0131y\u0131m, erkek miyim?Kendimi pek \u00e7ok \u015fey olarak tan\u0131mlayabilirim: asi, punk\u00e7\u0131, muhalif. Tabii bir de ak\u0131\u015fkan cinsiyetli. Kendimi baz\u0131<span class=\"excerpt-hellip\"> [\u2026]<\/span><\/p>\n","protected":false},"featured_media":0,"template":"","meta":{"_monsterinsights_skip_tracking":false,"_monsterinsights_sitenote_active":false,"_monsterinsights_sitenote_note":"","_monsterinsights_sitenote_category":0},"product_brand":[],"product_cat":[12291,12711],"product_tag":[],"class_list":{"0":"post-726747","1":"product","2":"type-product","3":"status-publish","5":"product_cat-edebiyat","6":"product_cat-roman-oyku","7":"pa_cilt-ciltli","8":"pa_tur-kitap","9":"pa_yayinevi-yabanci-yayinevi","10":"pa_yazar-jeff-garvin","12":"first","13":"instock","14":"sale","15":"shipping-taxable","16":"purchasable","17":"product-type-simple"},"_links":{"self":[{"href":"https:\/\/roveyayinevi.com.tr\/index.php\/wp-json\/wp\/v2\/product\/726747","targetHints":{"allow":["GET"]}}],"collection":[{"href":"https:\/\/roveyayinevi.com.tr\/index.php\/wp-json\/wp\/v2\/product"}],"about":[{"href":"https:\/\/roveyayinevi.com.tr\/index.php\/wp-json\/wp\/v2\/types\/product"}],"wp:attachment":[{"href":"https:\/\/roveyayinevi.com.tr\/index.php\/wp-json\/wp\/v2\/media?parent=726747"}],"wp:term":[{"taxonomy":"product_brand","embeddable":true,"href":"https:\/\/roveyayinevi.com.tr\/index.php\/wp-json\/wp\/v2\/product_brand?post=726747"},{"taxonomy":"product_cat","embeddable":true,"href":"https:\/\/roveyayinevi.com.tr\/index.php\/wp-json\/wp\/v2\/product_cat?post=726747"},{"taxonomy":"product_tag","embeddable":true,"href":"https:\/\/roveyayinevi.com.tr\/index.php\/wp-json\/wp\/v2\/product_tag?post=726747"}],"curies":[{"name":"wp","href":"https:\/\/api.w.org\/{rel}","templated":true}]}}