{"id":726743,"date":"2025-08-27T20:11:20","date_gmt":"2025-08-27T17:11:20","guid":{"rendered":"https:\/\/roveyayinevi.com.tr\/index.php\/urun\/din-sosyolojisi-i\/"},"modified":"2026-04-16T02:34:44","modified_gmt":"2026-04-15T23:34:44","slug":"din-sosyolojisi-i","status":"publish","type":"product","link":"https:\/\/roveyayinevi.com.tr\/index.php\/urun\/din-sosyolojisi-i\/","title":{"rendered":"Din Sosyolojisi I"},"content":{"rendered":"<p>Sosyoloji Din Ve Din Sosyoloji Sosyolojinin Temel Kavramlar\u0131 Dini Gruplar Sosyolojisi Aile Ve E\u011fitim Toplum Tipleri Din Antropolojisi Sosyo-K\u00fclt\u00fcrel D\u00f6n\u00fc\u015f\u00fcm S\u00fcre\u00e7leri Birey, Toplum Ve Din \u0130deolojik D\u00fc\u015f\u00fcnce Sistemleri K\u00fclt\u00fcr End\u00fcstrisi Ve Frankfurt Okulu Sosyla Bilimler Metodolojisi Klasik Sosyoloji Kuram Ve Kavramlar\u0131 \u00c7a\u011fda\u015f Sosyoloji Kuram Ve Kavramlar\u0131 \u00c7a\u011fda\u015f Din Sosyolojisi Kuram Ve Kavramlar\u0131 T\u00fcrk Sosyologlar\u0131 Bat\u0131l\u0131 Sosyologlar D\u00fcnya Dinleri <\/p>\n","protected":false},"excerpt":{"rendered":"<p>Sosyoloji Din Ve Din Sosyoloji Sosyolojinin Temel Kavramlar\u0131 Dini Gruplar Sosyolojisi Aile Ve E\u011fitim Toplum Tipleri Din Antropolojisi Sosyo-K\u00fclt\u00fcrel D\u00f6n\u00fc\u015f\u00fcm S\u00fcre\u00e7leri Birey, Toplum Ve Din \u0130deolojik<span class=\"excerpt-hellip\"> [\u2026]<\/span><\/p>\n","protected":false},"featured_media":0,"template":"","meta":{"_monsterinsights_skip_tracking":false,"_monsterinsights_sitenote_active":false,"_monsterinsights_sitenote_note":"","_monsterinsights_sitenote_category":0},"product_brand":[],"product_cat":[16789,12718,12719],"product_tag":[],"class_list":{"0":"post-726743","1":"product","2":"type-product","3":"status-publish","5":"product_cat-diger-islam","6":"product_cat-din","7":"product_cat-islam","8":"pa_cilt-ciltsiz","9":"pa_tur-kitap","10":"pa_yayinevi-gazi-kitabevi","11":"pa_yazar-mehmet-cem-sahin","13":"first","14":"instock","15":"sale","16":"shipping-taxable","17":"purchasable","18":"product-type-simple"},"_links":{"self":[{"href":"https:\/\/roveyayinevi.com.tr\/index.php\/wp-json\/wp\/v2\/product\/726743","targetHints":{"allow":["GET"]}}],"collection":[{"href":"https:\/\/roveyayinevi.com.tr\/index.php\/wp-json\/wp\/v2\/product"}],"about":[{"href":"https:\/\/roveyayinevi.com.tr\/index.php\/wp-json\/wp\/v2\/types\/product"}],"wp:attachment":[{"href":"https:\/\/roveyayinevi.com.tr\/index.php\/wp-json\/wp\/v2\/media?parent=726743"}],"wp:term":[{"taxonomy":"product_brand","embeddable":true,"href":"https:\/\/roveyayinevi.com.tr\/index.php\/wp-json\/wp\/v2\/product_brand?post=726743"},{"taxonomy":"product_cat","embeddable":true,"href":"https:\/\/roveyayinevi.com.tr\/index.php\/wp-json\/wp\/v2\/product_cat?post=726743"},{"taxonomy":"product_tag","embeddable":true,"href":"https:\/\/roveyayinevi.com.tr\/index.php\/wp-json\/wp\/v2\/product_tag?post=726743"}],"curies":[{"name":"wp","href":"https:\/\/api.w.org\/{rel}","templated":true}]}}