{"id":726724,"date":"2025-08-27T20:11:05","date_gmt":"2025-08-27T17:11:05","guid":{"rendered":"https:\/\/roveyayinevi.com.tr\/index.php\/urun\/fransiz-devriminde-siyasal-dusunceler-ve-mucadeleler-1789-1794\/"},"modified":"2026-04-14T02:43:59","modified_gmt":"2026-04-13T23:43:59","slug":"fransiz-devriminde-siyasal-dusunceler-ve-mucadeleler-1789-1794","status":"publish","type":"product","link":"https:\/\/roveyayinevi.com.tr\/index.php\/urun\/fransiz-devriminde-siyasal-dusunceler-ve-mucadeleler-1789-1794\/","title":{"rendered":"Frans\u0131z Devrimi\u2019nde Siyasal D\u00fc\u015f\u00fcnceler ve M\u00fccadeleler 1789-1794"},"content":{"rendered":"<p>Siyasal d\u00fc\u015f\u00fcnceler, d\u00f6nemlerinin siyasal yap\u0131lar\u0131yla, olaylar\u0131yla, m\u00fccadeleleriyle do\u011frudan ba\u011flant\u0131l\u0131d\u0131r. Bu kitap, Frans\u0131z Devrim\u2019inin \u00f6ne \u00e7\u0131kan, tart\u0131\u015f\u0131lan halk-ulus egemenli\u011fi, insan haklar\u0131, d\u00fc\u015f\u00fcnce \u00f6zg\u00fcrl\u00fc\u011f\u00fc, kad\u0131nlar\u0131n durumu, k\u00f6lecilik, dinsel yap\u0131, cumhuriyet, sava\u015f gibi temalar\u0131 ve bu s\u00fcre i\u00e7inde ya\u015fanan feodalizme son verilmesi, XVI. Louis\u2019nin ka\u00e7\u0131\u015f\u0131 ve yakalanmas\u0131, krall\u0131\u011f\u0131n d\u00fc\u015f\u00fc\u015f\u00fc, Jakoben iktidar\u0131n yap\u0131lanmas\u0131, bu iktidara kar\u015f\u0131 \u00e7e\u015fitli muhalefet hareketlerinin bi\u00e7imlenmesi, Devrimci Y\u00f6netim ile ter\u00f6r\u00fcn uygulanmas\u0131 gibi olaylar\u0131, geli\u015fmeleri ele al\u0131p inceleyor. Bu temalar\u0131 ve olaylar\u0131 da, s\u0131n\u0131fsal ili\u015fkileri g\u00f6z ard\u0131 etmemekle birlikte \u00f6zellikle siyasal iktidar m\u00fccadeleleri ba\u011flam\u0131 i\u00e7ine yerle\u015ftirip bu \u00e7er\u00e7evede d\u00f6nemin akt\u00f6rlerinin bunlarla ilgili dile getirdikleri d\u00fc\u015f\u00fcncelerine a\u011f\u0131rl\u0131k veriyor.Bas\u0131n \u00f6zg\u00fcrl\u00fc\u011f\u00fc ya b\u00fct\u00fcnc\u00fcl ve tan\u0131mlanmaz olmal\u0131d\u0131r ya da yoktur\u2026 K\u0131sacas\u0131, ya s\u0131n\u0131rs\u0131z bas\u0131n \u00f6zg\u00fcrl\u00fc\u011f\u00fcn\u00fc kabul etmek ya da t\u00fcm \u00f6zg\u00fcrl\u00fcklerden vazge\u00e7mek gerekir.\u201d-Maximilien Robespierre.\u201cHi\u00e7 kimse, en radikal d\u00fc\u015f\u00fcnceleri i\u00e7in bile rahats\u0131z edilmemelidir. Kad\u0131n\u0131n dara\u011fac\u0131na \u00e7\u0131kma hakk\u0131 vard\u0131r; ayn\u0131 \u015fekilde, yasayla kurulmu\u015f kamusal d\u00fczene eylemleriyle zarar vermedi\u011fi s\u00fcrece Meclis k\u00fcrs\u00fcs\u00fcne de \u00e7\u0131kma hakk\u0131 olmal\u0131d\u0131r.\u201d-Olympe de Gouges.\u201cHo\u015fg\u00f6r\u00fcy\u00fc sal\u0131k vermeye gelmiyorum. En s\u0131n\u0131rs\u0131z din \u00f6zg\u00fcrl\u00fc\u011f\u00fc benim g\u00f6z\u00fcmde \u00f6ylesine kutsal bir hakt\u0131r ki, ho\u015fg\u00f6r\u00fc s\u00f6zc\u00fc\u011f\u00fc, kim taraf\u0131ndan dile getirilirse getirilsin, bana bir bak\u0131ma despotik olarak g\u00f6r\u00fcn\u00fcr; \u00e7\u00fcnk\u00fc ho\u015fg\u00f6r\u00fc yetkisi olan bir otorite d\u00fc\u015f\u00fcnce \u00f6zg\u00fcrl\u00fc\u011f\u00fcn\u00fc ihlal edebilir; ho\u015fg\u00f6r\u00fc g\u00f6sterebilece\u011fi gibi g\u00f6stermeyebilir de.\u201d-Mirabeau Kontu.\u201cD\u00fc\u015f\u00fcncelerin ileti\u015fimini k\u00f6stekleyerek engellemek, insanlar\u0131n insan olmalar\u0131n\u0131 \u00f6nlemek ve onlar\u0131 ilkel yarat\u0131klar s\u0131n\u0131f\u0131 i\u00e7ine hapsetmektir. B\u00f6yle bir davran\u0131\u015f\u0131 uygulayanlar sadece tiranlard\u0131r.\u201d-Jean-Paul Marat.\u201cBir insan\u0131 bir t\u00fcr tanr\u0131 haline getiren ve yasalar\u0131n g\u00fc\u00e7l\u00fc olmas\u0131n\u0131 onun varl\u0131\u011f\u0131na ba\u011flayan \u015fu sa\u00e7ma sapan hurafeye k\u00f6r\u00fc k\u00f6r\u00fcne inan\u0131ld\u0131\u011f\u0131 o eski zamanlarda ya\u015fam\u0131yoruz art\u0131k.\u201d-Condorcet Markisi<\/p>\n","protected":false},"excerpt":{"rendered":"<p>Siyasal d\u00fc\u015f\u00fcnceler, d\u00f6nemlerinin siyasal yap\u0131lar\u0131yla, olaylar\u0131yla, m\u00fccadeleleriyle do\u011frudan ba\u011flant\u0131l\u0131d\u0131r. Bu kitap, Frans\u0131z Devrim\u2019inin \u00f6ne \u00e7\u0131kan, tart\u0131\u015f\u0131lan halk-ulus egemenli\u011fi, insan haklar\u0131, d\u00fc\u015f\u00fcnce \u00f6zg\u00fcrl\u00fc\u011f\u00fc, kad\u0131nlar\u0131n durumu, k\u00f6lecilik, dinsel<span class=\"excerpt-hellip\"> [\u2026]<\/span><\/p>\n","protected":false},"featured_media":0,"template":"","meta":{"_monsterinsights_skip_tracking":false,"_monsterinsights_sitenote_active":false,"_monsterinsights_sitenote_note":"","_monsterinsights_sitenote_category":0},"product_brand":[],"product_cat":[12370,12304],"product_tag":[],"class_list":{"0":"post-726724","1":"product","2":"type-product","3":"status-publish","5":"product_cat-arastirma-inceleme","6":"product_cat-tarih","7":"pa_cilt-ciltsiz","8":"pa_tur-kitap","9":"pa_yayinevi-dipnot-yayinlari","10":"pa_yazar-mehmet-ali-agaogullari","12":"first","13":"instock","14":"sale","15":"shipping-taxable","16":"purchasable","17":"product-type-simple"},"_links":{"self":[{"href":"https:\/\/roveyayinevi.com.tr\/index.php\/wp-json\/wp\/v2\/product\/726724","targetHints":{"allow":["GET"]}}],"collection":[{"href":"https:\/\/roveyayinevi.com.tr\/index.php\/wp-json\/wp\/v2\/product"}],"about":[{"href":"https:\/\/roveyayinevi.com.tr\/index.php\/wp-json\/wp\/v2\/types\/product"}],"wp:attachment":[{"href":"https:\/\/roveyayinevi.com.tr\/index.php\/wp-json\/wp\/v2\/media?parent=726724"}],"wp:term":[{"taxonomy":"product_brand","embeddable":true,"href":"https:\/\/roveyayinevi.com.tr\/index.php\/wp-json\/wp\/v2\/product_brand?post=726724"},{"taxonomy":"product_cat","embeddable":true,"href":"https:\/\/roveyayinevi.com.tr\/index.php\/wp-json\/wp\/v2\/product_cat?post=726724"},{"taxonomy":"product_tag","embeddable":true,"href":"https:\/\/roveyayinevi.com.tr\/index.php\/wp-json\/wp\/v2\/product_tag?post=726724"}],"curies":[{"name":"wp","href":"https:\/\/api.w.org\/{rel}","templated":true}]}}