{"id":726719,"date":"2025-08-27T20:11:01","date_gmt":"2025-08-27T17:11:01","guid":{"rendered":"https:\/\/roveyayinevi.com.tr\/index.php\/urun\/felsefe-ii\/"},"modified":"2026-04-16T02:34:43","modified_gmt":"2026-04-15T23:34:43","slug":"felsefe-ii","status":"publish","type":"product","link":"https:\/\/roveyayinevi.com.tr\/index.php\/urun\/felsefe-ii\/","title":{"rendered":"Felsefe II"},"content":{"rendered":"<p>Genel Kavramlar Mant\u0131k Felsefenin Alt Disiplinleri Epistemoloji Metafizik Ahl\u00e2k \/ Etik Zihin Felsefesi Bilim Felsefesi Felsefe Okullar\u0131 ve D\u00f6nemler Felsef\u00ee Ak\u0131mlar Nihai Ger\u00e7eklik Tasavvurlar\u0131 Paradokslar Ayd\u0131nlanma<\/p>\n","protected":false},"excerpt":{"rendered":"<p>Genel Kavramlar Mant\u0131k Felsefenin Alt Disiplinleri Epistemoloji Metafizik Ahl\u00e2k \/ Etik Zihin Felsefesi Bilim Felsefesi Felsefe Okullar\u0131 ve D\u00f6nemler Felsef\u00ee Ak\u0131mlar Nihai Ger\u00e7eklik Tasavvurlar\u0131 Paradokslar Ayd\u0131nlanma<\/p>\n","protected":false},"featured_media":0,"template":"","meta":{"_monsterinsights_skip_tracking":false,"_monsterinsights_sitenote_active":false,"_monsterinsights_sitenote_note":"","_monsterinsights_sitenote_category":0},"product_brand":[],"product_cat":[19998,12388],"product_tag":[],"class_list":{"0":"post-726719","1":"product","2":"type-product","3":"status-publish","5":"product_cat-din-felsefesi","6":"product_cat-felsefe","7":"pa_cilt-ciltsiz","8":"pa_tur-kitap","9":"pa_yayinevi-gazi-kitabevi","10":"pa_yazar-mehmet-ata-az","12":"first","13":"instock","14":"sale","15":"shipping-taxable","16":"purchasable","17":"product-type-simple"},"_links":{"self":[{"href":"https:\/\/roveyayinevi.com.tr\/index.php\/wp-json\/wp\/v2\/product\/726719","targetHints":{"allow":["GET"]}}],"collection":[{"href":"https:\/\/roveyayinevi.com.tr\/index.php\/wp-json\/wp\/v2\/product"}],"about":[{"href":"https:\/\/roveyayinevi.com.tr\/index.php\/wp-json\/wp\/v2\/types\/product"}],"wp:attachment":[{"href":"https:\/\/roveyayinevi.com.tr\/index.php\/wp-json\/wp\/v2\/media?parent=726719"}],"wp:term":[{"taxonomy":"product_brand","embeddable":true,"href":"https:\/\/roveyayinevi.com.tr\/index.php\/wp-json\/wp\/v2\/product_brand?post=726719"},{"taxonomy":"product_cat","embeddable":true,"href":"https:\/\/roveyayinevi.com.tr\/index.php\/wp-json\/wp\/v2\/product_cat?post=726719"},{"taxonomy":"product_tag","embeddable":true,"href":"https:\/\/roveyayinevi.com.tr\/index.php\/wp-json\/wp\/v2\/product_tag?post=726719"}],"curies":[{"name":"wp","href":"https:\/\/api.w.org\/{rel}","templated":true}]}}