{"id":726717,"date":"2025-08-27T20:10:59","date_gmt":"2025-08-27T17:10:59","guid":{"rendered":"https:\/\/roveyayinevi.com.tr\/index.php\/urun\/felsefe-i\/"},"modified":"2026-04-16T02:34:43","modified_gmt":"2026-04-15T23:34:43","slug":"felsefe-i","status":"publish","type":"product","link":"https:\/\/roveyayinevi.com.tr\/index.php\/urun\/felsefe-i\/","title":{"rendered":"Felsefe I"},"content":{"rendered":"<p>\u0130sl\u00e2m Felsefesi Pratik Felsefe (Ameli Hikmet) Teh\u00e2f\u00fct Gelene\u011fi Teorik Felsefe Mant\u0131k Bilgi Felsefesi Do\u011fa Felsefesi Ahl\u00e2k Felsefesi \u0130lahiyat \/ Ontoloji Ebed\u00ee \u2013Ezel\u00ee Eskatoloji Evrimci Yarat\u0131l\u0131\u015f Hak Hal Teorisi \u0130lk Felsefe \u0130nan\u00e7 Metafizik Mucize Sud\u00fbr Teorisi Tanr\u0131 Vahdet-\u0130 V\u00fcc\u00fbd Vahiy <\/p>\n","protected":false},"excerpt":{"rendered":"<p>\u0130sl\u00e2m Felsefesi Pratik Felsefe (Ameli Hikmet) Teh\u00e2f\u00fct Gelene\u011fi Teorik Felsefe Mant\u0131k Bilgi Felsefesi Do\u011fa Felsefesi Ahl\u00e2k Felsefesi \u0130lahiyat \/ Ontoloji Ebed\u00ee \u2013Ezel\u00ee Eskatoloji Evrimci Yarat\u0131l\u0131\u015f Hak<span class=\"excerpt-hellip\"> [\u2026]<\/span><\/p>\n","protected":false},"featured_media":0,"template":"","meta":{"_monsterinsights_skip_tracking":false,"_monsterinsights_sitenote_active":false,"_monsterinsights_sitenote_note":"","_monsterinsights_sitenote_category":0},"product_brand":[],"product_cat":[19998,12388],"product_tag":[],"class_list":{"0":"post-726717","1":"product","2":"type-product","3":"status-publish","5":"product_cat-din-felsefesi","6":"product_cat-felsefe","7":"pa_cilt-ciltsiz","8":"pa_tur-kitap","9":"pa_yayinevi-gazi-kitabevi","10":"pa_yazar-omer-ali-yildirim","12":"first","13":"instock","14":"sale","15":"shipping-taxable","16":"purchasable","17":"product-type-simple"},"_links":{"self":[{"href":"https:\/\/roveyayinevi.com.tr\/index.php\/wp-json\/wp\/v2\/product\/726717","targetHints":{"allow":["GET"]}}],"collection":[{"href":"https:\/\/roveyayinevi.com.tr\/index.php\/wp-json\/wp\/v2\/product"}],"about":[{"href":"https:\/\/roveyayinevi.com.tr\/index.php\/wp-json\/wp\/v2\/types\/product"}],"wp:attachment":[{"href":"https:\/\/roveyayinevi.com.tr\/index.php\/wp-json\/wp\/v2\/media?parent=726717"}],"wp:term":[{"taxonomy":"product_brand","embeddable":true,"href":"https:\/\/roveyayinevi.com.tr\/index.php\/wp-json\/wp\/v2\/product_brand?post=726717"},{"taxonomy":"product_cat","embeddable":true,"href":"https:\/\/roveyayinevi.com.tr\/index.php\/wp-json\/wp\/v2\/product_cat?post=726717"},{"taxonomy":"product_tag","embeddable":true,"href":"https:\/\/roveyayinevi.com.tr\/index.php\/wp-json\/wp\/v2\/product_tag?post=726717"}],"curies":[{"name":"wp","href":"https:\/\/api.w.org\/{rel}","templated":true}]}}