{"id":726704,"date":"2025-08-27T20:10:48","date_gmt":"2025-08-27T17:10:48","guid":{"rendered":"https:\/\/roveyayinevi.com.tr\/index.php\/urun\/diclenin-yakarisi-diclenin-sesi-1\/"},"modified":"2026-04-08T02:43:24","modified_gmt":"2026-04-07T23:43:24","slug":"diclenin-yakarisi-diclenin-sesi-1","status":"publish","type":"product","link":"https:\/\/roveyayinevi.com.tr\/index.php\/urun\/diclenin-yakarisi-diclenin-sesi-1\/","title":{"rendered":"Dicle&#8217;nin Yakar\u0131\u015f\u0131 &#8211; Dicle&#8217;nin Sesi 1"},"content":{"rendered":"<p>Dicle&#8217;nin Yakar\u0131\u015f\u0131, K\u00fcrt, T\u00fcrk, Arap, Ezidi, Nasturi ve Ermeni halklar\u0131n\u0131n birlik i\u00e7inde, karde\u015f\u00e7e ya\u015fad\u0131klar\u0131 \u00e7okk\u00fclt\u00fcrl\u00fc Mezopotamya co\u011frafyas\u0131n\u0131n d\u00fcn\u00fcyle bug\u00fcn\u00fc aras\u0131nda sa\u011flam k\u00f6pr\u00fcler kuran modern bir destand\u0131r.Toplumsal belle\u011fin temsiline d\u00f6n\u00fc\u015fen Dengb\u00eaj B\u0131ro k\u0131s\u0131lan seslere, \u00fczeri \u00f6rt\u00fclen ac\u0131lara, unutulanlar\u0131n, yok say\u0131lanlar\u0131n ya\u015fanm\u0131\u015fl\u0131klar\u0131na, ge\u00e7mi\u015fe oldu\u011fu kadar bug\u00fcne de nefes verir. Bu soluksuz ve uzun yolculukta k\u00e2h keyiflenir, k\u00e2h h\u00fcz\u00fcnlenir, sevin\u00e7lere, kederlere ama en \u00e7ok \u00f6l\u00fcmlere, kanl\u0131 katliamlara tan\u0131kl\u0131k eder. Mehmed Uzun, B\u0131ro arac\u0131l\u0131\u011f\u0131yla Botan emirlerinin soyundan Mir Bedirhan&#8217;\u0131n ya\u015fam\u0131n\u0131 kar\u0131nca sabr\u0131yla, ilmek ilmek i\u015flerken Ester&#8217;i, Heme&#8217;yi, Gul\u00eez\u00ear&#8217;i, Arm\u00ea&#8217;yi, Mam Sefo&#8217;yu \u00f6l\u00fcms\u00fczle\u015ftirir, &#8220;Dicle&#8217;nin Sesi&#8221;ni \u00e7o\u011faltarak okurla bulu\u015fturur&#8230;<\/p>\n","protected":false},"excerpt":{"rendered":"<p>Dicle&#8217;nin Yakar\u0131\u015f\u0131, K\u00fcrt, T\u00fcrk, Arap, Ezidi, Nasturi ve Ermeni halklar\u0131n\u0131n birlik i\u00e7inde, karde\u015f\u00e7e ya\u015fad\u0131klar\u0131 \u00e7okk\u00fclt\u00fcrl\u00fc Mezopotamya co\u011frafyas\u0131n\u0131n d\u00fcn\u00fcyle bug\u00fcn\u00fc aras\u0131nda sa\u011flam k\u00f6pr\u00fcler kuran modern bir destand\u0131r.Toplumsal<span class=\"excerpt-hellip\"> [\u2026]<\/span><\/p>\n","protected":false},"featured_media":0,"template":"","meta":{"_monsterinsights_skip_tracking":false,"_monsterinsights_sitenote_active":false,"_monsterinsights_sitenote_note":"","_monsterinsights_sitenote_category":0},"product_brand":[],"product_cat":[12291,12711],"product_tag":[],"class_list":{"0":"post-726704","1":"product","2":"type-product","3":"status-publish","5":"product_cat-edebiyat","6":"product_cat-roman-oyku","7":"pa_cilt-ciltsiz","8":"pa_tur-kitap","9":"pa_yayinevi-sel-yayincilik","10":"pa_yazar-mehmed-uzun","12":"first","13":"instock","14":"sale","15":"shipping-taxable","16":"purchasable","17":"product-type-simple"},"_links":{"self":[{"href":"https:\/\/roveyayinevi.com.tr\/index.php\/wp-json\/wp\/v2\/product\/726704","targetHints":{"allow":["GET"]}}],"collection":[{"href":"https:\/\/roveyayinevi.com.tr\/index.php\/wp-json\/wp\/v2\/product"}],"about":[{"href":"https:\/\/roveyayinevi.com.tr\/index.php\/wp-json\/wp\/v2\/types\/product"}],"wp:attachment":[{"href":"https:\/\/roveyayinevi.com.tr\/index.php\/wp-json\/wp\/v2\/media?parent=726704"}],"wp:term":[{"taxonomy":"product_brand","embeddable":true,"href":"https:\/\/roveyayinevi.com.tr\/index.php\/wp-json\/wp\/v2\/product_brand?post=726704"},{"taxonomy":"product_cat","embeddable":true,"href":"https:\/\/roveyayinevi.com.tr\/index.php\/wp-json\/wp\/v2\/product_cat?post=726704"},{"taxonomy":"product_tag","embeddable":true,"href":"https:\/\/roveyayinevi.com.tr\/index.php\/wp-json\/wp\/v2\/product_tag?post=726704"}],"curies":[{"name":"wp","href":"https:\/\/api.w.org\/{rel}","templated":true}]}}