{"id":726686,"date":"2025-08-27T20:10:29","date_gmt":"2025-08-27T17:10:29","guid":{"rendered":"https:\/\/roveyayinevi.com.tr\/index.php\/urun\/guzel-bir-gun-gordumse\/"},"modified":"2026-04-16T02:34:42","modified_gmt":"2026-04-15T23:34:42","slug":"guzel-bir-gun-gordumse","status":"publish","type":"product","link":"https:\/\/roveyayinevi.com.tr\/index.php\/urun\/guzel-bir-gun-gordumse\/","title":{"rendered":"G\u00fczel Bir G\u00fcn G\u00f6rd\u00fcmse"},"content":{"rendered":"<p>Sesini yaln\u0131zl\u0131\u011f\u0131ma ku\u015fan\u0131yorum G\u00fczel bir anne a\u011fl\u0131yor ard\u0131mdan Lekesizce b\u00fcy\u00fcyor deryadil \u00e7ocuklu\u011fum Ak\u015fam aldatm\u0131yor o bildik sokaklar\u0131 Bir f\u0131s\u0131lt\u0131, bir ba\u015fak, bir dilim \u015fark\u0131 \u0130\u00e7imin beyazl\u0131\u011f\u0131na uzan\u0131yorum. <\/p>\n","protected":false},"excerpt":{"rendered":"<p>Sesini yaln\u0131zl\u0131\u011f\u0131ma ku\u015fan\u0131yorum G\u00fczel bir anne a\u011fl\u0131yor ard\u0131mdan Lekesizce b\u00fcy\u00fcyor deryadil \u00e7ocuklu\u011fum Ak\u015fam aldatm\u0131yor o bildik sokaklar\u0131 Bir f\u0131s\u0131lt\u0131, bir ba\u015fak, bir dilim \u015fark\u0131 \u0130\u00e7imin beyazl\u0131\u011f\u0131na<span class=\"excerpt-hellip\"> [\u2026]<\/span><\/p>\n","protected":false},"featured_media":0,"template":"","meta":{"_monsterinsights_skip_tracking":false,"_monsterinsights_sitenote_active":false,"_monsterinsights_sitenote_note":"","_monsterinsights_sitenote_category":0},"product_brand":[],"product_cat":[12291,12509],"product_tag":[],"class_list":{"0":"post-726686","1":"product","2":"type-product","3":"status-publish","5":"product_cat-edebiyat","6":"product_cat-siir","7":"pa_cilt-ciltsiz","8":"pa_tur-kitap","9":"pa_yayinevi-muhit-kitap","10":"pa_yazar-ali-emre","12":"first","13":"instock","14":"sale","15":"shipping-taxable","16":"purchasable","17":"product-type-simple"},"_links":{"self":[{"href":"https:\/\/roveyayinevi.com.tr\/index.php\/wp-json\/wp\/v2\/product\/726686","targetHints":{"allow":["GET"]}}],"collection":[{"href":"https:\/\/roveyayinevi.com.tr\/index.php\/wp-json\/wp\/v2\/product"}],"about":[{"href":"https:\/\/roveyayinevi.com.tr\/index.php\/wp-json\/wp\/v2\/types\/product"}],"wp:attachment":[{"href":"https:\/\/roveyayinevi.com.tr\/index.php\/wp-json\/wp\/v2\/media?parent=726686"}],"wp:term":[{"taxonomy":"product_brand","embeddable":true,"href":"https:\/\/roveyayinevi.com.tr\/index.php\/wp-json\/wp\/v2\/product_brand?post=726686"},{"taxonomy":"product_cat","embeddable":true,"href":"https:\/\/roveyayinevi.com.tr\/index.php\/wp-json\/wp\/v2\/product_cat?post=726686"},{"taxonomy":"product_tag","embeddable":true,"href":"https:\/\/roveyayinevi.com.tr\/index.php\/wp-json\/wp\/v2\/product_tag?post=726686"}],"curies":[{"name":"wp","href":"https:\/\/api.w.org\/{rel}","templated":true}]}}