{"id":726666,"date":"2025-08-27T20:10:14","date_gmt":"2025-08-27T17:10:14","guid":{"rendered":"https:\/\/roveyayinevi.com.tr\/index.php\/urun\/gunes-ve-arslan\/"},"modified":"2026-04-16T02:34:42","modified_gmt":"2026-04-15T23:34:42","slug":"gunes-ve-arslan","status":"publish","type":"product","link":"https:\/\/roveyayinevi.com.tr\/index.php\/urun\/gunes-ve-arslan\/","title":{"rendered":"G\u00fcne\u015f ve Arslan"},"content":{"rendered":"<p>Tar\u0131k Bu\u011fra\u2019n\u0131n be\u015finci oyunu G\u00fcne\u015f ve Arslan ilk olarak \u00d6t\u00fcken Ne\u015friyat taraf\u0131ndan 1988 y\u0131l\u0131nda yay\u0131mlanm\u0131\u015ft\u0131r. G\u00fcne\u015f ve Arslan Tar\u0131k Bu\u011fra\u2019n\u0131n ifadesiyle \u201cTarih\u00ee bir oyun de\u011fildir, belki bir masald\u0131r; ama evvel zaman i\u00e7inde yerine, gelecek zamanlar i\u00e7inde diye ba\u015flanacak bir masal\u201dd\u0131r. Ve Bu\u011fra \u015fu s\u00f6zlerle devam eder: \u201cGelecek zamanlar i\u00e7inde\u201d diye ba\u015flanacak bir masald\u0131r ki, mutlu bir d\u00fcnyan\u0131n olabilece\u011fini, y\u00e2ni sevginin, bar\u0131\u015f\u0131n, ba\u011f\u0131ms\u0131zl\u0131\u011f\u0131n, ezmek, h\u00fckmetmek, s\u00f6m\u00fcrmek tutkusunu yenebilece\u011fini anlatmaya, hi\u00e7 de\u011filse d\u00fc\u015f\u00fcnd\u00fcrtmeye y\u00f6nelir.<\/p>\n","protected":false},"excerpt":{"rendered":"<p>Tar\u0131k Bu\u011fra\u2019n\u0131n be\u015finci oyunu G\u00fcne\u015f ve Arslan ilk olarak \u00d6t\u00fcken Ne\u015friyat taraf\u0131ndan 1988 y\u0131l\u0131nda yay\u0131mlanm\u0131\u015ft\u0131r. G\u00fcne\u015f ve Arslan Tar\u0131k Bu\u011fra\u2019n\u0131n ifadesiyle \u201cTarih\u00ee bir oyun de\u011fildir, belki<span class=\"excerpt-hellip\"> [\u2026]<\/span><\/p>\n","protected":false},"featured_media":0,"template":"","meta":{"_monsterinsights_skip_tracking":false,"_monsterinsights_sitenote_active":false,"_monsterinsights_sitenote_note":"","_monsterinsights_sitenote_category":0},"product_brand":[],"product_cat":[12409,12408],"product_tag":[],"class_list":{"0":"post-726666","1":"product","2":"type-product","3":"status-publish","5":"product_cat-fotograf-sinema-tiyatro","6":"product_cat-sanat","7":"pa_cilt-ciltsiz","8":"pa_tur-kitap","9":"pa_yayinevi-otuken-nesriyat","10":"pa_yazar-tarik-bugra","12":"first","13":"instock","14":"sale","15":"shipping-taxable","16":"purchasable","17":"product-type-simple"},"_links":{"self":[{"href":"https:\/\/roveyayinevi.com.tr\/index.php\/wp-json\/wp\/v2\/product\/726666","targetHints":{"allow":["GET"]}}],"collection":[{"href":"https:\/\/roveyayinevi.com.tr\/index.php\/wp-json\/wp\/v2\/product"}],"about":[{"href":"https:\/\/roveyayinevi.com.tr\/index.php\/wp-json\/wp\/v2\/types\/product"}],"wp:attachment":[{"href":"https:\/\/roveyayinevi.com.tr\/index.php\/wp-json\/wp\/v2\/media?parent=726666"}],"wp:term":[{"taxonomy":"product_brand","embeddable":true,"href":"https:\/\/roveyayinevi.com.tr\/index.php\/wp-json\/wp\/v2\/product_brand?post=726666"},{"taxonomy":"product_cat","embeddable":true,"href":"https:\/\/roveyayinevi.com.tr\/index.php\/wp-json\/wp\/v2\/product_cat?post=726666"},{"taxonomy":"product_tag","embeddable":true,"href":"https:\/\/roveyayinevi.com.tr\/index.php\/wp-json\/wp\/v2\/product_tag?post=726666"}],"curies":[{"name":"wp","href":"https:\/\/api.w.org\/{rel}","templated":true}]}}