{"id":726639,"date":"2025-08-27T20:09:52","date_gmt":"2025-08-27T17:09:52","guid":{"rendered":"https:\/\/roveyayinevi.com.tr\/index.php\/urun\/babam-iflas-edince\/"},"modified":"2026-04-16T02:34:41","modified_gmt":"2026-04-15T23:34:41","slug":"babam-iflas-edince","status":"publish","type":"product","link":"https:\/\/roveyayinevi.com.tr\/index.php\/urun\/babam-iflas-edince\/","title":{"rendered":"Babam \u0130flas Edince"},"content":{"rendered":"<p>Her \u015feyinizin elinizden al\u0131naca\u011f\u0131n\u0131 s\u00f6yleseler ne yapard\u0131n\u0131z? Bir \u00e7are arard\u0131n\u0131z elbette. Ben de \u00f6yle yapt\u0131m. \u00c7aremi buldum\u2026 Ya da belam\u0131!   L\u00fcks markalar, bitmeyen al\u0131\u015fveri\u015fler, s\u00fcsl\u00fc k\u0131yafetler, y\u00fcksek topuklar\u2026 G\u00fczelli\u011fimi tamamlayan bu \u015feyler, hayattaki tek \u00f6nceli\u011fimdi. Zengin babam sayesinde istedi\u011fim her an onlara sahip olabiliyordum ve her \u015fey m\u00fckemmeldi.   Sonra bir anda babam iflas etti! Nefes almam\u0131 sa\u011flayan markalar\u0131m ellerimden kayarken, ailem d\u00fc\u015fmeden \u00f6nce bana bir halat uzatt\u0131. Murat Arsever\u2019i\u2026 O zengin, yak\u0131\u015f\u0131kl\u0131, harika ve biraz cimri adam\u0131\u2026   Murat\u2019la evlenirsem l\u00fcks hayat\u0131ma devam edebilirdim. Onunla evlenmeliydim\u2026 \u0130\u015fte bu kadar basitti&#8230; Ya da de\u011fildi!   \u00c7\u00fcnk\u00fc biz, paran\u0131n iki y\u00fcz\u00fc kadar farkl\u0131yd\u0131k\u2026 Murat ama\u00e7lar\u0131, de\u011ferleri, kurallar\u0131 olan, dedi\u011fim dedik biriyken; benim tek amac\u0131m l\u00fcks\u00fcm\u00fc s\u00fcrd\u00fcrecek zengin bir kocayd\u0131. Ben onu tan\u0131d\u0131k\u00e7a ona \u00e2\u015f\u0131k oldum. Oysa Murat, beni tan\u0131d\u0131k\u00e7a benden nefret etti.   En g\u00f6z al\u0131c\u0131 vitrinleri sollay\u0131p kalbimdeki ma\u011fazaya krall\u0131\u011f\u0131n\u0131 kuran bu adama a\u015fk\u0131m\u0131 kan\u0131tlamam ve onun da beni sevmesini sa\u011flamam gerekiyordu. Gard\u0131robum i\u00e7in\u2026 Hayat\u0131m i\u00e7in\u2026 En \u00e7ok da kalbim i\u00e7in\u2026 <\/p>\n","protected":false},"excerpt":{"rendered":"<p>Her \u015feyinizin elinizden al\u0131naca\u011f\u0131n\u0131 s\u00f6yleseler ne yapard\u0131n\u0131z? Bir \u00e7are arard\u0131n\u0131z elbette. Ben de \u00f6yle yapt\u0131m. \u00c7aremi buldum\u2026 Ya da belam\u0131! L\u00fcks markalar, bitmeyen al\u0131\u015fveri\u015fler, s\u00fcsl\u00fc k\u0131yafetler,<span class=\"excerpt-hellip\"> [\u2026]<\/span><\/p>\n","protected":false},"featured_media":0,"template":"","meta":{"_monsterinsights_skip_tracking":false,"_monsterinsights_sitenote_active":false,"_monsterinsights_sitenote_note":"","_monsterinsights_sitenote_category":0},"product_brand":[],"product_cat":[12291,14825],"product_tag":[],"class_list":{"0":"post-726639","1":"product","2":"type-product","3":"status-publish","5":"product_cat-edebiyat","6":"product_cat-mizah","7":"pa_cilt-ciltsiz","8":"pa_tur-kitap","9":"pa_yayinevi-ephesus-yayinlari","10":"pa_yazar-asude","12":"first","13":"instock","14":"sale","15":"shipping-taxable","16":"purchasable","17":"product-type-simple"},"_links":{"self":[{"href":"https:\/\/roveyayinevi.com.tr\/index.php\/wp-json\/wp\/v2\/product\/726639","targetHints":{"allow":["GET"]}}],"collection":[{"href":"https:\/\/roveyayinevi.com.tr\/index.php\/wp-json\/wp\/v2\/product"}],"about":[{"href":"https:\/\/roveyayinevi.com.tr\/index.php\/wp-json\/wp\/v2\/types\/product"}],"wp:attachment":[{"href":"https:\/\/roveyayinevi.com.tr\/index.php\/wp-json\/wp\/v2\/media?parent=726639"}],"wp:term":[{"taxonomy":"product_brand","embeddable":true,"href":"https:\/\/roveyayinevi.com.tr\/index.php\/wp-json\/wp\/v2\/product_brand?post=726639"},{"taxonomy":"product_cat","embeddable":true,"href":"https:\/\/roveyayinevi.com.tr\/index.php\/wp-json\/wp\/v2\/product_cat?post=726639"},{"taxonomy":"product_tag","embeddable":true,"href":"https:\/\/roveyayinevi.com.tr\/index.php\/wp-json\/wp\/v2\/product_tag?post=726639"}],"curies":[{"name":"wp","href":"https:\/\/api.w.org\/{rel}","templated":true}]}}