{"id":726636,"date":"2025-08-27T20:09:49","date_gmt":"2025-08-27T17:09:49","guid":{"rendered":"https:\/\/roveyayinevi.com.tr\/index.php\/urun\/disiplinlerarasi-bir-bakisla-sanat-yazilari\/"},"modified":"2026-04-16T02:34:41","modified_gmt":"2026-04-15T23:34:41","slug":"disiplinlerarasi-bir-bakisla-sanat-yazilari","status":"publish","type":"product","link":"https:\/\/roveyayinevi.com.tr\/index.php\/urun\/disiplinlerarasi-bir-bakisla-sanat-yazilari\/","title":{"rendered":"Disiplinleraras\u0131 Bir Bak\u0131\u015fla Sanat Yaz\u0131lar\u0131"},"content":{"rendered":"<p>Ahmet Hamdi Tanp\u0131nar\u2019\u0131n me\u015fhur yap\u0131t\u0131 Saatleri Ayarlama Enstit\u00fcs\u00fc\u2019nde, Hayri \u0130rdal \u015funlar\u0131 s\u00f6yler: \u201cParmakl\u0131\u011f\u0131n kendisine gelince, bu g\u00fczel sanat eserini ilk ke\u015ffeden, onun kar\u015f\u0131s\u0131nda hayranl\u0131k duyan benim. Onun g\u00fczelli\u011fini ben fark ettim. Onu antikac\u0131n\u0131n d\u00fckk\u00e2n\u0131nda ben yakalad\u0131m. Herhangi bir anlay\u0131\u015fs\u0131z ele d\u00fc\u015fmesini ben \u00f6nledim. H\u00fcl\u00e2sa onu ben kurtard\u0131m. Kurtard\u0131\u011f\u0131m \u015feyi kendi evimde emniyet alt\u0131na almam, bir daha olur olmaz maceralara d\u00fc\u015fmemesini temin etmem kadar do\u011fru bir \u015fey olur mu? Sonra ondan benim kadar kim zevk alabilir? \u0130nce arabeski aras\u0131ndan kendi mazisini, b\u00fct\u00fcn o garip insan kalabal\u0131\u011f\u0131yla beraber kim seyredebilir?\u201d<\/p>\n","protected":false},"excerpt":{"rendered":"<p>Ahmet Hamdi Tanp\u0131nar\u2019\u0131n me\u015fhur yap\u0131t\u0131 Saatleri Ayarlama Enstit\u00fcs\u00fc\u2019nde, Hayri \u0130rdal \u015funlar\u0131 s\u00f6yler: \u201cParmakl\u0131\u011f\u0131n kendisine gelince, bu g\u00fczel sanat eserini ilk ke\u015ffeden, onun kar\u015f\u0131s\u0131nda hayranl\u0131k duyan benim.<span class=\"excerpt-hellip\"> [\u2026]<\/span><\/p>\n","protected":false},"featured_media":0,"template":"","meta":{"_monsterinsights_skip_tracking":false,"_monsterinsights_sitenote_active":false,"_monsterinsights_sitenote_note":"","_monsterinsights_sitenote_category":0},"product_brand":[],"product_cat":[44608,12408],"product_tag":[],"class_list":{"0":"post-726636","1":"product","2":"type-product","3":"status-publish","5":"product_cat-diger-sanat","6":"product_cat-sanat","7":"pa_cilt-ciltsiz","8":"pa_tur-kitap","9":"pa_yayinevi-pinhan-yayincilik","10":"pa_yazar-pinhan-yayincilik-kolektif","12":"first","13":"instock","14":"sale","15":"shipping-taxable","16":"purchasable","17":"product-type-simple"},"_links":{"self":[{"href":"https:\/\/roveyayinevi.com.tr\/index.php\/wp-json\/wp\/v2\/product\/726636","targetHints":{"allow":["GET"]}}],"collection":[{"href":"https:\/\/roveyayinevi.com.tr\/index.php\/wp-json\/wp\/v2\/product"}],"about":[{"href":"https:\/\/roveyayinevi.com.tr\/index.php\/wp-json\/wp\/v2\/types\/product"}],"wp:attachment":[{"href":"https:\/\/roveyayinevi.com.tr\/index.php\/wp-json\/wp\/v2\/media?parent=726636"}],"wp:term":[{"taxonomy":"product_brand","embeddable":true,"href":"https:\/\/roveyayinevi.com.tr\/index.php\/wp-json\/wp\/v2\/product_brand?post=726636"},{"taxonomy":"product_cat","embeddable":true,"href":"https:\/\/roveyayinevi.com.tr\/index.php\/wp-json\/wp\/v2\/product_cat?post=726636"},{"taxonomy":"product_tag","embeddable":true,"href":"https:\/\/roveyayinevi.com.tr\/index.php\/wp-json\/wp\/v2\/product_tag?post=726636"}],"curies":[{"name":"wp","href":"https:\/\/api.w.org\/{rel}","templated":true}]}}