{"id":726612,"date":"2025-08-27T20:09:19","date_gmt":"2025-08-27T17:09:19","guid":{"rendered":"https:\/\/roveyayinevi.com.tr\/index.php\/urun\/ey-ask-bizi-affet\/"},"modified":"2026-04-16T02:34:11","modified_gmt":"2026-04-15T23:34:11","slug":"ey-ask-bizi-affet","status":"publish","type":"product","link":"https:\/\/roveyayinevi.com.tr\/index.php\/urun\/ey-ask-bizi-affet\/","title":{"rendered":"Ey A\u015fk! Bizi Affet"},"content":{"rendered":"<p>\u015eimdi bir a\u015fk laz\u0131m bize Bir de a\u015fk Ve bir daha a\u015fk. Ya Hu\u2026 Ey kalbim, neden a\u011flars\u0131n? Senin Rabbin var. Bazen susars\u0131n. \u0130\u00e7inde \u00e7oktan d\u00fcnyan\u0131n en uzun c\u00fcmlesini kurmu\u015fsundur. Kime a\u00e7san, kime anlatsan anlamazlar. Dile d\u00fc\u015fse dili yakar. Susmak ne uzun c\u00fcmle, kitaplara dahi s\u0131\u011fmaz. \u015eimdi bir a\u015fk laz\u0131m bize Bir de a\u015fk Ve bir daha a\u015fk. Ya Hu\u2026 O\u2019na, hep en g\u00fczele giden yollar laz\u0131m. Ba\u015fka kurtulu\u015fu yok bu d\u00fcnya dura\u011f\u0131n\u0131n. Ba\u015fka hi\u00e7bir ayd\u0131nl\u0131k ayd\u0131nlatamaz karanl\u0131klar\u0131. Sadece siz yaln\u0131z de\u011filsiniz. Hepimiz bir yaln\u0131zl\u0131\u011f\u0131 payla\u015f\u0131yoruz. Allah\u2019\u0131m, d\u00fcnya onlar\u0131n olsun. Bana Sen laz\u0131ms\u0131n. <\/p>\n","protected":false},"excerpt":{"rendered":"<p>\u015eimdi bir a\u015fk laz\u0131m bize Bir de a\u015fk Ve bir daha a\u015fk. Ya Hu\u2026 Ey kalbim, neden a\u011flars\u0131n? Senin Rabbin var. Bazen susars\u0131n. \u0130\u00e7inde \u00e7oktan d\u00fcnyan\u0131n<span class=\"excerpt-hellip\"> [\u2026]<\/span><\/p>\n","protected":false},"featured_media":0,"template":"","meta":{"_monsterinsights_skip_tracking":false,"_monsterinsights_sitenote_active":false,"_monsterinsights_sitenote_note":"","_monsterinsights_sitenote_category":0},"product_brand":[],"product_cat":[12777,12291],"product_tag":[],"class_list":{"0":"post-726612","1":"product","2":"type-product","3":"status-publish","5":"product_cat-deneme","6":"product_cat-edebiyat","7":"pa_cilt-ciltsiz","8":"pa_tur-kitap","9":"pa_yayinevi-hayykitap","10":"pa_yazar-fatih-aydemir","12":"first","13":"instock","14":"sale","15":"shipping-taxable","16":"purchasable","17":"product-type-simple"},"_links":{"self":[{"href":"https:\/\/roveyayinevi.com.tr\/index.php\/wp-json\/wp\/v2\/product\/726612","targetHints":{"allow":["GET"]}}],"collection":[{"href":"https:\/\/roveyayinevi.com.tr\/index.php\/wp-json\/wp\/v2\/product"}],"about":[{"href":"https:\/\/roveyayinevi.com.tr\/index.php\/wp-json\/wp\/v2\/types\/product"}],"wp:attachment":[{"href":"https:\/\/roveyayinevi.com.tr\/index.php\/wp-json\/wp\/v2\/media?parent=726612"}],"wp:term":[{"taxonomy":"product_brand","embeddable":true,"href":"https:\/\/roveyayinevi.com.tr\/index.php\/wp-json\/wp\/v2\/product_brand?post=726612"},{"taxonomy":"product_cat","embeddable":true,"href":"https:\/\/roveyayinevi.com.tr\/index.php\/wp-json\/wp\/v2\/product_cat?post=726612"},{"taxonomy":"product_tag","embeddable":true,"href":"https:\/\/roveyayinevi.com.tr\/index.php\/wp-json\/wp\/v2\/product_tag?post=726612"}],"curies":[{"name":"wp","href":"https:\/\/api.w.org\/{rel}","templated":true}]}}