{"id":726611,"date":"2025-08-27T20:09:18","date_gmt":"2025-08-27T17:09:18","guid":{"rendered":"https:\/\/roveyayinevi.com.tr\/index.php\/urun\/dus-yakamdan-hayat\/"},"modified":"2026-04-13T02:42:26","modified_gmt":"2026-04-12T23:42:26","slug":"dus-yakamdan-hayat","status":"publish","type":"product","link":"https:\/\/roveyayinevi.com.tr\/index.php\/urun\/dus-yakamdan-hayat\/","title":{"rendered":"D\u00fc\u015f Yakamdan Hayat"},"content":{"rendered":"<p>Beklenip de ortal\u0131kta g\u00f6r\u00fcnmedi\u011fi, ger\u00e7ekten gitti\u011finin anla\u015f\u0131ld\u0131\u011f\u0131 ikinci g\u00fcn\u00fcn ak\u015fam\u0131, annesi Ruhiye teyze evde buldu\u011fu pe\u00e7eteye yaz\u0131lm\u0131\u015f bir yaz\u0131y\u0131 g\u00f6sterdi kahvehane ahalisine. Aynen \u015funlar yaz\u0131l\u0131yd\u0131 ka\u011f\u0131tta; \u201cRuhum! Ey ezik b\u00fcz\u00fck g\u00f6r\u00fcnen ama benim sevgiden sayg\u0131dan boynu b\u00fck\u00fck duran ruhum! A\u00e7 art\u0131k g\u00f6zlerini. Birlikteyken anlam\u0131yorlarsa yoklu\u011funda anlayacaklard\u0131r. Bin ve git hayal d\u00fcnyas\u0131n\u0131n G\u00fclcemal Vapuruna. Para istemez, bilet istemez, bilirim g\u00f6n\u00fcl de gitmeyi istemez ama kalmak \u00f6l\u00fcmden beter madem &#8230;&#8230;.r git i\u015fte, h\u00e2l\u00e2 ne duruyorsun?\u201d Noktal\u0131 b\u00f6l\u00fcm muhtemelen g\u00f6z ya\u015flar\u0131yla \u0131slanm\u0131\u015f olmal\u0131yd\u0131 zira o b\u00f6l\u00fcm\u00fcn m\u00fcrekkebi da\u011f\u0131l\u0131p gitmi\u015fti. <\/p>\n","protected":false},"excerpt":{"rendered":"<p>Beklenip de ortal\u0131kta g\u00f6r\u00fcnmedi\u011fi, ger\u00e7ekten gitti\u011finin anla\u015f\u0131ld\u0131\u011f\u0131 ikinci g\u00fcn\u00fcn ak\u015fam\u0131, annesi Ruhiye teyze evde buldu\u011fu pe\u00e7eteye yaz\u0131lm\u0131\u015f bir yaz\u0131y\u0131 g\u00f6sterdi kahvehane ahalisine. Aynen \u015funlar yaz\u0131l\u0131yd\u0131 ka\u011f\u0131tta;<span class=\"excerpt-hellip\"> [\u2026]<\/span><\/p>\n","protected":false},"featured_media":0,"template":"","meta":{"_monsterinsights_skip_tracking":false,"_monsterinsights_sitenote_active":false,"_monsterinsights_sitenote_note":"","_monsterinsights_sitenote_category":0},"product_brand":[],"product_cat":[12291,12711],"product_tag":[],"class_list":{"0":"post-726611","1":"product","2":"type-product","3":"status-publish","5":"product_cat-edebiyat","6":"product_cat-roman-oyku","7":"pa_cilt-ciltsiz","8":"pa_tur-kitap","9":"pa_yayinevi-kuytu-yayinlari","10":"pa_yazar-adil-serkan-sati","12":"first","13":"instock","14":"sale","15":"shipping-taxable","16":"purchasable","17":"product-type-simple"},"_links":{"self":[{"href":"https:\/\/roveyayinevi.com.tr\/index.php\/wp-json\/wp\/v2\/product\/726611","targetHints":{"allow":["GET"]}}],"collection":[{"href":"https:\/\/roveyayinevi.com.tr\/index.php\/wp-json\/wp\/v2\/product"}],"about":[{"href":"https:\/\/roveyayinevi.com.tr\/index.php\/wp-json\/wp\/v2\/types\/product"}],"wp:attachment":[{"href":"https:\/\/roveyayinevi.com.tr\/index.php\/wp-json\/wp\/v2\/media?parent=726611"}],"wp:term":[{"taxonomy":"product_brand","embeddable":true,"href":"https:\/\/roveyayinevi.com.tr\/index.php\/wp-json\/wp\/v2\/product_brand?post=726611"},{"taxonomy":"product_cat","embeddable":true,"href":"https:\/\/roveyayinevi.com.tr\/index.php\/wp-json\/wp\/v2\/product_cat?post=726611"},{"taxonomy":"product_tag","embeddable":true,"href":"https:\/\/roveyayinevi.com.tr\/index.php\/wp-json\/wp\/v2\/product_tag?post=726611"}],"curies":[{"name":"wp","href":"https:\/\/api.w.org\/{rel}","templated":true}]}}