{"id":726599,"date":"2025-08-27T20:09:08","date_gmt":"2025-08-27T17:09:08","guid":{"rendered":"https:\/\/roveyayinevi.com.tr\/index.php\/urun\/ya-farstan-sonra\/"},"modified":"2026-04-16T02:34:11","modified_gmt":"2026-04-15T23:34:11","slug":"ya-farstan-sonra","status":"publish","type":"product","link":"https:\/\/roveyayinevi.com.tr\/index.php\/urun\/ya-farstan-sonra\/","title":{"rendered":"Ya Farstan Sonra?"},"content":{"rendered":"<p>E\u011fer trajediden sonra fars geliyorsa, farstan sonra ne geliyor? Hakikat-sonras\u0131 siyaset, g\u00fcn\u00fcm\u00fcz toplumlar\u0131n\u0131n \u00e7ok b\u00fcy\u00fck bir sorunu; fakat utan\u00e7-sonras\u0131 siyaset de \u00f6yle. Bu \u00e7ifte bela Sol\u2019un sanat\u00e7\u0131 ve ele\u015ftirmenlerini nas\u0131l bir konumda b\u0131rak\u0131yor? Kendi \u00e7eli\u015fkilerini reddeden hegemonik bir d\u00fczenin foyas\u0131 nas\u0131l ortaya \u00e7\u0131kar\u0131labilir? Utanmak nedir bilmeyen bir siyasi se\u00e7kinler grubu nas\u0131l k\u00fc\u00e7\u00fck d\u00fc\u015f\u00fcr\u00fclebilir veya abs\u00fcrt olandan beslenen liderlerle nas\u0131l dalga ge\u00e7ilebilir? Alfred Jarry\u2019nin \u00e7ocuk canavar\u0131 \u00dcb\u00fc Baba\u2019y\u0131 kendine \u00f6rnek al\u0131yormu\u015f gibi g\u00f6r\u00fcnen bir devlet ba\u015fkan\u0131, bir Dada fig\u00fcr\u00fc olmaktan nas\u0131l \u00e7\u0131kar\u0131labilir? Dahas\u0131 halihaz\u0131rda \u00f6fke ve hiddetten beslenen bir medya ekonomisine daha fazlas\u0131n\u0131 eklemenin bir mant\u0131\u011f\u0131 var m\u0131d\u0131r?Hal Foster kitab\u0131nda t\u00fcm bu sorulara ve daha fazlas\u0131na cevaplar ar\u0131yor. Sava\u015f, ter\u00f6r, g\u00f6zetim rejimi ile korkun\u00e7 e\u015fitsizlik, iklim felaketi ve medyada ya\u015fanan bozulma kar\u015f\u0131s\u0131nda sanat, ele\u015ftiri ve kurmaca alan\u0131nda ya\u015fanan de\u011fi\u015fimlere dair yapt\u0131\u011f\u0131 de\u011ferlendirmelerini bizlerle payla\u015f\u0131yor. Trump ile sembolle\u015fen mevcut kasvetli d\u00f6nemin k\u00fclt\u00fcrel kriti\u011fini incelikli ve n\u00fcansl\u0131 bir bi\u00e7imde ortaya koyuyor. Jacques Derrida, Giorgio Agamben ve Walter Benjamin gibi d\u00fc\u015f\u00fcn\u00fcrlerle de derinlikli bir diyalo\u011fa giriyor. Umudu elden b\u0131rakmayan Foster, k\u0131\u015fk\u0131rt\u0131c\u0131 sanatsal m\u00fcdahalelerin h\u00e2l\u00e2 m\u00fcmk\u00fcn oldu\u011funa bizleri ikna ediyor.<\/p>\n","protected":false},"excerpt":{"rendered":"<p>E\u011fer trajediden sonra fars geliyorsa, farstan sonra ne geliyor? Hakikat-sonras\u0131 siyaset, g\u00fcn\u00fcm\u00fcz toplumlar\u0131n\u0131n \u00e7ok b\u00fcy\u00fck bir sorunu; fakat utan\u00e7-sonras\u0131 siyaset de \u00f6yle. Bu \u00e7ifte bela Sol\u2019un<span class=\"excerpt-hellip\"> [\u2026]<\/span><\/p>\n","protected":false},"featured_media":0,"template":"","meta":{"_monsterinsights_skip_tracking":false,"_monsterinsights_sitenote_active":false,"_monsterinsights_sitenote_note":"","_monsterinsights_sitenote_category":0},"product_brand":[],"product_cat":[13548,12408],"product_tag":[],"class_list":{"0":"post-726599","1":"product","2":"type-product","3":"status-publish","5":"product_cat-kuram","6":"product_cat-sanat","7":"pa_cilt-ciltsiz","8":"pa_tur-kitap","9":"pa_yayinevi-ayrinti-yayinlari","10":"pa_yazar-hal-foster","12":"first","13":"instock","14":"sale","15":"shipping-taxable","16":"purchasable","17":"product-type-simple"},"_links":{"self":[{"href":"https:\/\/roveyayinevi.com.tr\/index.php\/wp-json\/wp\/v2\/product\/726599","targetHints":{"allow":["GET"]}}],"collection":[{"href":"https:\/\/roveyayinevi.com.tr\/index.php\/wp-json\/wp\/v2\/product"}],"about":[{"href":"https:\/\/roveyayinevi.com.tr\/index.php\/wp-json\/wp\/v2\/types\/product"}],"wp:attachment":[{"href":"https:\/\/roveyayinevi.com.tr\/index.php\/wp-json\/wp\/v2\/media?parent=726599"}],"wp:term":[{"taxonomy":"product_brand","embeddable":true,"href":"https:\/\/roveyayinevi.com.tr\/index.php\/wp-json\/wp\/v2\/product_brand?post=726599"},{"taxonomy":"product_cat","embeddable":true,"href":"https:\/\/roveyayinevi.com.tr\/index.php\/wp-json\/wp\/v2\/product_cat?post=726599"},{"taxonomy":"product_tag","embeddable":true,"href":"https:\/\/roveyayinevi.com.tr\/index.php\/wp-json\/wp\/v2\/product_tag?post=726599"}],"curies":[{"name":"wp","href":"https:\/\/api.w.org\/{rel}","templated":true}]}}