{"id":726563,"date":"2025-08-27T20:08:39","date_gmt":"2025-08-27T17:08:39","guid":{"rendered":"https:\/\/roveyayinevi.com.tr\/index.php\/urun\/dijital-cocuk\/"},"modified":"2026-04-01T02:42:10","modified_gmt":"2026-03-31T23:42:10","slug":"dijital-cocuk","status":"publish","type":"product","link":"https:\/\/roveyayinevi.com.tr\/index.php\/urun\/dijital-cocuk\/","title":{"rendered":"Dijital \u00c7ocuk"},"content":{"rendered":"<p>Vaktiyle anne ve babalar\u0131m\u0131z bizi sokaktan toplamakta zorlan\u0131yordu, \u015fimdilerde biz \u00e7ocuklar\u0131m\u0131z\u0131 ekran ba\u015f\u0131ndan almakta zorlan\u0131yoruz. Co*vid-19 pandemisinin d\u00fcnyay\u0131 kas\u0131p kavurdu\u011fu karantina g\u00fcnlerinde \u00e7ocuklar\u0131m\u0131z iyiden iyiye ekrana ba\u011fland\u0131lar. Sebepleri ne olursa olsun \u00e7ocuklar\u0131m\u0131z\u0131n ekran ba\u015f\u0131nda ge\u00e7irdikleri s\u00fcre bir\u00e7o\u011fumuzu endi\u015felendiriyor. \u201cBilgisayar ba\u011f\u0131ml\u0131l\u0131\u011f\u0131\u201d, \u201cinternet ba\u011f\u0131ml\u0131l\u0131\u011f\u0131\u201d gibi kavramlar\u0131 duyduk\u00e7a kendi \u00e7ocuklar\u0131m\u0131z i\u00e7in korkuyoruz. G\u00f6z\u00fcn\u00fc ay\u0131rmad\u0131\u011f\u0131 ekranlarda kar\u015f\u0131la\u015fabilecekleri g\u00f6r\u00fcnt\u00fclerden, uygunsuz ki\u015filerden, u\u011frayabilecekleri tacizden ve daha pek \u00e7ok \u015feyden korkuyoruz. Onlar i\u00e7in ne yapabiliriz? Kendimizi ve onlar\u0131 ekranlar\u0131n b\u00fcy\u00fcs\u00fcnden nas\u0131l al\u0131koyabiliriz? Ekran \u00fczerinden gelen yeni zorluklar nelerdir ve onlarla nas\u0131l ba\u015f edebiliriz? Bu kitap anne babalar i\u00e7in bir rehber.  Ayn\u0131 zamanda dijital d\u00fcnyadan \u00e7\u0131k\u0131p ger\u00e7ek d\u00fcnyaya birlikte ad\u0131m atman\u0131z i\u00e7in bir \u00e7a\u011fr\u0131. Mutlulu\u011fun \u2018ekranlarda\u2019 de\u011fil birbirimizin y\u00fcz\u00fcne bakmakta sakl\u0131 oldu\u011funa dair bir hat\u0131rlatma. <\/p>\n","protected":false},"excerpt":{"rendered":"<p>Vaktiyle anne ve babalar\u0131m\u0131z bizi sokaktan toplamakta zorlan\u0131yordu, \u015fimdilerde biz \u00e7ocuklar\u0131m\u0131z\u0131 ekran ba\u015f\u0131ndan almakta zorlan\u0131yoruz. Co*vid-19 pandemisinin d\u00fcnyay\u0131 kas\u0131p kavurdu\u011fu karantina g\u00fcnlerinde \u00e7ocuklar\u0131m\u0131z iyiden iyiye ekrana<span class=\"excerpt-hellip\"> [\u2026]<\/span><\/p>\n","protected":false},"featured_media":0,"template":"","meta":{"_monsterinsights_skip_tracking":false,"_monsterinsights_sitenote_active":false,"_monsterinsights_sitenote_note":"","_monsterinsights_sitenote_category":0},"product_brand":[],"product_cat":[12679,12357],"product_tag":[],"class_list":{"0":"post-726563","1":"product","2":"type-product","3":"status-publish","5":"product_cat-cocuk-psikolojisi","6":"product_cat-psikoloji","7":"pa_cilt-ciltsiz","8":"pa_tur-kitap","9":"pa_yayinevi-kapi-yayinlari","10":"pa_yazar-kemal-sayar-sezin-benli","12":"first","13":"instock","14":"sale","15":"shipping-taxable","16":"purchasable","17":"product-type-simple"},"_links":{"self":[{"href":"https:\/\/roveyayinevi.com.tr\/index.php\/wp-json\/wp\/v2\/product\/726563","targetHints":{"allow":["GET"]}}],"collection":[{"href":"https:\/\/roveyayinevi.com.tr\/index.php\/wp-json\/wp\/v2\/product"}],"about":[{"href":"https:\/\/roveyayinevi.com.tr\/index.php\/wp-json\/wp\/v2\/types\/product"}],"wp:attachment":[{"href":"https:\/\/roveyayinevi.com.tr\/index.php\/wp-json\/wp\/v2\/media?parent=726563"}],"wp:term":[{"taxonomy":"product_brand","embeddable":true,"href":"https:\/\/roveyayinevi.com.tr\/index.php\/wp-json\/wp\/v2\/product_brand?post=726563"},{"taxonomy":"product_cat","embeddable":true,"href":"https:\/\/roveyayinevi.com.tr\/index.php\/wp-json\/wp\/v2\/product_cat?post=726563"},{"taxonomy":"product_tag","embeddable":true,"href":"https:\/\/roveyayinevi.com.tr\/index.php\/wp-json\/wp\/v2\/product_tag?post=726563"}],"curies":[{"name":"wp","href":"https:\/\/api.w.org\/{rel}","templated":true}]}}