{"id":726543,"date":"2025-08-27T20:08:22","date_gmt":"2025-08-27T17:08:22","guid":{"rendered":"https:\/\/roveyayinevi.com.tr\/index.php\/urun\/denizi-kesfet-dunyayi-ogreniyorum\/"},"modified":"2026-04-16T02:34:10","modified_gmt":"2026-04-15T23:34:10","slug":"denizi-kesfet-dunyayi-ogreniyorum","status":"publish","type":"product","link":"https:\/\/roveyayinevi.com.tr\/index.php\/urun\/denizi-kesfet-dunyayi-ogreniyorum\/","title":{"rendered":"Denizi Ke\u015ffet &#8211; D\u00fcnyay\u0131 \u00d6\u011freniyorum"},"content":{"rendered":"<p>Denizlerde hangi hayvanlar ya\u015far? Kumullar nas\u0131l olu\u015fur? Kaptanlar y\u00f6nlerini nas\u0131l bulur? Palya\u00e7o bal\u0131klar\u0131 nerede ya\u015far? Okyanuslar\u0131n derinliklerinde neler vard\u0131r? Denizleri birlikte ke\u015ffedelim mi? <\/p>\n","protected":false},"excerpt":{"rendered":"<p>Denizlerde hangi hayvanlar ya\u015far? Kumullar nas\u0131l olu\u015fur? Kaptanlar y\u00f6nlerini nas\u0131l bulur? Palya\u00e7o bal\u0131klar\u0131 nerede ya\u015far? Okyanuslar\u0131n derinliklerinde neler vard\u0131r? Denizleri birlikte ke\u015ffedelim mi?<\/p>\n","protected":false},"featured_media":0,"template":"","meta":{"_monsterinsights_skip_tracking":false,"_monsterinsights_sitenote_active":false,"_monsterinsights_sitenote_note":"","_monsterinsights_sitenote_category":0},"product_brand":[],"product_cat":[12274,12518],"product_tag":[],"class_list":{"0":"post-726543","1":"product","2":"type-product","3":"status-publish","5":"product_cat-cocuk-ve-genclik-kitaplari","6":"product_cat-okul-oncesi-kitaplar","7":"pa_cilt-ciltsiz","8":"pa_tur-kitap","9":"pa_yayinevi-is-bankasi-kultur-yayinlari","10":"pa_yazar-cordula-thorner","12":"first","13":"instock","14":"sale","15":"shipping-taxable","16":"purchasable","17":"product-type-simple"},"_links":{"self":[{"href":"https:\/\/roveyayinevi.com.tr\/index.php\/wp-json\/wp\/v2\/product\/726543","targetHints":{"allow":["GET"]}}],"collection":[{"href":"https:\/\/roveyayinevi.com.tr\/index.php\/wp-json\/wp\/v2\/product"}],"about":[{"href":"https:\/\/roveyayinevi.com.tr\/index.php\/wp-json\/wp\/v2\/types\/product"}],"wp:attachment":[{"href":"https:\/\/roveyayinevi.com.tr\/index.php\/wp-json\/wp\/v2\/media?parent=726543"}],"wp:term":[{"taxonomy":"product_brand","embeddable":true,"href":"https:\/\/roveyayinevi.com.tr\/index.php\/wp-json\/wp\/v2\/product_brand?post=726543"},{"taxonomy":"product_cat","embeddable":true,"href":"https:\/\/roveyayinevi.com.tr\/index.php\/wp-json\/wp\/v2\/product_cat?post=726543"},{"taxonomy":"product_tag","embeddable":true,"href":"https:\/\/roveyayinevi.com.tr\/index.php\/wp-json\/wp\/v2\/product_tag?post=726543"}],"curies":[{"name":"wp","href":"https:\/\/api.w.org\/{rel}","templated":true}]}}