{"id":726525,"date":"2025-08-27T20:08:06","date_gmt":"2025-08-27T17:08:06","guid":{"rendered":"https:\/\/roveyayinevi.com.tr\/index.php\/urun\/iktisat-ve-tarih\/"},"modified":"2026-04-16T02:34:09","modified_gmt":"2026-04-15T23:34:09","slug":"iktisat-ve-tarih","status":"publish","type":"product","link":"https:\/\/roveyayinevi.com.tr\/index.php\/urun\/iktisat-ve-tarih\/","title":{"rendered":"\u0130ktisat ve Tarih"},"content":{"rendered":"<p>Bir &#8220;bilim&#8221; olabilmek i\u00e7in &#8220;politik&#8221; nitelik ta\u015f\u0131maktan vazge\u00e7en iktisat y\u00f6ntemsel a\u00e7\u0131dan tarihi analiz d\u0131\u015f\u0131nda tutmu\u015ftur.Bilim olarak iktisad\u0131n, do\u011fa bilimlerine yakla\u015fmas\u0131 ve fizi\u011fin y\u00f6netimini kendine rehber edinmesi iktisada teorik m\u00fckemmelik y\u00f6n\u00fcnde teknik ilerleme sa\u011flarken politik iktisad\u0131n imkanlar\u0131ndan yoksun, toplumdan, tarihten ve insandan ba\u011f\u0131ms\u0131z bir iktisat bilgisinin \u00fcretilmesine yol a\u00e7m\u0131\u015ft\u0131r. Bir ba\u015fka deyi\u015fle, iktisad\u0131n alan\u0131na piyasa ile s\u0131n\u0131rlayan statik yakla\u015f\u0131mlarda iktisat bilgisi, a priori y\u00f6ntemle, tarih d\u0131\u015f\u0131 bir alanda \u00fcretilir hale gelmi\u015ftir. Buna kar\u015f\u0131n, sermaye birikimi ve teknolojik geli\u015fme s\u00fcre\u00e7lerini ele alan kuramlar, dinamik de\u011fi\u015fme s\u00fcrecini ve dolay\u0131s\u0131yla tarihsel y\u00f6ntemi kullanmak durumundad\u0131r.\u0130ktisadi D\u00fc\u015f\u00fcnce Giri\u015fimi \u00fcyelerinin \u0130ktisat ve Tarih \u00c7al\u0131\u015ftay\u0131&#8217;nda sunduklar\u0131 metinlerden olu\u015fan bu kitap, gerek anaak\u0131m gerekse de heterodoks yakla\u015f\u0131mlar yoluyla iktisad\u0131n tarihle olan ba\u011f\u0131n\u0131 ara\u015ft\u0131r\u0131yor. Kapitalist sistemin analizinin tarihsel bir bak\u0131\u015f a\u00e7\u0131s\u0131ndan yoksun bir bi\u00e7imde yap\u0131lmas\u0131n\u0131n m\u00fcmk\u00fcn olmad\u0131\u011f\u0131 sav\u0131ndan hareketle, tarihsel yakla\u015f\u0131m\u0131n\u0131n, teorik m\u00fckemmellik ile olan \u00e7at\u0131\u015fmas\u0131n\u0131n, tarih ve iktisat ili\u015fkisini yeniden tart\u0131\u015fmaya de\u011fer k\u0131ld\u0131\u011f\u0131n\u0131 d\u00fc\u015f\u00fcn\u00fcyoruz.<\/p>\n","protected":false},"excerpt":{"rendered":"<p>Bir &#8220;bilim&#8221; olabilmek i\u00e7in &#8220;politik&#8221; nitelik ta\u015f\u0131maktan vazge\u00e7en iktisat y\u00f6ntemsel a\u00e7\u0131dan tarihi analiz d\u0131\u015f\u0131nda tutmu\u015ftur.Bilim olarak iktisad\u0131n, do\u011fa bilimlerine yakla\u015fmas\u0131 ve fizi\u011fin y\u00f6netimini kendine rehber edinmesi<span class=\"excerpt-hellip\"> [\u2026]<\/span><\/p>\n","protected":false},"featured_media":0,"template":"","meta":{"_monsterinsights_skip_tracking":false,"_monsterinsights_sitenote_active":false,"_monsterinsights_sitenote_note":"","_monsterinsights_sitenote_category":0},"product_brand":[],"product_cat":[13044,13043],"product_tag":[],"class_list":{"0":"post-726525","1":"product","2":"type-product","3":"status-publish","5":"product_cat-dunya-ekonomisi","6":"product_cat-ekonomi","7":"pa_cilt-ciltsiz","8":"pa_tur-kitap","9":"pa_yayinevi-siyasal-kitabevi-akademik-kitaplar","10":"pa_yazar-derya-guler-aydin-huseyin-ozel","12":"first","13":"instock","14":"sale","15":"shipping-taxable","16":"purchasable","17":"product-type-simple"},"_links":{"self":[{"href":"https:\/\/roveyayinevi.com.tr\/index.php\/wp-json\/wp\/v2\/product\/726525","targetHints":{"allow":["GET"]}}],"collection":[{"href":"https:\/\/roveyayinevi.com.tr\/index.php\/wp-json\/wp\/v2\/product"}],"about":[{"href":"https:\/\/roveyayinevi.com.tr\/index.php\/wp-json\/wp\/v2\/types\/product"}],"wp:attachment":[{"href":"https:\/\/roveyayinevi.com.tr\/index.php\/wp-json\/wp\/v2\/media?parent=726525"}],"wp:term":[{"taxonomy":"product_brand","embeddable":true,"href":"https:\/\/roveyayinevi.com.tr\/index.php\/wp-json\/wp\/v2\/product_brand?post=726525"},{"taxonomy":"product_cat","embeddable":true,"href":"https:\/\/roveyayinevi.com.tr\/index.php\/wp-json\/wp\/v2\/product_cat?post=726525"},{"taxonomy":"product_tag","embeddable":true,"href":"https:\/\/roveyayinevi.com.tr\/index.php\/wp-json\/wp\/v2\/product_tag?post=726525"}],"curies":[{"name":"wp","href":"https:\/\/api.w.org\/{rel}","templated":true}]}}