{"id":726519,"date":"2025-08-27T20:08:01","date_gmt":"2025-08-27T17:08:01","guid":{"rendered":"https:\/\/roveyayinevi.com.tr\/index.php\/urun\/mahabharata-vana-parva-1-cilt-3-kitap\/"},"modified":"2026-04-16T02:34:09","modified_gmt":"2026-04-15T23:34:09","slug":"mahabharata-vana-parva-1-cilt-3-kitap","status":"publish","type":"product","link":"https:\/\/roveyayinevi.com.tr\/index.php\/urun\/mahabharata-vana-parva-1-cilt-3-kitap\/","title":{"rendered":"Mahabharata &#8211; Vana Parva 1.Cilt (3. Kitap)"},"content":{"rendered":"<p>\u2026Kaderlerimiz biz hen\u00fcz do\u011fmam\u0131\u015fken bellidir. Sergiledi\u011fimiz t\u00fcm davran\u0131\u015flar kaderimizin i\u00e7ine ekilen tohumlard\u0131r. Her \u015feyi kendinden yaratan ve t\u00fcm yaratt\u0131klar\u0131n\u0131n sahibi olan, bizi t\u0131pk\u0131 kuklac\u0131n\u0131n iplere ba\u011fl\u0131 kuklalar\u0131n\u0131 oynatt\u0131\u011f\u0131 gibi oynat\u0131yor. Yaratt\u0131\u011f\u0131 her \u015feyin i\u00e7ine zuhur ediyor, t\u0131pk\u0131 bo\u015flu\u011fun her \u015feyin i\u00e7inde ba\u015f g\u00f6stermesi gibi. \u0130\u015fte bu nedenle yarat\u0131lm\u0131\u015f olan her \u015fey ona ba\u011fl\u0131d\u0131r. Bu y\u00fczden hepimiz gece g\u00fcnd\u00fcz ona ibadet ederiz. Yarat\u0131lm\u0131\u015f hi\u00e7bir varl\u0131k kendinin efendisi de\u011fildir. Nas\u0131l ki inciler ipe dizildi\u011finde ancak g\u00fczel bir kolye olur, nas\u0131l ki bir \u00f6k\u00fcz\u00fc burnuna tak\u0131lan halkadan \u00e7ekersin, nas\u0131l ki k\u00f6kleriyle yere s\u0131ms\u0131k\u0131 tutunmu\u015f bir a\u011fa\u00e7 f\u0131rt\u0131nada sa\u011fa sola savrulur ancak yerinden kopmaz, i\u015fte biz de kaderlerimizi tayin edenin emirlerini yerine getirerek ya\u015far\u0131z ve b\u00f6ylece anlam kazan\u0131r, y\u00f6n\u00fcm\u00fcz\u00fc bulur ve kaybolup gitmekten kurtuluruz. \u0130nsan t\u00fcm evreni kaplayan en saf ruhun bir par\u00e7as\u0131 olarak ya\u015fam\u0131n\u0131 s\u00fcrd\u00fcr\u00fcr. Evrenin ruhun olan  b\u00fcy\u00fck yarat\u0131c\u0131n\u0131n arzusu do\u011frultusunda ya i\u00e7inde ate\u015fler yanan bu d\u00fcnyaya geri geliriz ya da ebediyetle \u00f6d\u00fcllendiriliriz. Nas\u0131l ki bir tutam saman r\u00fczg\u00e2r\u0131n kar\u015f\u0131s\u0131nda tutunamaz ve esen y\u00f6nde savrulur durur; insan da mutlak varl\u0131k sahibinin kar\u015f\u0131s\u0131nda saklanamaz, tutunamaz ve her nereye isterse o y\u00f6ne do\u011fru hareket eder. Her \u015feyin i\u00e7ine zuhur eden, t\u00fcm davran\u0131\u015flar\u0131 ve d\u00fc\u015f\u00fcnceleri kendinden yaratan ise evrenin kendisi olarak asla bir \u015fekle sahip olmayan ve hi\u00e7 de\u011fi\u015fmeden hep kalacak oland\u0131r.<\/p>\n","protected":false},"excerpt":{"rendered":"<p>\u2026Kaderlerimiz biz hen\u00fcz do\u011fmam\u0131\u015fken bellidir. Sergiledi\u011fimiz t\u00fcm davran\u0131\u015flar kaderimizin i\u00e7ine ekilen tohumlard\u0131r. Her \u015feyi kendinden yaratan ve t\u00fcm yaratt\u0131klar\u0131n\u0131n sahibi olan, bizi t\u0131pk\u0131 kuklac\u0131n\u0131n iplere ba\u011fl\u0131<span class=\"excerpt-hellip\"> [\u2026]<\/span><\/p>\n","protected":false},"featured_media":0,"template":"","meta":{"_monsterinsights_skip_tracking":false,"_monsterinsights_sitenote_active":false,"_monsterinsights_sitenote_note":"","_monsterinsights_sitenote_category":0},"product_brand":[],"product_cat":[12291,13706],"product_tag":[],"class_list":{"0":"post-726519","1":"product","2":"type-product","3":"status-publish","5":"product_cat-edebiyat","6":"product_cat-efsane-destan-masal","7":"pa_cilt-ciltsiz","8":"pa_tur-kitap","9":"pa_yayinevi-vaveyla-yayincilik","10":"pa_yazar-ayasya","12":"first","13":"instock","14":"sale","15":"shipping-taxable","16":"purchasable","17":"product-type-simple"},"_links":{"self":[{"href":"https:\/\/roveyayinevi.com.tr\/index.php\/wp-json\/wp\/v2\/product\/726519","targetHints":{"allow":["GET"]}}],"collection":[{"href":"https:\/\/roveyayinevi.com.tr\/index.php\/wp-json\/wp\/v2\/product"}],"about":[{"href":"https:\/\/roveyayinevi.com.tr\/index.php\/wp-json\/wp\/v2\/types\/product"}],"wp:attachment":[{"href":"https:\/\/roveyayinevi.com.tr\/index.php\/wp-json\/wp\/v2\/media?parent=726519"}],"wp:term":[{"taxonomy":"product_brand","embeddable":true,"href":"https:\/\/roveyayinevi.com.tr\/index.php\/wp-json\/wp\/v2\/product_brand?post=726519"},{"taxonomy":"product_cat","embeddable":true,"href":"https:\/\/roveyayinevi.com.tr\/index.php\/wp-json\/wp\/v2\/product_cat?post=726519"},{"taxonomy":"product_tag","embeddable":true,"href":"https:\/\/roveyayinevi.com.tr\/index.php\/wp-json\/wp\/v2\/product_tag?post=726519"}],"curies":[{"name":"wp","href":"https:\/\/api.w.org\/{rel}","templated":true}]}}