{"id":726512,"date":"2025-08-27T20:07:56","date_gmt":"2025-08-27T17:07:56","guid":{"rendered":"https:\/\/roveyayinevi.com.tr\/index.php\/urun\/sormagir-mahallesi-hikayeleri\/"},"modified":"2026-04-16T02:34:09","modified_gmt":"2026-04-15T23:34:09","slug":"sormagir-mahallesi-hikayeleri","status":"publish","type":"product","link":"https:\/\/roveyayinevi.com.tr\/index.php\/urun\/sormagir-mahallesi-hikayeleri\/","title":{"rendered":"Sormagir Mahallesi Hikayeleri"},"content":{"rendered":"<p>TACETT\u0130N TAC\u0130, Mahpeyker \u00c7\u0131t\u0131rak, \u0130dris Takac\u0131, Safinur Tazenane ve bendeniz, Sormagir Mahallesi, M\u00fcrd\u00fcmeri\u011fi Sokak\u2019ta oturan ve yazlar\u0131 bi t\u00fcrl\u00fc denize gidemeyen \u00e7ocuklar\u0131z&#8230; Asl\u0131nda \u00e7ok \u015fansl\u0131 \u00e7ocuklar\u0131z. K\u0131\u015f\u0131n saatlerce kartopu oynar\u0131z. So\u011fuktan, patl\u0131can gibi morar\u0131r ellerimiz. Baharda b\u00fct\u00fcn \u00e7i\u00e7eklerin a\u00e7t\u0131\u011f\u0131n\u0131 g\u00f6r\u00fcr\u00fcz; papatyalar\u0131n, g\u00fcllerin, mis kokulu karanfillerin ve deve dikenlerinin&#8230; B\u00fct\u00fcn dallar\u0131n ye\u015fillendi\u011fini izler, \u00e7i\u00e7eklenmesini bekler ve koruk erikleri, \u00e7akt\u0131rmadan ceplerimize doldururuz&#8230; Hi\u00e7birimizin cebinde cep telefonu falan olmad\u0131\u011f\u0131ndan; koruk eriklerle cam misketler i\u00e7in, \u00e7ok yer olur&#8230; Kolumuzu baca\u011f\u0131m\u0131z\u0131, en az bir kere ar\u0131 sokar. Karahindibalar\u0131 p\u00fcfler, p\u0131t\u0131raklar\u0131 birbirimizin sa\u00e7\u0131na yap\u0131\u015ft\u0131r\u0131r\u0131z&#8230; Ve \u00f6\u011fleden sonralar\u0131 birden bire bast\u0131ran iri taneli yaz ya\u011fmurlar\u0131yla, bula\u015f\u0131k s\u00fcngeri kadar \u0131slan\u0131r\u0131z&#8230; Su birikintilerinde, iriba\u015flar\u0131n yava\u015f yava\u015f kurba\u011fa olmas\u0131n\u0131 seyrederiz&#8230; Ser\u00e7e yavrular\u0131, g\u00f6z\u00fcm\u00fcz\u00fcn \u00f6n\u00fcnde t\u00fcylenirken, leylekler, dere kenarlar\u0131nda k\u00f6ry\u0131lan avlar. Ve a\u011fa\u00e7lar sonbahar oldu\u011funda, u\u00e7u\u015fan sar\u0131 yapraklar\u0131 toplar, sevdi\u011fimiz kitaplar\u0131n aras\u0131nda, hazineler gibi saklar\u0131z.. Biz ger\u00e7ekten \u015fansl\u0131 \u00e7ocuklar\u0131z! Mevsimleri takvimlerden de\u011fil; \u00e7i\u00e7e\u011finden, b\u00f6ce\u011finden, ba\u011f\u0131ndan bah\u00e7esinden ve a\u011fac\u0131ndan biliriz&#8230; Ihlamur a\u011fac\u0131ndan, erik a\u011fac\u0131ndan, nar a\u011fac\u0131ndan&#8230; Durun bakay\u0131m! Ben size ne anlatacakt\u0131m? Birka\u00e7 hik\u00e2ye anlatacakt\u0131m! Hah! Hat\u0131rlad\u0131m, tamam! <\/p>\n","protected":false},"excerpt":{"rendered":"<p>TACETT\u0130N TAC\u0130, Mahpeyker \u00c7\u0131t\u0131rak, \u0130dris Takac\u0131, Safinur Tazenane ve bendeniz, Sormagir Mahallesi, M\u00fcrd\u00fcmeri\u011fi Sokak\u2019ta oturan ve yazlar\u0131 bi t\u00fcrl\u00fc denize gidemeyen \u00e7ocuklar\u0131z&#8230; Asl\u0131nda \u00e7ok \u015fansl\u0131 \u00e7ocuklar\u0131z.<span class=\"excerpt-hellip\"> [\u2026]<\/span><\/p>\n","protected":false},"featured_media":0,"template":"","meta":{"_monsterinsights_skip_tracking":false,"_monsterinsights_sitenote_active":false,"_monsterinsights_sitenote_note":"","_monsterinsights_sitenote_category":0},"product_brand":[],"product_cat":[12275,12274],"product_tag":[],"class_list":{"0":"post-726512","1":"product","2":"type-product","3":"status-publish","5":"product_cat-6-12-yas-kitaplari","6":"product_cat-cocuk-ve-genclik-kitaplari","7":"pa_cilt-ciltsiz","8":"pa_tur-kitap","9":"pa_yayinevi-ugurbocegi-yayinlari","10":"pa_yazar-ozkan-oze","12":"first","13":"instock","14":"sale","15":"shipping-taxable","16":"purchasable","17":"product-type-simple"},"_links":{"self":[{"href":"https:\/\/roveyayinevi.com.tr\/index.php\/wp-json\/wp\/v2\/product\/726512","targetHints":{"allow":["GET"]}}],"collection":[{"href":"https:\/\/roveyayinevi.com.tr\/index.php\/wp-json\/wp\/v2\/product"}],"about":[{"href":"https:\/\/roveyayinevi.com.tr\/index.php\/wp-json\/wp\/v2\/types\/product"}],"wp:attachment":[{"href":"https:\/\/roveyayinevi.com.tr\/index.php\/wp-json\/wp\/v2\/media?parent=726512"}],"wp:term":[{"taxonomy":"product_brand","embeddable":true,"href":"https:\/\/roveyayinevi.com.tr\/index.php\/wp-json\/wp\/v2\/product_brand?post=726512"},{"taxonomy":"product_cat","embeddable":true,"href":"https:\/\/roveyayinevi.com.tr\/index.php\/wp-json\/wp\/v2\/product_cat?post=726512"},{"taxonomy":"product_tag","embeddable":true,"href":"https:\/\/roveyayinevi.com.tr\/index.php\/wp-json\/wp\/v2\/product_tag?post=726512"}],"curies":[{"name":"wp","href":"https:\/\/api.w.org\/{rel}","templated":true}]}}