{"id":726511,"date":"2025-08-27T20:07:55","date_gmt":"2025-08-27T17:07:55","guid":{"rendered":"https:\/\/roveyayinevi.com.tr\/index.php\/urun\/gunumuz-anneleri-ve-bebekleri-0-3-yas\/"},"modified":"2026-04-16T02:34:09","modified_gmt":"2026-04-15T23:34:09","slug":"gunumuz-anneleri-ve-bebekleri-0-3-yas","status":"publish","type":"product","link":"https:\/\/roveyayinevi.com.tr\/index.php\/urun\/gunumuz-anneleri-ve-bebekleri-0-3-yas\/","title":{"rendered":"G\u00fcn\u00fcm\u00fcz Anneleri Ve Bebekleri (0-3 Ya\u015f)"},"content":{"rendered":"<p>Erken \u00e7ocukluk d\u00f6nemi yani kabaca do\u011fumdan sonra ilk \u00fc\u00e7 y\u0131l \u00e7ocuk geli\u015fimi a\u00e7\u0131s\u0131ndan \u00e7ok \u00f6nemli\u2026 Do\u011fumdan sonra zihinsel, duygusal ve fiziksel geli\u015fimin en h\u0131zl\u0131 oldu\u011fu zamanlar\u2026 Bu s\u00fcre\u00e7te anne baban\u0131n bilin\u00e7 d\u00fczeyleri, toplumlar\u0131 olu\u015fturacak \u00e7ocuklar\u0131n geli\u015fiminde b\u00fcy\u00fck etkiye sahiptir. \u00c7ocu\u011fun toplumunu, k\u00fclt\u00fcr\u00fcn\u00fc anlamas\u0131, sosyalle\u015fmesi ve i\u00e7 disiplini kazanmaya ba\u015flamas\u0131nda da ailenin rol\u00fc b\u00fcy\u00fckt\u00fcr. G\u00fcn\u00fcm\u00fcz anne babalar\u0131 olarak birlikte sohbet ediyoruz \u015fimdi. Asla iddia etmiyoruz, ak\u0131l vermiyoruz, zorlam\u0131yoruz, arz ediyoruz. Be\u011fendi\u011finizi, akl\u0131n\u0131za yatan\u0131, size uygun olan\u0131 se\u00e7ip al\u0131yorsunuz. Zaten di\u011fer t\u00fcrl\u00fcs\u00fc d\u00fc\u015f\u00fcn\u00fclemez \u201cm\u0131\u015f\u201d gibi yaparsan\u0131z, kendinizi zorlarsan\u0131z. Bu durum \u00e7ocu\u011funuzu da sizi de strese sokar. Ebeveynlikte bence en g\u00fczeli do\u011fal ve i\u00e7ten olmak. Biz de \u00f6yle olaca\u011f\u0131z. Ha bir de \u00e7ocuklar\u0131m\u0131za kitap okuma al\u0131\u015fkanl\u0131\u011f\u0131 kazand\u0131rmayla ilgili t\u00fcyolar\u0131m\u0131z var. <\/p>\n","protected":false},"excerpt":{"rendered":"<p>Erken \u00e7ocukluk d\u00f6nemi yani kabaca do\u011fumdan sonra ilk \u00fc\u00e7 y\u0131l \u00e7ocuk geli\u015fimi a\u00e7\u0131s\u0131ndan \u00e7ok \u00f6nemli\u2026 Do\u011fumdan sonra zihinsel, duygusal ve fiziksel geli\u015fimin en h\u0131zl\u0131 oldu\u011fu zamanlar\u2026<span class=\"excerpt-hellip\"> [\u2026]<\/span><\/p>\n","protected":false},"featured_media":0,"template":"","meta":{"_monsterinsights_skip_tracking":false,"_monsterinsights_sitenote_active":false,"_monsterinsights_sitenote_note":"","_monsterinsights_sitenote_category":0},"product_brand":[],"product_cat":[17996,12364],"product_tag":[],"class_list":{"0":"post-726511","1":"product","2":"type-product","3":"status-publish","5":"product_cat-ebeveyn-kitaplari","6":"product_cat-genel-konular","7":"pa_cilt-ciltsiz","8":"pa_tur-kitap","9":"pa_yayinevi-altinordu-yayinlari","10":"pa_yazar-ceren-bilekli","12":"first","13":"instock","14":"sale","15":"shipping-taxable","16":"purchasable","17":"product-type-simple"},"_links":{"self":[{"href":"https:\/\/roveyayinevi.com.tr\/index.php\/wp-json\/wp\/v2\/product\/726511","targetHints":{"allow":["GET"]}}],"collection":[{"href":"https:\/\/roveyayinevi.com.tr\/index.php\/wp-json\/wp\/v2\/product"}],"about":[{"href":"https:\/\/roveyayinevi.com.tr\/index.php\/wp-json\/wp\/v2\/types\/product"}],"wp:attachment":[{"href":"https:\/\/roveyayinevi.com.tr\/index.php\/wp-json\/wp\/v2\/media?parent=726511"}],"wp:term":[{"taxonomy":"product_brand","embeddable":true,"href":"https:\/\/roveyayinevi.com.tr\/index.php\/wp-json\/wp\/v2\/product_brand?post=726511"},{"taxonomy":"product_cat","embeddable":true,"href":"https:\/\/roveyayinevi.com.tr\/index.php\/wp-json\/wp\/v2\/product_cat?post=726511"},{"taxonomy":"product_tag","embeddable":true,"href":"https:\/\/roveyayinevi.com.tr\/index.php\/wp-json\/wp\/v2\/product_tag?post=726511"}],"curies":[{"name":"wp","href":"https:\/\/api.w.org\/{rel}","templated":true}]}}