{"id":726508,"date":"2025-08-27T20:07:53","date_gmt":"2025-08-27T17:07:53","guid":{"rendered":"https:\/\/roveyayinevi.com.tr\/index.php\/urun\/olumun-kisa-bir-tarihi\/"},"modified":"2026-04-16T02:34:09","modified_gmt":"2026-04-15T23:34:09","slug":"olumun-kisa-bir-tarihi","status":"publish","type":"product","link":"https:\/\/roveyayinevi.com.tr\/index.php\/urun\/olumun-kisa-bir-tarihi\/","title":{"rendered":"\u00d6l\u00fcm\u00fcn K\u0131sa Bir Tarihi"},"content":{"rendered":"<p>Arkeologlar\u0131n ve paleoantropologlar\u0131n \u00e7al\u0131\u015fmalar\u0131n\u0131 kullanarak fiziksel kal\u0131nt\u0131lar\u0131 yorumlaman\u0131n bizlere tarih\u00f6ncesi perspektifler hakk\u0131nda nas\u0131l fikir verdi\u011fini inceleyen W.M. Spellman, \u00f6l\u00fcm\u00fc farkl\u0131 zaman dilimlerinde, farkl\u0131 mek\u00e2nlarda, farkl\u0131 k\u00fclt\u00fcrlerde ele al\u0131yor. \u00d6l\u00fcm kavram\u0131n\u0131n tarihin ak\u0131\u015f\u0131 i\u00e7indeki geli\u015fimini hem dinsel hem de sek\u00fcler-bilimsel yakla\u015f\u0131mlara bakarak anlat\u0131yor: Mezopotamya ile M\u0131s\u0131r\u2019daki \u00f6l\u00fcm alg\u0131s\u0131 nas\u0131ld\u0131? Antik Yunan ve Roma filozoflar\u0131 ruh ve beden \u00fczerine neler tart\u0131\u015ft\u0131? Budizm, Hinduizm, Taoizm gibi inan\u00e7 sistemleri ile semavi dinlerin \u00f6l\u00fcm, \u00f6l\u00fc bedenin ak\u0131beti ve \u00f6l\u00fcmden sonra ya\u015fam\u0131n var olup olmad\u0131\u011f\u0131na dair d\u00fc\u015f\u00fcnceleri neydi? \u0130ntihar, \u00f6tenazi, uzun ya\u015fam ve ya\u015fam kalitesi gibi \u00e7a\u011fda\u015f tart\u0131\u015fmalar bug\u00fcn bize ne s\u00f6yl\u00fcyor?\u00d6l\u00fcm\u00fcn K\u0131sa Bir Tarihi, insanl\u0131\u011f\u0131n ilk g\u00fcnlerinden bu yana kendi \u00f6l\u00fcml\u00fcl\u00fc\u011f\u00fcm\u00fcz ve onun olas\u0131 sonraki ya\u015fam formlar\u0131na kar\u015f\u0131 duygu ve tutumlar\u0131m\u0131z hakk\u0131nda geni\u015f bir perspektif sunuyor.<\/p>\n","protected":false},"excerpt":{"rendered":"<p>Arkeologlar\u0131n ve paleoantropologlar\u0131n \u00e7al\u0131\u015fmalar\u0131n\u0131 kullanarak fiziksel kal\u0131nt\u0131lar\u0131 yorumlaman\u0131n bizlere tarih\u00f6ncesi perspektifler hakk\u0131nda nas\u0131l fikir verdi\u011fini inceleyen W.M. Spellman, \u00f6l\u00fcm\u00fc farkl\u0131 zaman dilimlerinde, farkl\u0131 mek\u00e2nlarda, farkl\u0131 k\u00fclt\u00fcrlerde<span class=\"excerpt-hellip\"> [\u2026]<\/span><\/p>\n","protected":false},"featured_media":0,"template":"","meta":{"_monsterinsights_skip_tracking":false,"_monsterinsights_sitenote_active":false,"_monsterinsights_sitenote_note":"","_monsterinsights_sitenote_category":0},"product_brand":[],"product_cat":[12370,12304],"product_tag":[],"class_list":{"0":"post-726508","1":"product","2":"type-product","3":"status-publish","5":"product_cat-arastirma-inceleme","6":"product_cat-tarih","7":"pa_cilt-ciltsiz","8":"pa_tur-kitap","9":"pa_yayinevi-tellekt","10":"pa_yazar-w-m-spellman","12":"first","13":"instock","14":"sale","15":"shipping-taxable","16":"purchasable","17":"product-type-simple"},"_links":{"self":[{"href":"https:\/\/roveyayinevi.com.tr\/index.php\/wp-json\/wp\/v2\/product\/726508","targetHints":{"allow":["GET"]}}],"collection":[{"href":"https:\/\/roveyayinevi.com.tr\/index.php\/wp-json\/wp\/v2\/product"}],"about":[{"href":"https:\/\/roveyayinevi.com.tr\/index.php\/wp-json\/wp\/v2\/types\/product"}],"wp:attachment":[{"href":"https:\/\/roveyayinevi.com.tr\/index.php\/wp-json\/wp\/v2\/media?parent=726508"}],"wp:term":[{"taxonomy":"product_brand","embeddable":true,"href":"https:\/\/roveyayinevi.com.tr\/index.php\/wp-json\/wp\/v2\/product_brand?post=726508"},{"taxonomy":"product_cat","embeddable":true,"href":"https:\/\/roveyayinevi.com.tr\/index.php\/wp-json\/wp\/v2\/product_cat?post=726508"},{"taxonomy":"product_tag","embeddable":true,"href":"https:\/\/roveyayinevi.com.tr\/index.php\/wp-json\/wp\/v2\/product_tag?post=726508"}],"curies":[{"name":"wp","href":"https:\/\/api.w.org\/{rel}","templated":true}]}}