{"id":726496,"date":"2025-08-27T20:07:44","date_gmt":"2025-08-27T17:07:44","guid":{"rendered":"https:\/\/roveyayinevi.com.tr\/index.php\/urun\/tohum-sacan-sapkam\/"},"modified":"2026-04-16T02:34:09","modified_gmt":"2026-04-15T23:34:09","slug":"tohum-sacan-sapkam","status":"publish","type":"product","link":"https:\/\/roveyayinevi.com.tr\/index.php\/urun\/tohum-sacan-sapkam\/","title":{"rendered":"Tohum Sa\u00e7an \u015eapkam"},"content":{"rendered":"<p>Gu\u0308ne\u015f\u2019in tohum sa\u00e7an bir \u015fapkas\u0131 vard\u0131r. \u015eapkas\u0131 g\u00f6kyu\u0308zu\u0308nde su\u0308zu\u0308lu\u0308rken tohumlar teker teker topra\u011fa du\u0308\u015fer, beslenir, bu\u0308yu\u0308rler. Gu\u0308ne\u015f de bize onlar\u0131n neye benzedi\u011fini ve nas\u0131l meyve sebzeye d\u00f6n\u00fc\u015ft\u00fcklerini anlat\u0131r.<\/p>\n","protected":false},"excerpt":{"rendered":"<p>Gu\u0308ne\u015f\u2019in tohum sa\u00e7an bir \u015fapkas\u0131 vard\u0131r. \u015eapkas\u0131 g\u00f6kyu\u0308zu\u0308nde su\u0308zu\u0308lu\u0308rken tohumlar teker teker topra\u011fa du\u0308\u015fer, beslenir, bu\u0308yu\u0308rler. Gu\u0308ne\u015f de bize onlar\u0131n neye benzedi\u011fini ve nas\u0131l meyve sebzeye<span class=\"excerpt-hellip\"> [\u2026]<\/span><\/p>\n","protected":false},"featured_media":0,"template":"","meta":{"_monsterinsights_skip_tracking":false,"_monsterinsights_sitenote_active":false,"_monsterinsights_sitenote_note":"","_monsterinsights_sitenote_category":0},"product_brand":[],"product_cat":[12275,12274],"product_tag":[],"class_list":{"0":"post-726496","1":"product","2":"type-product","3":"status-publish","5":"product_cat-6-12-yas-kitaplari","6":"product_cat-cocuk-ve-genclik-kitaplari","7":"pa_cilt-ciltsiz","8":"pa_tur-kitap","9":"pa_yayinevi-redhouse-kidz-yayinlari","10":"pa_yazar-sima-ozkan","12":"first","13":"instock","14":"sale","15":"shipping-taxable","16":"purchasable","17":"product-type-simple"},"_links":{"self":[{"href":"https:\/\/roveyayinevi.com.tr\/index.php\/wp-json\/wp\/v2\/product\/726496","targetHints":{"allow":["GET"]}}],"collection":[{"href":"https:\/\/roveyayinevi.com.tr\/index.php\/wp-json\/wp\/v2\/product"}],"about":[{"href":"https:\/\/roveyayinevi.com.tr\/index.php\/wp-json\/wp\/v2\/types\/product"}],"wp:attachment":[{"href":"https:\/\/roveyayinevi.com.tr\/index.php\/wp-json\/wp\/v2\/media?parent=726496"}],"wp:term":[{"taxonomy":"product_brand","embeddable":true,"href":"https:\/\/roveyayinevi.com.tr\/index.php\/wp-json\/wp\/v2\/product_brand?post=726496"},{"taxonomy":"product_cat","embeddable":true,"href":"https:\/\/roveyayinevi.com.tr\/index.php\/wp-json\/wp\/v2\/product_cat?post=726496"},{"taxonomy":"product_tag","embeddable":true,"href":"https:\/\/roveyayinevi.com.tr\/index.php\/wp-json\/wp\/v2\/product_tag?post=726496"}],"curies":[{"name":"wp","href":"https:\/\/api.w.org\/{rel}","templated":true}]}}