{"id":726495,"date":"2025-08-27T20:07:44","date_gmt":"2025-08-27T17:07:44","guid":{"rendered":"https:\/\/roveyayinevi.com.tr\/index.php\/urun\/uluslararasi-af-orgutu-adil-yargilanma-kilavuzu\/"},"modified":"2026-04-16T02:34:09","modified_gmt":"2026-04-15T23:34:09","slug":"uluslararasi-af-orgutu-adil-yargilanma-kilavuzu","status":"publish","type":"product","link":"https:\/\/roveyayinevi.com.tr\/index.php\/urun\/uluslararasi-af-orgutu-adil-yargilanma-kilavuzu\/","title":{"rendered":"Uluslararas\u0131 Af \u00d6rg\u00fct\u00fc Adil Yarg\u0131lanma K\u0131lavuzu"},"content":{"rendered":"<p>Herkes hukuka uygun bir \u015fekilde ve adil yarg\u0131lanman\u0131n asgari gereklerini sa\u011flayan yarg\u0131 s\u00fcreci sonucunda mahk\u00fbm edilmedik\u00e7e masum say\u0131lma ve masum muamelesi g\u00f6rme hakk\u0131na sahiptir.\u201d Haklar\u0131n de\u011fil ihlallerin \u00f6ne ge\u00e7ti\u011fi zamanlarda adil yarg\u0131lanma hakk\u0131n\u0131 hat\u0131rlamak ve savunmak \u00f6zel bir \u00f6neme sahip. Uluslararas\u0131 hukukta ayr\u0131nt\u0131l\u0131 bir \u015fekilde d\u00fczenlenmi\u015f ve i\u00e7 hukuklarda kendine yer bulmu\u015f olan adil yarg\u0131lanma hakk\u0131, ki\u015fisel hak ve \u00f6zg\u00fcrl\u00fckler a\u00e7\u0131s\u0131ndan en \u00f6nemli kazan\u0131mlardan biri olma niteli\u011fini ta\u015f\u0131yor. Elinizdeki kitap, Uluslararas\u0131 Af \u00d6rg\u00fct\u00fc\u2019n\u00fcn \u00f6nc\u00fcl\u00fc\u011f\u00fcnde hukuk\u00e7ular ve insan haklar\u0131 savunucular\u0131n\u0131n deste\u011fiyle haz\u0131rlanm\u0131\u015ft\u0131r, \u00e7al\u0131\u015fmadan maksat herkesin adil yarg\u0131lanma konusunda fikir edinmesi, kendi haklar\u0131n\u0131n bilincinde olmas\u0131d\u0131r. Adil yarg\u0131lanma hakk\u0131n\u0131n savunulabilmesi, g\u00fc\u00e7lendirilmesi ve ihlallerin tespit edilebilmesinde yol g\u00f6sterici olma amac\u0131ndaki bu kitapta adil yarg\u0131lanma hakk\u0131, hukuki d\u00fczenlemeler, vaka \u00f6rnekleri ve di\u011fer b\u00fct\u00fcn boyutlar\u0131yla anlat\u0131lmaktad\u0131r&#8230; \u0130hlallerin her ge\u00e7en g\u00fcn artt\u0131\u011f\u0131 g\u00fcn\u00fcm\u00fcz ko\u015fullar\u0131nda herkes i\u00e7in gerekli bir ba\u015fvuru kitab\u0131&#8230; ULUSLARARASI AF \u00d6RG\u00dcT\u00dc \u0130nsan haklar\u0131na sayg\u0131 g\u00f6sterilmesi, insan haklar\u0131 ihlallerinin engellenmesi ve bu haklar\u0131n korunmas\u0131 i\u00e7in \u00e7al\u0131\u015fan insanlar\u0131n olu\u015fturdu\u011fu 3.2 milyondan fazla destek\u00e7i ve \u00fcyesi ile 150 \u00fclke ve b\u00f6lgede faaliyet g\u00f6steren k\u00fcresel bir harekettir. Vizyonu, her insan\u0131n \u0130nsan Haklar\u0131 Evrensel Beyannamesi ve uluslararas\u0131 insan haklar\u0131 standartlar\u0131 taraf\u0131ndan belirlenen insan haklar\u0131na eri\u015febilmesini sa\u011flamakt\u0131r. Her t\u00fcrl\u00fc h\u00fck\u00fcmet, siyasi ideoloji, ekonomik \u00e7\u0131kar ve inan\u00e7tan ba\u011f\u0131ms\u0131z olarak, \u00fcye ve destek\u00e7ilerinin bireysel ba\u011f\u0131\u015flar\u0131yla faaliyet y\u00fcr\u00fctmektedir. <\/p>\n","protected":false},"excerpt":{"rendered":"<p>Herkes hukuka uygun bir \u015fekilde ve adil yarg\u0131lanman\u0131n asgari gereklerini sa\u011flayan yarg\u0131 s\u00fcreci sonucunda mahk\u00fbm edilmedik\u00e7e masum say\u0131lma ve masum muamelesi g\u00f6rme hakk\u0131na sahiptir.\u201d Haklar\u0131n de\u011fil<span class=\"excerpt-hellip\"> [\u2026]<\/span><\/p>\n","protected":false},"featured_media":0,"template":"","meta":{"_monsterinsights_skip_tracking":false,"_monsterinsights_sitenote_active":false,"_monsterinsights_sitenote_note":"","_monsterinsights_sitenote_category":0},"product_brand":[],"product_cat":[15350,17602],"product_tag":[],"class_list":{"0":"post-726495","1":"product","2":"type-product","3":"status-publish","5":"product_cat-hukuk","6":"product_cat-hukuk-uzerine","7":"pa_cilt-ciltsiz","8":"pa_tur-kitap","9":"pa_yayinevi-ayrinti-yayinlari","10":"pa_yazar-ayrinti-yayinlari-kolektif","12":"first","13":"instock","14":"sale","15":"shipping-taxable","16":"purchasable","17":"product-type-simple"},"_links":{"self":[{"href":"https:\/\/roveyayinevi.com.tr\/index.php\/wp-json\/wp\/v2\/product\/726495","targetHints":{"allow":["GET"]}}],"collection":[{"href":"https:\/\/roveyayinevi.com.tr\/index.php\/wp-json\/wp\/v2\/product"}],"about":[{"href":"https:\/\/roveyayinevi.com.tr\/index.php\/wp-json\/wp\/v2\/types\/product"}],"wp:attachment":[{"href":"https:\/\/roveyayinevi.com.tr\/index.php\/wp-json\/wp\/v2\/media?parent=726495"}],"wp:term":[{"taxonomy":"product_brand","embeddable":true,"href":"https:\/\/roveyayinevi.com.tr\/index.php\/wp-json\/wp\/v2\/product_brand?post=726495"},{"taxonomy":"product_cat","embeddable":true,"href":"https:\/\/roveyayinevi.com.tr\/index.php\/wp-json\/wp\/v2\/product_cat?post=726495"},{"taxonomy":"product_tag","embeddable":true,"href":"https:\/\/roveyayinevi.com.tr\/index.php\/wp-json\/wp\/v2\/product_tag?post=726495"}],"curies":[{"name":"wp","href":"https:\/\/api.w.org\/{rel}","templated":true}]}}