{"id":726485,"date":"2025-08-27T20:07:36","date_gmt":"2025-08-27T17:07:36","guid":{"rendered":"https:\/\/roveyayinevi.com.tr\/index.php\/urun\/hirosimadaki-kucuk-cocuk-nagasakideki-sisman-adam\/"},"modified":"2026-04-16T02:34:08","modified_gmt":"2026-04-15T23:34:08","slug":"hirosimadaki-kucuk-cocuk-nagasakideki-sisman-adam","status":"publish","type":"product","link":"https:\/\/roveyayinevi.com.tr\/index.php\/urun\/hirosimadaki-kucuk-cocuk-nagasakideki-sisman-adam\/","title":{"rendered":"Hiro\u015fima\u2019daki K\u00fc\u00e7\u00fck \u00c7ocuk Nagasaki\u2019deki \u015ei\u015fman Adam"},"content":{"rendered":"<p>Amerika Birle\u015fik Devletleri 6 A\u011fustos 1945 Pazartesi g\u00fcn\u00fc Hiro\u015fima yerel saatiyle 08.15\u2019te Uranyum-235 tipi \u2018Little Boy \/ K\u00fc\u00e7\u00fck \u00c7ocuk\u2019 ad\u0131 verilen atom bombas\u0131yla n\u00fckleer sald\u0131r\u0131 ger\u00e7ekle\u015ftirdi. Hiro\u015fima\u2019da yakla\u015f\u0131k 140.000 ki\u015fi ya\u015fam\u0131n\u0131 yitirdi, 100.000 ki\u015fiyi yaralad\u0131. Amerika \u00fc\u00e7 g\u00fcn sonra 9 A\u011fustos 1945 Per\u015fembe g\u00fcn\u00fc Nagasaki yerel saatiyle 11.02\u2019de Pl\u00fctonyum-239 tipi \u2018Fat Man \/ \u015ei\u015fman Adam\u2019 ad\u0131 verilen ikinci bir atom bombas\u0131yla n\u00fckleer sald\u0131r\u0131 ger\u00e7ekle\u015ftirdi. Nagasaki\u2019de yakla\u015f\u0131k 143.124 ki\u015fi ya\u015fam\u0131n\u0131 yitirdi. Patlamadan hemen sonra birka\u00e7 saniye i\u00e7inde ya\u015fam\u0131n\u0131 yitirenler yakla\u015f\u0131k 74 bin ki\u015fiydi. Saniyeler i\u00e7inde ortaya \u00e7\u0131kan \u00fc\u00e7 y\u00fcz bin santigratl\u0131k \u0131s\u0131 \u00fc\u00e7 kilometre \u00e7ap\u0131ndaki her \u015feyi yakt\u0131, saatte bin sekiz y\u00fcz kilometre h\u0131zla esen alev r\u00fczgar\u0131 \u00e7evredeki her \u015feyi y\u0131kt\u0131 patlamadan birka\u00e7 dakika sonra ba\u015flayan ya\u011fmur radyoaktif serpintiyi Hiro\u015fima ve Nagasaki \u00fczerine indirdi.\u2018Hiro\u015fima\u2019daki K\u00fc\u00e7\u00fck \u00c7ocuk, Nagasaki\u2019deki \u015ei\u015fman Adam\u2019 Japonlar\u0131n Pearl Harbor sald\u0131r\u0131s\u0131ndan ba\u015flayarak Hiro\u015fima ve Nagasaki\u2019nin ya\u015fad\u0131\u011f\u0131 iki n\u00fckleer katliam\u0131n roman\u0131.\u201cSekiz\u2019i \u00e7eyrek ge\u00e7e Enola Gay\u2019\u0131n karn\u0131nda ta\u015f\u0131d\u0131\u011f\u0131 K\u00fc\u00e7\u00fck \u00c7ocuk, Aioi K\u00f6pr\u00fcs\u00fc\u2019ne b\u0131rakmak \u00fczereydi, bomba b\u00f6lmesinin kanatlar\u0131 iki yana a\u00e7\u0131ld\u0131, bomba tavana as\u0131l\u0131 oldu\u011fu ba\u011flar\u0131ndan kurtuldu, irtifa yitirerek h\u0131zla hedefine do\u011fru al\u00e7ald\u0131.. Binba\u015f\u0131 Thomas Ferebee\u2019nin heyecanlanarak erken b\u0131rakt\u0131\u011f\u0131 K\u00fc\u00e7\u00fck \u00c7ocuk, hedefini \u0131skalayarak, Aioi K\u00f6pr\u00fcs\u00fcn\u00fcn be\u015f y\u00fcz elli metre uza\u011f\u0131ndaki Shima Klini\u011fi\u2019nin bin dokuz y\u00fcz atm\u0131\u015f sekiz feet y\u00fcksekli\u011finde patlad\u0131\u011f\u0131nda Hiro\u015fima g\u00fczel bir yaz g\u00fcn\u00fcne uyanmak \u00fczereydi.\u201d<\/p>\n","protected":false},"excerpt":{"rendered":"<p>Amerika Birle\u015fik Devletleri 6 A\u011fustos 1945 Pazartesi g\u00fcn\u00fc Hiro\u015fima yerel saatiyle 08.15\u2019te Uranyum-235 tipi \u2018Little Boy \/ K\u00fc\u00e7\u00fck \u00c7ocuk\u2019 ad\u0131 verilen atom bombas\u0131yla n\u00fckleer sald\u0131r\u0131 ger\u00e7ekle\u015ftirdi.<span class=\"excerpt-hellip\"> [\u2026]<\/span><\/p>\n","protected":false},"featured_media":0,"template":"","meta":{"_monsterinsights_skip_tracking":false,"_monsterinsights_sitenote_active":false,"_monsterinsights_sitenote_note":"","_monsterinsights_sitenote_category":0},"product_brand":[],"product_cat":[12291,12745],"product_tag":[],"class_list":{"0":"post-726485","1":"product","2":"type-product","3":"status-publish","5":"product_cat-edebiyat","6":"product_cat-tarihi-roman","7":"pa_cilt-ciltsiz","8":"pa_tur-kitap","9":"pa_yayinevi-japon-yayinlari","10":"pa_yazar-halit-payza","12":"first","13":"instock","14":"sale","15":"shipping-taxable","16":"purchasable","17":"product-type-simple"},"_links":{"self":[{"href":"https:\/\/roveyayinevi.com.tr\/index.php\/wp-json\/wp\/v2\/product\/726485","targetHints":{"allow":["GET"]}}],"collection":[{"href":"https:\/\/roveyayinevi.com.tr\/index.php\/wp-json\/wp\/v2\/product"}],"about":[{"href":"https:\/\/roveyayinevi.com.tr\/index.php\/wp-json\/wp\/v2\/types\/product"}],"wp:attachment":[{"href":"https:\/\/roveyayinevi.com.tr\/index.php\/wp-json\/wp\/v2\/media?parent=726485"}],"wp:term":[{"taxonomy":"product_brand","embeddable":true,"href":"https:\/\/roveyayinevi.com.tr\/index.php\/wp-json\/wp\/v2\/product_brand?post=726485"},{"taxonomy":"product_cat","embeddable":true,"href":"https:\/\/roveyayinevi.com.tr\/index.php\/wp-json\/wp\/v2\/product_cat?post=726485"},{"taxonomy":"product_tag","embeddable":true,"href":"https:\/\/roveyayinevi.com.tr\/index.php\/wp-json\/wp\/v2\/product_tag?post=726485"}],"curies":[{"name":"wp","href":"https:\/\/api.w.org\/{rel}","templated":true}]}}