{"id":726477,"date":"2025-08-27T20:07:30","date_gmt":"2025-08-27T17:07:30","guid":{"rendered":"https:\/\/roveyayinevi.com.tr\/index.php\/urun\/suda-hayat-var\/"},"modified":"2026-04-16T02:34:08","modified_gmt":"2026-04-15T23:34:08","slug":"suda-hayat-var","status":"publish","type":"product","link":"https:\/\/roveyayinevi.com.tr\/index.php\/urun\/suda-hayat-var\/","title":{"rendered":"Suda Hayat Var!"},"content":{"rendered":"<p>\u00c7ocuklar\u0131n \u00e7evremizi ve gezegenimizi korumaya ili\u015fkin duyarl\u0131l\u0131\u011f\u0131n\u0131 art\u0131rmak i\u00e7in kurgulanm\u0131\u015f Ekolojik Hik\u00e2yeler serisi Suda Hayat Var! kitab\u0131yla devam ediyor. Hayalleri ger\u00e7ekle bulu\u015fturan bu kitaplar\u0131 \u00e7ocuklar ilgiyle okuyacak ve do\u011fa konusunda daha bilin\u00e7li hale gelecekler.  Kral Pepen\u2019in \u015fatosunun arkas\u0131nda a\u011fa\u00e7larla \u00e7evrili bir g\u00f6l bulunuyordu. Prenses Klemantin g\u00f6l\u00fcn k\u0131y\u0131s\u0131nda oynamaktan \u00e7ok ho\u015flan\u0131yor, ba\u015frol\u00fcnde hayvanlar\u0131n oldu\u011fu maceralar hayal ediyordu. Gel g\u00f6r ki Kral Pepen\u2019in g\u00f6lle ilgili planlar\u0131 vard\u0131. G\u00f6ldeki bitkilerin temizlenip k\u0131y\u0131ya yepyeni bir teras in\u015fa edilmesini emretmi\u015fti. Bu plan do\u011fan\u0131n dengesinin bozulmas\u0131ndan endi\u015fe eden Klemantin\u2019in hi\u00e7 ho\u015funa gitmedi. Bakal\u0131m Prenses Klemantin bu soruna \u00e7\u00f6z\u00fcm bulabilecek mi? <\/p>\n","protected":false},"excerpt":{"rendered":"<p>\u00c7ocuklar\u0131n \u00e7evremizi ve gezegenimizi korumaya ili\u015fkin duyarl\u0131l\u0131\u011f\u0131n\u0131 art\u0131rmak i\u00e7in kurgulanm\u0131\u015f Ekolojik Hik\u00e2yeler serisi Suda Hayat Var! kitab\u0131yla devam ediyor. Hayalleri ger\u00e7ekle bulu\u015fturan bu kitaplar\u0131 \u00e7ocuklar ilgiyle<span class=\"excerpt-hellip\"> [\u2026]<\/span><\/p>\n","protected":false},"featured_media":0,"template":"","meta":{"_monsterinsights_skip_tracking":false,"_monsterinsights_sitenote_active":false,"_monsterinsights_sitenote_note":"","_monsterinsights_sitenote_category":0},"product_brand":[],"product_cat":[12913,12274],"product_tag":[],"class_list":{"0":"post-726477","1":"product","2":"type-product","3":"status-publish","5":"product_cat-3-6-yas-kitaplari","6":"product_cat-cocuk-ve-genclik-kitaplari","7":"pa_cilt-ciltsiz","8":"pa_tur-kitap","9":"pa_yayinevi-yapi-kredi-yayinlari","10":"pa_yazar-jean-pierre-guillet","12":"first","13":"instock","14":"sale","15":"shipping-taxable","16":"purchasable","17":"product-type-simple"},"_links":{"self":[{"href":"https:\/\/roveyayinevi.com.tr\/index.php\/wp-json\/wp\/v2\/product\/726477","targetHints":{"allow":["GET"]}}],"collection":[{"href":"https:\/\/roveyayinevi.com.tr\/index.php\/wp-json\/wp\/v2\/product"}],"about":[{"href":"https:\/\/roveyayinevi.com.tr\/index.php\/wp-json\/wp\/v2\/types\/product"}],"wp:attachment":[{"href":"https:\/\/roveyayinevi.com.tr\/index.php\/wp-json\/wp\/v2\/media?parent=726477"}],"wp:term":[{"taxonomy":"product_brand","embeddable":true,"href":"https:\/\/roveyayinevi.com.tr\/index.php\/wp-json\/wp\/v2\/product_brand?post=726477"},{"taxonomy":"product_cat","embeddable":true,"href":"https:\/\/roveyayinevi.com.tr\/index.php\/wp-json\/wp\/v2\/product_cat?post=726477"},{"taxonomy":"product_tag","embeddable":true,"href":"https:\/\/roveyayinevi.com.tr\/index.php\/wp-json\/wp\/v2\/product_tag?post=726477"}],"curies":[{"name":"wp","href":"https:\/\/api.w.org\/{rel}","templated":true}]}}