{"id":726473,"date":"2025-08-27T20:07:26","date_gmt":"2025-08-27T17:07:26","guid":{"rendered":"https:\/\/roveyayinevi.com.tr\/index.php\/urun\/bir-balina-bir-bavula-nasil-sigar-ciltli\/"},"modified":"2026-04-16T02:34:08","modified_gmt":"2026-04-15T23:34:08","slug":"bir-balina-bir-bavula-nasil-sigar-ciltli","status":"publish","type":"product","link":"https:\/\/roveyayinevi.com.tr\/index.php\/urun\/bir-balina-bir-bavula-nasil-sigar-ciltli\/","title":{"rendered":"Bir Balina Bir Bavula Nas\u0131l S\u0131\u011far (Ciltli)"},"content":{"rendered":"<p>Neredeyse her \u015fey i\u00e7in bir bavul var. Paltolar, kemanlar, d\u00fcrb\u00fcnler, \u015fi\u015feler&#8230; Ama hi\u00e7bir bavul an\u0131lar\u0131m\u0131z\u0131 saklayabilecek kadar b\u00fcy\u00fck de\u011fil. D\u00f6n\u00fc\u015f tarihi olmayan bir yolculuk yapmak i\u00e7in evinizden \u00e7\u0131kmak zorunda olsayd\u0131n\u0131z, ne yapard\u0131n\u0131z? <\/p>\n","protected":false},"excerpt":{"rendered":"<p>Neredeyse her \u015fey i\u00e7in bir bavul var. Paltolar, kemanlar, d\u00fcrb\u00fcnler, \u015fi\u015feler&#8230; Ama hi\u00e7bir bavul an\u0131lar\u0131m\u0131z\u0131 saklayabilecek kadar b\u00fcy\u00fck de\u011fil. D\u00f6n\u00fc\u015f tarihi olmayan bir yolculuk yapmak i\u00e7in<span class=\"excerpt-hellip\"> [\u2026]<\/span><\/p>\n","protected":false},"featured_media":0,"template":"","meta":{"_monsterinsights_skip_tracking":false,"_monsterinsights_sitenote_active":false,"_monsterinsights_sitenote_note":"","_monsterinsights_sitenote_category":0},"product_brand":[],"product_cat":[12274,12631],"product_tag":[],"class_list":{"0":"post-726473","1":"product","2":"type-product","3":"status-publish","5":"product_cat-cocuk-ve-genclik-kitaplari","6":"product_cat-diger-cocuk-ve-genclik-kitaplari","7":"pa_cilt-ciltli","8":"pa_tur-kitap","9":"pa_yayinevi-ketebe-yayinlari","10":"pa_yazar-guridi","12":"first","13":"instock","14":"sale","15":"shipping-taxable","16":"purchasable","17":"product-type-simple"},"_links":{"self":[{"href":"https:\/\/roveyayinevi.com.tr\/index.php\/wp-json\/wp\/v2\/product\/726473","targetHints":{"allow":["GET"]}}],"collection":[{"href":"https:\/\/roveyayinevi.com.tr\/index.php\/wp-json\/wp\/v2\/product"}],"about":[{"href":"https:\/\/roveyayinevi.com.tr\/index.php\/wp-json\/wp\/v2\/types\/product"}],"wp:attachment":[{"href":"https:\/\/roveyayinevi.com.tr\/index.php\/wp-json\/wp\/v2\/media?parent=726473"}],"wp:term":[{"taxonomy":"product_brand","embeddable":true,"href":"https:\/\/roveyayinevi.com.tr\/index.php\/wp-json\/wp\/v2\/product_brand?post=726473"},{"taxonomy":"product_cat","embeddable":true,"href":"https:\/\/roveyayinevi.com.tr\/index.php\/wp-json\/wp\/v2\/product_cat?post=726473"},{"taxonomy":"product_tag","embeddable":true,"href":"https:\/\/roveyayinevi.com.tr\/index.php\/wp-json\/wp\/v2\/product_tag?post=726473"}],"curies":[{"name":"wp","href":"https:\/\/api.w.org\/{rel}","templated":true}]}}