{"id":726467,"date":"2025-08-27T20:07:21","date_gmt":"2025-08-27T17:07:21","guid":{"rendered":"https:\/\/roveyayinevi.com.tr\/index.php\/urun\/kavramlari-ilkeleri-ve-uygulamalariyla-egitimde-olcme-ve-degerlendirme\/"},"modified":"2026-04-16T02:34:08","modified_gmt":"2026-04-15T23:34:08","slug":"kavramlari-ilkeleri-ve-uygulamalariyla-egitimde-olcme-ve-degerlendirme","status":"publish","type":"product","link":"https:\/\/roveyayinevi.com.tr\/index.php\/urun\/kavramlari-ilkeleri-ve-uygulamalariyla-egitimde-olcme-ve-degerlendirme\/","title":{"rendered":"Kavramlar\u0131 \u0130lkeleri ve Uygulamalar\u0131yla E\u011fitimde \u00d6l\u00e7me ve De\u011ferlendirme"},"content":{"rendered":"<p>Kavramlar\u0131, \u0130lkeleri ve Uygulamalar\u0131yla E\u011fitimde \u00d6l\u00e7me ve De\u011ferlendirme kitab\u0131, \u201cate\u015f yakar\u201d demez, \u201cate\u015fin ni\u00e7in yakt\u0131\u011f\u0131n\u0131\u201d a\u00e7\u0131klayabilme \u00e7abas\u0131yla yazar\u0131n sat\u0131r aralar\u0131nda bulundu\u011fu bir kitapt\u0131r.   Kavramlar\u0131, \u0130lkeleri ve Uygulamalar\u0131yla E\u011fitimde \u00d6l\u00e7me ve De\u011ferlendirme kitab\u0131, s\u0131navlara haz\u0131rl\u0131k kitab\u0131 de\u011fildir; test kitab\u0131 hi\u00e7 de\u011fildir. Kavramlar\u0131, \u0130lkeleri ve Uygulamalar\u0131yla E\u011fitimde \u00d6l\u00e7me ve De\u011ferlendirme kitab\u0131, hap bilgiler sunmaz, k\u0131sa yol re\u00e7eteleri \u00f6nermez.   Kavramlar\u0131, \u0130lkeleri ve Uygulamalar\u0131yla E\u011fitimde \u00d6l\u00e7me ve De\u011ferlendirme kitab\u0131, kaynaklar\u0131 okuyucuya boca etmez; kaynaklar\u0131 salt aktaran bir ba\u015fvuru kitab\u0131 de\u011fildir.   Kavramlar\u0131, \u0130lkeleri ve Uygulamalar\u0131yla E\u011fitimde \u00d6l\u00e7me ve De\u011ferlendirme kitab\u0131, insan\u0131n d\u00fc\u015f\u00fcnd\u00fcklerini konu\u015fabilme yetisine binaen ele\u015ftiriye, ele\u015ftirilmeye a\u00e7\u0131k bir davettir. <\/p>\n","protected":false},"excerpt":{"rendered":"<p>Kavramlar\u0131, \u0130lkeleri ve Uygulamalar\u0131yla E\u011fitimde \u00d6l\u00e7me ve De\u011ferlendirme kitab\u0131, \u201cate\u015f yakar\u201d demez, \u201cate\u015fin ni\u00e7in yakt\u0131\u011f\u0131n\u0131\u201d a\u00e7\u0131klayabilme \u00e7abas\u0131yla yazar\u0131n sat\u0131r aralar\u0131nda bulundu\u011fu bir kitapt\u0131r. Kavramlar\u0131, \u0130lkeleri ve<span class=\"excerpt-hellip\"> [\u2026]<\/span><\/p>\n","protected":false},"featured_media":0,"template":"","meta":{"_monsterinsights_skip_tracking":false,"_monsterinsights_sitenote_active":false,"_monsterinsights_sitenote_note":"","_monsterinsights_sitenote_category":0},"product_brand":[],"product_cat":[12573,12566],"product_tag":[],"class_list":{"0":"post-726467","1":"product","2":"type-product","3":"status-publish","5":"product_cat-akademik-kitaplar","6":"product_cat-egitim","7":"pa_cilt-ciltsiz","8":"pa_tur-kitap","9":"pa_yayinevi-parantez-yayincilik","10":"pa_yazar-tulin-otbicer-acar","12":"first","13":"instock","14":"sale","15":"shipping-taxable","16":"purchasable","17":"product-type-simple"},"_links":{"self":[{"href":"https:\/\/roveyayinevi.com.tr\/index.php\/wp-json\/wp\/v2\/product\/726467","targetHints":{"allow":["GET"]}}],"collection":[{"href":"https:\/\/roveyayinevi.com.tr\/index.php\/wp-json\/wp\/v2\/product"}],"about":[{"href":"https:\/\/roveyayinevi.com.tr\/index.php\/wp-json\/wp\/v2\/types\/product"}],"wp:attachment":[{"href":"https:\/\/roveyayinevi.com.tr\/index.php\/wp-json\/wp\/v2\/media?parent=726467"}],"wp:term":[{"taxonomy":"product_brand","embeddable":true,"href":"https:\/\/roveyayinevi.com.tr\/index.php\/wp-json\/wp\/v2\/product_brand?post=726467"},{"taxonomy":"product_cat","embeddable":true,"href":"https:\/\/roveyayinevi.com.tr\/index.php\/wp-json\/wp\/v2\/product_cat?post=726467"},{"taxonomy":"product_tag","embeddable":true,"href":"https:\/\/roveyayinevi.com.tr\/index.php\/wp-json\/wp\/v2\/product_tag?post=726467"}],"curies":[{"name":"wp","href":"https:\/\/api.w.org\/{rel}","templated":true}]}}