{"id":726460,"date":"2025-08-27T20:07:15","date_gmt":"2025-08-27T17:07:15","guid":{"rendered":"https:\/\/roveyayinevi.com.tr\/index.php\/urun\/denemeler-makaleler-elestiriler\/"},"modified":"2026-04-16T02:34:08","modified_gmt":"2026-04-15T23:34:08","slug":"denemeler-makaleler-elestiriler","status":"publish","type":"product","link":"https:\/\/roveyayinevi.com.tr\/index.php\/urun\/denemeler-makaleler-elestiriler\/","title":{"rendered":"Denemeler Makaleler Ele\u015ftiriler"},"content":{"rendered":"<p>\u201cEdebiyat\u0131n hayal mahsul\u00fc olmas\u0131 ve hayallerle ilgilenmesi, ger\u00e7eklere dayanmamas\u0131 ve fikirleri de kesin bir \u015fekilde ele almamas\u0131 nedeniyle hor g\u00f6r\u00fclmesi gerekti\u011fi y\u00f6n\u00fcnde bir beyan, d\u00fcped\u00fcz deli sa\u00e7mas\u0131d\u0131r.\u201d   James Joyce\u2019un kurgud\u0131\u015f\u0131 yaz\u0131lar\u0131 estetik, bas\u0131n\u0131n g\u00f6revi, sans\u00fcr, \u0130rlanda k\u00fclt\u00fcr tarihi, \u0130ngiliz dili ve imparatorlu\u011fu gibi pek \u00e7ok konuyu ele al\u0131yor. Bu derlemede Joyce\u2019un gazete yaz\u0131lar\u0131, kitap ele\u015ftirileri ve halk\u0131 bilin\u00e7lendirmek amac\u0131yla yazd\u0131\u011f\u0131 siyasi denemeleri bir araya geliyor. Joyce\u2019un \u00f6mr\u00fcn\u00fcn yakla\u015f\u0131k k\u0131rk y\u0131l\u0131n\u0131 kapsayan bu yaz\u0131lar onun siyasete dair \u00f6nemli fikir de\u011fi\u015fikliklerini, edebiyat ve tarih aras\u0131ndaki ili\u015fkiye dair d\u00fc\u015f\u00fcncelerini, \u00e7ok de\u011fer verdi\u011fi Ibsen, Defoe, Wilde ve Blake gibi yazarlara dair hislerini derinlemesine ele al\u0131yor.   Buradaki metinler ayr\u0131ca Joyce\u2019un Dublinliler\u2019den Sanat\u00e7\u0131n\u0131n Gen\u00e7lik Portresi\u2019ne ve hatta Ulysses\u2019in ilk taslaklar\u0131na kadarki yazma s\u00fcrecini ayd\u0131nlat\u0131p bu s\u00fcre\u00e7te metinlerin ge\u00e7irdikleri de\u011fi\u015fimleri g\u00fcny\u00fcz\u00fcne \u00e7\u0131kar\u0131yor. Onlarca yaz\u0131n\u0131n birlikte sunuldu\u011fu bu edisyona hem a\u00e7\u0131klay\u0131c\u0131 hem de ele\u015ftirel y\u00fczlerce dipnot e\u015flik ediyor.  <\/p>\n","protected":false},"excerpt":{"rendered":"<p>\u201cEdebiyat\u0131n hayal mahsul\u00fc olmas\u0131 ve hayallerle ilgilenmesi, ger\u00e7eklere dayanmamas\u0131 ve fikirleri de kesin bir \u015fekilde ele almamas\u0131 nedeniyle hor g\u00f6r\u00fclmesi gerekti\u011fi y\u00f6n\u00fcnde bir beyan, d\u00fcped\u00fcz deli<span class=\"excerpt-hellip\"> [\u2026]<\/span><\/p>\n","protected":false},"featured_media":0,"template":"","meta":{"_monsterinsights_skip_tracking":false,"_monsterinsights_sitenote_active":false,"_monsterinsights_sitenote_note":"","_monsterinsights_sitenote_category":0},"product_brand":[],"product_cat":[12291,12610],"product_tag":[],"class_list":{"0":"post-726460","1":"product","2":"type-product","3":"status-publish","5":"product_cat-edebiyat","6":"product_cat-elestiri-inceleme-kuram","7":"pa_cilt-ciltsiz","8":"pa_tur-kitap","9":"pa_yayinevi-ithaki-yayinlari","10":"pa_yazar-james-joyce","12":"first","13":"instock","14":"sale","15":"shipping-taxable","16":"purchasable","17":"product-type-simple"},"_links":{"self":[{"href":"https:\/\/roveyayinevi.com.tr\/index.php\/wp-json\/wp\/v2\/product\/726460","targetHints":{"allow":["GET"]}}],"collection":[{"href":"https:\/\/roveyayinevi.com.tr\/index.php\/wp-json\/wp\/v2\/product"}],"about":[{"href":"https:\/\/roveyayinevi.com.tr\/index.php\/wp-json\/wp\/v2\/types\/product"}],"wp:attachment":[{"href":"https:\/\/roveyayinevi.com.tr\/index.php\/wp-json\/wp\/v2\/media?parent=726460"}],"wp:term":[{"taxonomy":"product_brand","embeddable":true,"href":"https:\/\/roveyayinevi.com.tr\/index.php\/wp-json\/wp\/v2\/product_brand?post=726460"},{"taxonomy":"product_cat","embeddable":true,"href":"https:\/\/roveyayinevi.com.tr\/index.php\/wp-json\/wp\/v2\/product_cat?post=726460"},{"taxonomy":"product_tag","embeddable":true,"href":"https:\/\/roveyayinevi.com.tr\/index.php\/wp-json\/wp\/v2\/product_tag?post=726460"}],"curies":[{"name":"wp","href":"https:\/\/api.w.org\/{rel}","templated":true}]}}