{"id":726448,"date":"2025-08-27T20:07:04","date_gmt":"2025-08-27T17:07:04","guid":{"rendered":"https:\/\/roveyayinevi.com.tr\/index.php\/urun\/cikmazlar-karsisinda-burokrasi-ve-otesi\/"},"modified":"2026-04-16T02:34:07","modified_gmt":"2026-04-15T23:34:07","slug":"cikmazlar-karsisinda-burokrasi-ve-otesi","status":"publish","type":"product","link":"https:\/\/roveyayinevi.com.tr\/index.php\/urun\/cikmazlar-karsisinda-burokrasi-ve-otesi\/","title":{"rendered":"\u00c7\u0131kmazlar Kar\u015f\u0131s\u0131nda B\u00fcrokrasi ve \u00d6tesi"},"content":{"rendered":"<p>\u0130\u00e7indekiler  G\u0130R\u0130\u015e B\u0130R\u0130NC\u0130 B\u00d6L\u00dcM: B\u00fcrokrasi \u0130K\u0130NC\u0130 B\u00d6L\u00dcM: B\u00fcrokrasinin Tarihsel Arka Plan\u0131 \u00dc\u00c7\u00dcNC\u00dc B\u00d6L\u00dcM: B\u00fcrokraside \u00c7\u0131kmazlar ve Y\u00f6n Aray\u0131\u015flar\u0131 D\u00d6RD\u00dcNC\u00dc B\u00d6L\u00dcM: Sona Do\u011fru B\u00fcrokrasi BE\u015e\u0130NC\u0130 B\u00d6L\u00dcM: B\u00fcrokratik \u00c7\u0131kmazlara Yeni Aray\u0131\u015flar ALTINCI B\u00d6L\u00dcM: B\u00fcrokrasi Sonras\u0131? YED\u0130NC\u0130 B\u00d6L\u00dcM: Neo Weberyan Devlet SEK\u0130Z\u0130NC\u0130 B\u00d6L\u00dcM: Kamu De\u011feri Y\u00f6netimi DOKUZUNCU B\u00d6L\u00dcM: Yeni Kamu Y\u00f6neti\u015fimi ONUNCU B\u00d6L\u00dcM: Dijital \u00c7a\u011f Y\u00f6neti\u015fimi <\/p>\n","protected":false},"excerpt":{"rendered":"<p>\u0130\u00e7indekiler G\u0130R\u0130\u015e B\u0130R\u0130NC\u0130 B\u00d6L\u00dcM: B\u00fcrokrasi \u0130K\u0130NC\u0130 B\u00d6L\u00dcM: B\u00fcrokrasinin Tarihsel Arka Plan\u0131 \u00dc\u00c7\u00dcNC\u00dc B\u00d6L\u00dcM: B\u00fcrokraside \u00c7\u0131kmazlar ve Y\u00f6n Aray\u0131\u015flar\u0131 D\u00d6RD\u00dcNC\u00dc B\u00d6L\u00dcM: Sona Do\u011fru B\u00fcrokrasi BE\u015e\u0130NC\u0130 B\u00d6L\u00dcM: B\u00fcrokratik<span class=\"excerpt-hellip\"> [\u2026]<\/span><\/p>\n","protected":false},"featured_media":0,"template":"","meta":{"_monsterinsights_skip_tracking":false,"_monsterinsights_sitenote_active":false,"_monsterinsights_sitenote_note":"","_monsterinsights_sitenote_category":0},"product_brand":[],"product_cat":[12337,14706],"product_tag":[],"class_list":{"0":"post-726448","1":"product","2":"type-product","3":"status-publish","5":"product_cat-politika-siyaset","6":"product_cat-siyaset-bilimi","7":"pa_cilt-ciltsiz","8":"pa_tur-kitap","9":"pa_yayinevi-gazi-kitabevi","10":"pa_yazar-mehmet-akif-ozer-ibrahim-irdem","12":"first","13":"instock","14":"sale","15":"shipping-taxable","16":"purchasable","17":"product-type-simple"},"_links":{"self":[{"href":"https:\/\/roveyayinevi.com.tr\/index.php\/wp-json\/wp\/v2\/product\/726448","targetHints":{"allow":["GET"]}}],"collection":[{"href":"https:\/\/roveyayinevi.com.tr\/index.php\/wp-json\/wp\/v2\/product"}],"about":[{"href":"https:\/\/roveyayinevi.com.tr\/index.php\/wp-json\/wp\/v2\/types\/product"}],"wp:attachment":[{"href":"https:\/\/roveyayinevi.com.tr\/index.php\/wp-json\/wp\/v2\/media?parent=726448"}],"wp:term":[{"taxonomy":"product_brand","embeddable":true,"href":"https:\/\/roveyayinevi.com.tr\/index.php\/wp-json\/wp\/v2\/product_brand?post=726448"},{"taxonomy":"product_cat","embeddable":true,"href":"https:\/\/roveyayinevi.com.tr\/index.php\/wp-json\/wp\/v2\/product_cat?post=726448"},{"taxonomy":"product_tag","embeddable":true,"href":"https:\/\/roveyayinevi.com.tr\/index.php\/wp-json\/wp\/v2\/product_tag?post=726448"}],"curies":[{"name":"wp","href":"https:\/\/api.w.org\/{rel}","templated":true}]}}

Çıkmazlar Karşısında Bürokrasi ve Ötesi

<p>İçindekiler  GİRİŞ BİRİNCİ BÖLÜM: Bürokrasi İKİNCİ BÖLÜM: Bürokrasinin Tarihsel Arka Planı ÜÇÜNCÜ BÖLÜM: Bürokraside Çıkmazlar ve Yön Arayışları DÖRDÜNCÜ BÖLÜM: Sona Doğru Bürokrasi BEŞİNCİ BÖLÜM: Bürokratik Çıkmazlara Yeni Arayışlar ALTINCI BÖLÜM: Bürokrasi Sonrası? YEDİNCİ BÖLÜM: Neo Weberyan Devlet SEKİZİNCİ BÖLÜM: Kamu Değeri Yönetimi DOKUZUNCU BÖLÜM: Yeni Kamu Yönetişimi ONUNCU BÖLÜM: Dijital Çağ Yönetişimi </p>

<p>İçindekiler GİRİŞ BİRİNCİ BÖLÜM: Bürokrasi İKİNCİ BÖLÜM: Bürokrasinin Tarihsel Arka Planı ÜÇÜNCÜ BÖLÜM: Bürokraside Çıkmazlar ve Yön Arayışları DÖRDÜNCÜ BÖLÜM: Sona Doğru Bürokrasi BEŞİNCİ BÖLÜM: Bürokratik<span class="excerpt-hellip"> […]</span></p>
